{"text_format":"1","workbook":"xlsx","n_sheets":6,"sheets":["Titulní list","Zadání vstupních údajů","Výpis","Mezi výpočty","Parametry-vodiče,lana,KZL,SDOK","Data-námraza,vítr,součinitelé"],"not_rendered":{"charts":1,"images":0,"macros":1,"external_links":0,"defined_names":3,"comments":1,"pivot_tables":0},"unopened":[],"bounds":{"document_bytes":16777216,"sheet_cells":100000,"rows_first":2000,"rows_last":500,"rows_between":2000,"halvings":0,"cell_chars":16384,"cell_head_chars":4096},"cells_cut":0,"cells_raw":0,"read":"whole","date_system":"1900"}

{"sheet":"Titulní list","index":0,"n_rows":13,"n_cols":2,"rows_kept":13,"cut":false,"hidden":false,"merged":[[6,0,6,1],[0,0,2,1]]}
["Výpočet montážních tabulek s průhybem vedení"]
[]
[]
["Zpracoval:","Bc. Kamil Mádle"]
["Aktualizace:","2021-08-10"]
[]
["Manuál"]
["Karta:","Popis:"]
["Zadání vstupních údajů","Tato karta slouží k nastavení použitých lan, vstupních parametrů navrhovaného vedení a zvolení námrazových a větrných oblastí. V této kartě se nastavují pouze údaje v kolonkách a ovládacích prvcích, které jsou podbarvené zeleně. Na základě zadaných vstupních údajů dojde k výpočtům a následně k sestavení montážních tabulek a grafu v kartě výpis. Pro výpočet je nutné zvolit si typ lan nebo kabelů, dále je nutné si zvolit vstupní stavy jako je úroveň spolehlivosti, počáteční teplota, namáhání, námrazová oblast, větrná oblast a oblast terénu. Pro výpočet je nutné stanovit rozpětí PB, nadmořskou výšku umístění PB a výšku uchycení lan nebo kabelů na PB. "]
["Výpis","V této kartě jsou z provedených výpočtů sestaveny montážní tabulky pro vodiče a také pro zemnící lana, KZL nebo SDOK. Dále jsou v této kartě sepsány základní nastavené údaje a zvolené parametry lan z karty \"Zadání vstupních údajů\". V této kartě je dále zobrazen graf s vykreslenýma řetězovkama pro nastavené lana a důležité zatěžovací stavy."]
["Mezi výpočty","V této kartě jsou zobrazeny výpočty, které jsou nutné pro sestavení montážních tabulek a sestavení grafu \"Průhyb vedení - podélný profil\"."]
["Parametry-vodiče, lana, KZL,SDOK","V této kartě jsou sepsány data a parametry standardně používaných vodičů, lan, KZL a SDOK pro venkovní vedení VN. Tyto data a parametry jsou získány z katalogových listů. Tyto údaje slouží přímo pro výpočet. "]
["Data-námraza, vítr, součinitelé","V této kartě jsou sepsány údaje k námrazovým a větným oblastem i s dalšími součinitely vycházejících z příslušných norem. Tyto údaje slouží přímo pro výpočet. "]

{"sheet":"Zadání vstupních údajů","index":1,"n_rows":40,"n_cols":15,"rows_kept":40,"cut":false,"hidden":false,"merged":[[34,10,34,14],[1,10,3,10],[4,10,6,10],[28,10,28,14],[13,10,14,11],[24,10,25,11],[26,10,27,11],[27,1,28,1],[7,6,7,8],[15,10,15,14],[12,10,12,14],[4,2,4,4],[19,2,19,4],[10,6,10,8],[19,10,19,14],[23,10,23,14],[1,1,1,4],[16,1,16,4],[1,6,1,8],[12,1,13,1],[2,6,3,6]]}
[]
[null,"Vstupní údaje - Vodiče",null,null,null,null,"Vstupní stav - pro výpočty",null,null,null,"Levý PB     ","Nadmořská výška PB",null,445.2,"m"]
[null,null,24,null,null,null,"Úroveň spolehlivosti:",1,null," ",null,"Výška uchycení vodiče",null,10.5,"m"]
[null,null,null,null,null,null,null,null,null,null,null,"Výška uchycení lan, KZL nebo SDOK",null,8.5,"m"]
[null,"Typ lana:",{"$f":"INDEX('Parametry-vodiče,lana,KZL,SDOK'!$A$3:$H$40,$C$3,1)","v":"110-AL1/22-ST1A"},null,{"$f":"INDEX('Parametry-vodiče,lana,KZL,SDOK'!$A$4:$H$40,$C$3,2)","v":16.88},null,"Součinitel místních podmínek:",1,"KIc [-]",null,"Pravý PB   ","Nadmořská výška PB",null,436,"m"]
[null,"Průměr:",{"$f":"INDEX('Parametry-vodiče,lana,KZL,SDOK'!$A$3:$H$40,$C$3,2)","v":14.96},"d [mm]",null,null,"Součinitel výšky:",1,"Kh [-]",null,null,"Výška uchycení vodiče",null,10.5,"m"]
[null,"Průřez:",{"$f":"INDEX('Parametry-vodiče,lana,KZL,SDOK'!$A$3:$H$40,$C$3,3)","v":132.33000000000001},"S [mm2]",null,null,"Počáteční teplota:",-5,"t [°C]",null,null,"Výška uchycení lan, KZL nebo SDOK",null,8.5,"m"]
[null,"Hmotnost vodiče:",{"$f":"INDEX('Parametry-vodiče,lana,KZL,SDOK'!$A$3:$H$40,$C$3,4)","v":476.9},"m [kg.km-1]",null,null,"Vstupní stav - pro výpočty vodičů",null,null,null,"Převýšní vodiče",null,null,{"$f":"(N5+N6)-(N2+N3)","v":-9.1999999999999886},"m"]
[null,"Měrná tíha:",{"$f":"INDEX('Parametry-vodiče,lana,KZL,SDOK'!$A$3:$H$40,$C$3,8)","v":3.5341883057507739E-2},"γ [N.m-1.mm-2]",null,null,"Počáteční namáhání:",30,"σpoc[Mpa]",null,"Převýšení lana, KZL nebo SDOK",null,null,{"$f":"(N5+N7)-(N2+N4)","v":-9.1999999999999886},"m"]
[null,"Modul pružnosti:",{"$f":"INDEX('Parametry-vodiče,lana,KZL,SDOK'!$A$3:$H$40,$C$3,6)","v":77400},"E [Mpa]",null,null,"Horiz. tah:",{"$f":"(H9*C7)","v":3969.9000000000005},"F [N]",null,"Referenční výška - vodiče",null,null,{"$f":"IF(AND('Zadání vstupních údajů'!N6<=24,'Zadání vstupních údajů'!N3<=24),'Data-námraza,vítr,součinitelé'!$U$15,'Data-námraza,vítr,součinitelé'!$U$16)","v":10},"m"]
[null,"Souč. teplotní rozt.:",{"$f":"INDEX('Parametry-vodiče,lana,KZL,SDOK'!$A$3:$H$40,$C$3,7)*10^(-5)","v":1.8300000000000001E-5},"α [K-1]",null,null,"Vstupní stav - pro výpočty lan a kabelů",null,null,null,"Referenční výška - lana, KZL nebo SDOK",null,null,{"$f":"IF(AND('Zadání vstupních údajů'!N7<=24,'Zadání vstupních údajů'!N4<=24),'Data-námraza,vítr,součinitelé'!$U$15,'Data-námraza,vítr,součinitelé'!$U$16)","v":10},"m"]
[null,"Zaručená pevnost:",{"$f":"INDEX('Parametry-vodiče,lana,KZL,SDOK'!$A$3:$H$40,$C$3,5)","v":45590},"F [N]",null,null,"Počáteční namáhání:",20,"σpoc [Mpa]",null,"Rozpětí",null,null,110,"m"]
[null,"Dovolený tah:",65,"%",null,null,"Horizontální tah:",{"$f":"(H12*C22)","v":3560},"F [N]",null,"Zatížení námrazou"]
[null,null,{"$f":"C12*C13*0.01","v":29633.5},"Fdov [N]",null,null,null,null,null,null,"Námrazová oblast",null,null,4]
[null,"Dovoléné namáhání:",{"$f":"C14/C7","v":223.93637119322904},"σdov [MPa]"]
[null,null,null,null,null,null,null,null,null,null,"Vodiče"]
[null,"Vstupní údaje - zemnící lana, KZL, SDOK",null,null,null,null,null,null,null,null,"I50 - vodič",null,null,{"$f":"IF($C$6<=30,$H$5*$H$6*(INDEX('Data-námraza,vítr,součinitelé'!$B$3:$C$11,$N$14,1)+INDEX('Data-námraza,vítr,součinitelé'!$B$3:$C$11,$N$14,2)*$C$6),$H$5*$H$6*(INDEX('Data-námraza,vítr,součinitelé'!$D$3:$E$11,$N$14,1)+INDEX('Data-námraza,vítr,součinitelé'!$D$3:$E$11,$N$14,2)*$C$6))","v":14.125888},"N/m"]
[null,null,null,null,null,null,null,null,null,null,"Průměr omrzlého vodiče",null,null,{"$f":"SQRT(($C$6*10^-3)^2+(4*$N$17)/(9.80665*PI()*'Data-námraza,vítr,součinitelé'!$U$20))*1000","v":62.384703091754055},"mm"]
[null,null,8,null,null,null,null,null,null,null,"Přetížení námrazou vodiče",null,null,{"$f":"((($C$8/1000)*9.80665)+$N$17)/(($C$8/1000)*9.80665)","v":4.0204229432397485},"-"]
[null,"Typ lana:",{"$f":"INDEX('Parametry-vodiče,lana,KZL,SDOK'!$J$3:$Q$11,$C$19,1)","v":"SDOK 3 -STD7D155/48657N"},null,null,null,null,null,null,null,"Lana, KZL nebo SDOK"]
[null,"Průměr:",{"$f":"INDEX('Parametry-vodiče,lana,KZL,SDOK'!$J$3:$Q$11,$C$19,2)","v":15.5},"d [mm]",null,null,null,null,null,null,"I50 - lana, KZL  nebo SDOK",null,null,{"$f":"IF($C$21<=30,$H$5*$H$6*(INDEX('Data-námraza,vítr,součinitelé'!$B$3:$C$11,$N$14,1)+INDEX('Data-námraza,vítr,součinitelé'!$B$3:$C$11,$N$14,2)*$C$21),$H$5*$H$6*(INDEX('Data-námraza,vítr,součinitelé'!$D$3:$E$11,$N$14,1)+INDEX('Data-námraza,vítr,součinitelé'!$D$3:$E$11,$N$14,2)*$C$21))","v":14.32315},"N/m"]
[null,"Průřez:",{"$f":"INDEX('Parametry-vodiče,lana,KZL,SDOK'!$J$3:$Q$11,$C$19,3)","v":178},"S [mm2]",null,null,null,null,null,null,"Průměr omrzlého lana, KZL nebo SDOK",null,null,{"$f":"SQRT(($C$21*10^-3)^2+(4*$N$21)/(9.80665*PI()*'Data-námraza,vítr,součinitelé'!$U$20))*1000","v":62.924735418487408},"mm"]
[null,"Hmotnost vodiče:",{"$f":"INDEX('Parametry-vodiče,lana,KZL,SDOK'!$J$3:$Q$11,$C$19,4)","v":175},"m [kg.km-1]",null,null,null,null,null,null,"Přetížení námrazou lana, KZL nebo SDOK",null,null,{"$f":"((($C$23/1000)*9.80665)+$N$21)/(($C$23/1000)*9.80665)","v":9.3460275862370352},"-"]
[null,"Měrná tíha:",{"$f":"INDEX('Parametry-vodiče,lana,KZL,SDOK'!$J$3:$Q$11,$C$19,8)","v":9.6413693820224713E-3},"γ [N.m-1.mm-2]",null,null,null,null,null,null,"Zatížení větrem "]
[null,"Modul pružnosti:",{"$f":"INDEX('Parametry-vodiče,lana,KZL,SDOK'!$J$3:$Q$11,$C$19,6)","v":17790},"E [Mpa]",null,null,null,null,null,null,"Větrná oblast ",null,null,3]
[null,"Souč. teplotní rozt.:",{"$f":"INDEX('Parametry-vodiče,lana,KZL,SDOK'!$J$3:$Q$11,$C$19,7)*10^(-5)","v":6.0000000000000002E-6},"α [K-1]"]
[null,"Zaručená pevnost:",{"$f":"INDEX('Parametry-vodiče,lana,KZL,SDOK'!$J$3:$Q$11,$C$19,5)*1000","v":41600},"F [N]",null,null,null,null,null,null,"Kategorie terénu",null,null,2]
[null,"Dovolený tah:",25,"%"]
[null,null,{"$f":"C27*C28*0.01","v":10400},"Fdov [N]",null,null,null,null,null,null,"Vodiče"]
[null,"Dovoléné namáhání:",{"$f":"C29/C22","v":58.426966292134829},"σdov [MPa]",null,null,null,null,null,null,"Střední rychlost větru ",null,null,{"$f":"IF($N$10=10,INDEX('Data-námraza,vítr,součinitelé'!$I$5:$L$9,'Zadání vstupních údajů'!$N$25,'Zadání vstupních údajů'!$N$27),INDEX('Data-námraza,vítr,součinitelé'!$O$5:$R$9,'Zadání vstupních údajů'!$N$25,'Zadání vstupních údajů'!$N$27))","v":27.5},"m/s"]
[null,null,null,null,null,null,null,null,null,null,"Střední tlak větru ",null,null,{"$f":"IF($N$10=10,INDEX('Data-námraza,vítr,součinitelé'!$I$13:$L$17,'Zadání vstupních údajů'!$N$25,'Zadání vstupních údajů'!$N$27),INDEX('Data-námraza,vítr,součinitelé'!O13:R17,'Zadání vstupních údajů'!$N$25,'Zadání vstupních údajů'!$N$27))","v":472.65625},"N/m2"]
[null,null,null,null,null,null,null,null,null,null,"Maximální tlak větru ",null,null,{"$f":"IF($N$10=10,INDEX('Data-námraza,vítr,součinitelé'!I21:L25,'Zadání vstupních údajů'!$N$25,'Zadání vstupních údajů'!$N$27),INDEX('Data-námraza,vítr,součinitelé'!O21:R25,'Zadání vstupních údajů'!$N$25,'Zadání vstupních údajů'!$N$27))","v":1097.1174744048371},"N/m2"]
[null,null,null,null,null,null,null,null,null,null,"Zatížení vodiče větrem ",null,null,{"$f":"$N$32*($C$6*10^(-3))*'Data-námraza,vítr,součinitelé'!$U$10*IF($N$10=10,INDEX('Data-námraza,vítr,součinitelé'!$Z$5:$AC$7,CEILING($N$12,100)/100,'Zadání vstupních údajů'!$N$27),INDEX('Data-námraza,vítr,součinitelé'!$Z$11:$AC$13,CEILING($N$12,100)/100,'Zadání vstupních údajů'!$N$27))","v":10.340112772770709},"N/m"]
[null,null,null,null,null,null,null,null,null,null,"Přetížení větrem ",null,null,{"$f":"SQRT((($C$8/1000)*9.80665)^2+$N$33^2)/(($C$8/1000)*9.80665)","v":2.4265743128640476},"-"]
[null,null,null,null,null,null,null,null,null,null,"Lana, KZL nebo SDOK"]
[null,null,null,null,null,null,null,null,null,null,"Střední rychlost větru ",null,null,{"$f":"IF($N$11=10,INDEX('Data-námraza,vítr,součinitelé'!$I$5:$L$9,'Zadání vstupních údajů'!$N$25,'Zadání vstupních údajů'!$N$27),INDEX('Data-námraza,vítr,součinitelé'!$O$5:$R$9,'Zadání vstupních údajů'!$N$25,'Zadání vstupních údajů'!$N$27))","v":27.5},"m/s"]
[null,null,null,null,null,null,null,null,null,null,"Střední tlak větru ",null,null,{"$f":"IF($N$11=10,INDEX('Data-námraza,vítr,součinitelé'!$I$13:$L$17,'Zadání vstupních údajů'!$N$25,'Zadání vstupních údajů'!$N$27),INDEX('Data-námraza,vítr,součinitelé'!O13:R17,'Zadání vstupních údajů'!$N$25,'Zadání vstupních údajů'!$N$27))","v":472.65625},"N/m2"]
[null,null,null,null,null,null,null,null,null,null,"Maximální tlak větru ",null,null,{"$f":"IF($N$11=10,INDEX('Data-námraza,vítr,součinitelé'!I21:L25,'Zadání vstupních údajů'!$N$25,'Zadání vstupních údajů'!$N$27),INDEX('Data-námraza,vítr,součinitelé'!O21:R25,'Zadání vstupních údajů'!$N$25,'Zadání vstupních údajů'!$N$27))","v":1097.1174744048371},"N/m2"]
[null,null,null,null,null,null,null,null,null,null,"Zatížení lan větrem ",null,null,{"$f":"$N$38*($C$21*10^(-3))*(COS(0)^2)*'Data-námraza,vítr,součinitelé'!$U$10*IF($N$10=10,INDEX('Data-námraza,vítr,součinitelé'!$Z$5:$AC$7,CEILING($N$12,100)/100,'Zadání vstupních údajů'!$N$27),INDEX('Data-námraza,vítr,součinitelé'!$Z$11:$AC$13,CEILING($N$12,100)/100,'Zadání vstupních údajů'!$N$27))","v":10.713352137563236},"N/m"]
[null,null,null,null,null,null,null,null,null,null,"Přetížení větrem ",null,null,{"$f":"SQRT((($C$23/1000)*9.80665)^2+$N$39^2)/(($C$23/1000)*9.80665)","v":6.3222037874863712},"-"]

{"sheet":"Výpis","index":2,"n_rows":26,"n_cols":18,"rows_kept":26,"cut":false,"hidden":false,"merged":[[20,0,20,13],[0,9,0,10],[0,2,0,8],[2,15,3,16],[2,17,3,17],[13,15,14,16],[13,17,14,17],[13,0,13,13]]}
[null,null,"Úsek vedení mezi podpěrnými body:",null,null,null,null,null,null,"196 a 195"]
[]
[null,null,"Nadmořská výška terénu u levého PB [m]:",null,null,null,null,null,null,null,{"$f":"'Zadání vstupních údajů'!N2","v":445.2},null,null,null,null,"Prametry vodiče:",null,{"$f":"'Zadání vstupních údajů'!C5","v":"110-AL1/22-ST1A"}]
[null,null,"Nadmořská výška terénu u pravého PB [m]:",null,null,null,null,null,null,null,{"$f":"'Zadání vstupních údajů'!N5","v":436}]
[null,null,"Rozpětí [m]:",null,null,null,null,null,null,null,{"$f":"Rozpeti","v":110},null,null,null,null,"E [Mpa]:",null,{"$f":"'Zadání vstupních údajů'!C10","v":77400}]
[null,null,"Výchozí vodorovná složka namáhání vodič [Mpa]:",null,null,null,null,null,null,null,{"$f":"'Zadání vstupních údajů'!$H$9","v":30},null,null,null,null,"α [K-1]:",null,{"$f":"'Zadání vstupních údajů'!C11","v":1.8300000000000001E-5}]
[null,null,"Výchozí vodorovná složka namáhání Lana, KZL nebo SDOK [Mpa]:",null,null,null,null,null,null,null,{"$f":"'Zadání vstupních údajů'!$H$12","v":20},null,null,null,null,"d [mm]:",null,{"$f":"'Zadání vstupních údajů'!C6","v":14.96}]
[null,null,"Výchozí teplota vodiče [°C]:",null,null,null,null,null,null,null,{"$f":"'Zadání vstupních údajů'!$H$7","v":-5},null,null,null,null,"S [mm2]:",null,{"$f":"'Zadání vstupních údajů'!C7","v":132.33000000000001}]
[null,null,"Námrazová oblast:",null,null,null,null,null,null,null,{"$f":"INDEX('Data-námraza,vítr,součinitelé'!$A$3:$C$11,'Zadání vstupních údajů'!$N$14,1)","v":"I2"},null,null,null,null,"γ [N.m-1.mm-2]:",null,{"$f":"'Zadání vstupních údajů'!C9","v":3.5341883057507739E-2}]
[null,null,"Větrná oblast:",null,null,null,null,null,null,null,{"$f":"INDEX('Data-námraza,vítr,součinitelé'!$H$5:$H$9,'Zadání vstupních údajů'!$N$25,1)","v":"III."},null,null,null,null,"m [kg.km-1]:",null,{"$f":"'Zadání vstupních údajů'!C8","v":476.9}]
[null,null,"Oblast terénu:",null,null,null,null,null,null,null,{"$f":"INDEX('Data-námraza,vítr,součinitelé'!$I$4:$L$4,1,'Zadání vstupních údajů'!$N$27)","v":"II."},null,null,null,null,"σdov [MPa]:",null,{"$f":"'Zadání vstupních údajů'!C15","v":223.93637119322904}]
[null,null,"Úroveň spolehlivosti:",null,null,null,null,null,null,null,{"$f":"INDEX('Data-námraza,vítr,součinitelé'!$AF$3:$AF$5,'Zadání vstupních údajů'!$H$3,1)","v":" Úroveň spolehlivosti 1"}]
[]
["Vodič",null,null,null,null,null,null,null,null,null,null,null,null,null,null,"Prametry Lana, KZL nebo SDOK:",null,{"$f":"'Zadání vstupních údajů'!C20","v":"SDOK 3 -STD7D155/48657N"}]
[null,"zadaná teplota","min. tepl.","-20 °C","-10 °C","-5 °C","0 °C","+10 °C","+20 °C","+30 °C","+40 °C","+60 °C","-5 °C + I","-5 °C + W"]
["Teplota [°C]",{"$f":"'Mezi výpočty'!B3","v":-5},{"$f":"'Mezi výpočty'!C3","v":-30},{"$f":"'Mezi výpočty'!D3","v":-20},{"$f":"'Mezi výpočty'!E3","v":-10},{"$f":"'Mezi výpočty'!F3","v":-5},{"$f":"'Mezi výpočty'!G3","v":0},{"$f":"'Mezi výpočty'!H3","v":10},{"$f":"'Mezi výpočty'!I3","v":20},{"$f":"'Mezi výpočty'!J3","v":30},{"$f":"'Mezi výpočty'!K3","v":40},{"$f":"'Mezi výpočty'!L3","v":60},{"$f":"'Mezi výpočty'!M3","v":-5},{"$f":"'Mezi výpočty'!N3","v":-5},null,"E [Mpa]:",null,{"$f":"'Zadání vstupních údajů'!C25","v":17790}]
["Namáhání vodiče [Mpa]",{"$f":"'Mezi výpočty'!B10","v":30},{"$f":"'Mezi výpočty'!C10","v":40.691047668457031},{"$f":"'Mezi výpočty'!D10","v":35.583656311035156},{"$f":"'Mezi výpočty'!E10","v":31.633474349975586},{"$f":"'Mezi výpočty'!F10","v":30},{"$f":"'Mezi výpočty'!G10","v":28.551660537719727},{"$f":"'Mezi výpočty'!H10","v":26.107353210449219},{"$f":"'Mezi výpočty'!I10","v":24.131675720214844},{"$f":"'Mezi výpočty'!J10","v":22.504934310913086},{"$f":"'Mezi výpočty'!K10","v":21.142580032348633},{"$f":"'Mezi výpočty'!L10","v":18.986383438110352},{"$f":"'Mezi výpočty'!M10","v":84.968292236328125},{"$f":"'Mezi výpočty'!N10","v":58.813777923583984},null,"α [K-1]:",null,{"$f":"'Zadání vstupních údajů'!C26","v":6.0000000000000002E-6}]
["Tahové síly vodičů [kN]",{"$f":"'Mezi výpočty'!B9","v":3.9699000000000004},{"$f":"'Mezi výpočty'!C9","v":5.3846463379669194},{"$f":"'Mezi výpočty'!D9","v":4.7087852396392824},{"$f":"'Mezi výpočty'!E9","v":4.1860576607322697},{"$f":"'Mezi výpočty'!F9","v":3.9699000000000004},{"$f":"'Mezi výpočty'!G9","v":3.7782412389564519},{"$f":"'Mezi výpočty'!H9","v":3.4547860503387455},{"$f":"'Mezi výpočty'!I9","v":3.1933446480560304},{"$f":"'Mezi výpočty'!J9","v":2.9780779573631291},{"$f":"'Mezi výpočty'!K9","v":2.797797615680695},{"$f":"'Mezi výpočty'!L9","v":2.5124681203651429},{"$f":"'Mezi výpočty'!M9","v":11.243854111633302},{"$f":"'Mezi výpočty'!N9","v":7.7828272326278691},null,"d [mm]:",null,{"$f":"'Zadání vstupních údajů'!C21","v":15.5}]
["Průhyb vodiče [m]",{"$f":"'Mezi výpočty'!B20","v":1.783311812253622},{"$f":"'Mezi výpočty'!C20","v":1.3131505685806957},{"$f":"'Mezi výpočty'!D20","v":1.5024874912247768},{"$f":"'Mezi výpočty'!E20","v":1.6908896049941324},{"$f":"'Mezi výpočty'!F20","v":1.783311812253622},{"$f":"'Mezi výpočty'!G20","v":1.8741139693859843},{"$f":"'Mezi výpočty'!H20","v":2.0502352740202534},{"$f":"'Mezi výpočty'!I20","v":2.2187026487583017},{"$f":"'Mezi výpočty'!J20","v":2.3796584078408758},{"$f":"'Mezi výpočty'!K20","v":2.5335494062761086},{"$f":"'Mezi výpočty'!L20","v":2.8223565884230526},{"$f":"'Mezi výpočty'!M20","v":2.5345614341867613},{"$f":"'Mezi výpočty'!N20","v":2.2089936496209264},null,"S [mm2]:",null,{"$f":"'Zadání vstupních údajů'!C22","v":178}]
[null,null,null,null,null,null,null,null,null,null,null,null,null,null,null,"γ [N.m-1.mm-2]:",null,{"$f":"'Zadání vstupních údajů'!C24","v":9.6413693820224713E-3}]
["Lana, KZL nebo SDOK",null,null,null,null,null,null,null,null,null,null,null,null,null,null,"m [kg.km-1]:",null,{"$f":"'Zadání vstupních údajů'!C23","v":175}]
[null,"zadaná teplota","min. tepl.","-20 °C","-10 °C","-5 °C","0 °C","+10 °C","+20 °C","+30 °C","+40 °C","+60 °C","-5 °C + I","-5 °C + W",null,"σdov [MPa]:",null,{"$f":"'Zadání vstupních údajů'!C30","v":58.426966292134829}]
["Teplota [°C]",{"$f":"'Mezi výpočty'!B24","v":-5},{"$f":"'Mezi výpočty'!C24","v":-30},{"$f":"'Mezi výpočty'!D24","v":-20},{"$f":"'Mezi výpočty'!E24","v":-10},{"$f":"'Mezi výpočty'!F24","v":-5},{"$f":"'Mezi výpočty'!G24","v":0},{"$f":"'Mezi výpočty'!H24","v":10},{"$f":"'Mezi výpočty'!I24","v":20},{"$f":"'Mezi výpočty'!J24","v":30},{"$f":"'Mezi výpočty'!K24","v":40},{"$f":"'Mezi výpočty'!L24","v":60},{"$f":"'Mezi výpočty'!M24","v":-5},{"$f":"'Mezi výpočty'!N24","v":-5}]
["Namáhání lan [Mpa]",{"$f":"'Mezi výpočty'!B31","v":20},{"$f":"'Mezi výpočty'!C31","v":22.265865325927734},{"$f":"'Mezi výpočty'!D31","v":21.346450805664063},{"$f":"'Mezi výpočty'!E31","v":20.444124221801758},{"$f":"'Mezi výpočty'!F31","v":20},{"$f":"'Mezi výpočty'!G31","v":19.560922622680664},{"$f":"'Mezi výpočty'!H31","v":18.699024200439453},{"$f":"'Mezi výpočty'!I31","v":17.860710144042969},{"$f":"'Mezi výpočty'!J31","v":17.04832649230957},{"$f":"'Mezi výpočty'!K31","v":16.264192581176758},{"$f":"'Mezi výpočty'!L31","v":14.789355278015137},{"$f":"'Mezi výpočty'!M31","v":48.665390014648438},{"$f":"'Mezi výpočty'!N31","v":39.3917236328125}]
["Tahové síly lan [kN]",{"$f":"'Mezi výpočty'!B30","v":3.56},{"$f":"'Mezi výpočty'!C30","v":3.9633240280151365},{"$f":"'Mezi výpočty'!D30","v":3.799668243408203},{"$f":"'Mezi výpočty'!E30","v":3.6390541114807129},{"$f":"'Mezi výpočty'!F30","v":3.56},{"$f":"'Mezi výpočty'!G30","v":3.4818442268371581},{"$f":"'Mezi výpočty'!H30","v":3.3284263076782228},{"$f":"'Mezi výpočty'!I30","v":3.1792064056396483},{"$f":"'Mezi výpočty'!J30","v":3.0346021156311034},{"$f":"'Mezi výpočty'!K30","v":2.8950262794494628},{"$f":"'Mezi výpočty'!L30","v":2.6325052394866941},{"$f":"'Mezi výpočty'!M30","v":8.6624394226074219},{"$f":"'Mezi výpočty'!N30","v":7.0117268066406249}]
["Průhyb vodiče [m]",{"$f":"'Mezi výpočty'!B41","v":0.7263570887916968},{"$f":"'Mezi výpočty'!C41","v":0.65188662298484701},{"$f":"'Mezi výpočty'!D41","v":0.68019800763409588},{"$f":"'Mezi výpočty'!E41","v":0.71045949661384622},{"$f":"'Mezi výpočty'!F41","v":0.7263570887916968},{"$f":"'Mezi výpočty'!G41","v":0.74278379520496873},{"$f":"'Mezi výpočty'!H41","v":0.77727290877927135},{"$f":"'Mezi výpočty'!I41","v":0.81401223946020629},{"$f":"'Mezi výpočty'!J41","v":0.85306319717401013},{"$f":"'Mezi výpočty'!K41","v":0.89445713870036414},{"$f":"'Mezi výpočty'!L41","v":0.98420833022097209},{"$f":"'Mezi výpočty'!M41","v":2.8073829307737359},{"$f":"'Mezi výpočty'!N41","v":2.3446743931494813}]

{"sheet":"Mezi výpočty","index":3,"n_rows":1003,"n_cols":32,"rows_kept":1003,"cut":false,"hidden":false,"merged":[[0,25,0,31],[0,18,0,24],[0,16,1,16],[0,15,1,15],[0,0,0,13],[1,28,1,29],[1,30,1,31],[21,0,21,13],[1,21,1,22],[1,19,1,20],[1,23,1,24],[1,26,1,27]]}
["Vodič",null,null,null,null,null,null,null,null,null,null,null,null,null,null,"Výpočtový bod","Vzdálenost","tg(h/a) (terén)","Vodič",null,null,null,null,null,null,"Lana, KZL nebo SDOK"]
[null,"zadaná/počáteční","min. tepl.","-20 °C","-10 °C","-5 °C","0 °C","+10 °C","+20 °C","+30 °C","+40 °C","+60 °C","-5 °C + I","-5 °C + W",null,null,null,{"$f":"ATAN(('Zadání vstupních údajů'!$N$5-'Zadání vstupních údajů'!$N$2)/Rozpeti)","v":-8.3442164771322005E-2},"tg(h/a)","min. teplota",null,"-5 °C + I",null,"+60 °C",null,"tg(h/a)","min. teplota",null,"-5 °C + I",null,"+60 °C"]
["t [°C]",{"$f":"'Zadání vstupních údajů'!$H$7","v":-5},{"$f":"INDEX('Data-námraza,vítr,součinitelé'!AG3:AK5,'Zadání vstupních údajů'!H3,5)","v":-30},-20,-10,-5,0,10,20,30,40,60,-5,-5,null,0,{"$f":"(Rozpeti/1000)*P3","v":0},{"$f":"$R$2*Q3","v":0},{"$f":"ATAN(prevyseni_vod/Rozpeti)","v":-8.3442164771322005E-2},{"$f":"($Q3*(Rozpeti-$Q3))/(2*$C$11)","v":0},{"$f":"'Zadání vstupních údajů'!$N$3","v":10.5},{"$f":"($Q3*(Rozpeti-$Q3))/(2*$M$11)","v":0},{"$f":"'Zadání vstupních údajů'!$N$3","v":10.5},{"$f":"($Q3*(Rozpeti-$Q3))/(2*$L$11)","v":0},{"$f":"'Zadání vstupních údajů'!$N$3","v":10.5},{"$f":"ATAN(prevyseni_ostatni/Rozpeti)","v":-8.3442164771322005E-2},{"$f":"($Q3*(Rozpeti-$Q3))/(2*$C$32)","v":0},{"$f":"'Zadání vstupních údajů'!$N$4","v":8.5},{"$f":"($Q3*(Rozpeti-$Q3))/(2*$M$32)","v":0},{"$f":"'Zadání vstupních údajů'!$N$4","v":8.5},{"$f":"($Q3*(Rozpeti-$Q3))/(2*$L$32)","v":0},{"$f":"'Zadání vstupních údajů'!$N$4","v":8.5}]
["I50 [N/m]",0,0,0,0,0,0,0,0,0,0,0,{"$f":"'Zadání vstupních údajů'!N17","v":14.125888},0,null,1,0.11,{"$f":"$R$2*Q4","v":-9.1786381248454198E-3},{"$f":"$S$3*Q4","v":-9.1786381248454198E-3},5.2494242921891227E-3,{"$f":"$U$3-T4+$S4","v":10.485571937582964},1.0107072978774431E-2,{"$f":"$W$3-V4+$S4","v":10.48071428889638},{"$f":"($Q4*(Rozpeti-$Q4))/(2*$L$11)","v":1.1250408736435126E-2},{"$f":"$Y$3-X4+$S4","v":10.479570953138719},{"$f":"$Z$3*Q4","v":-9.1786381248454198E-3},2.6170981286148033E-3,{"$f":"$AB$3-AA4+$Z4","v":8.4882042637465389},1.1190936595332981E-2,{"$f":"$AD$3-AC4+$Z4","v":8.4796304252798205},{"$f":"($Q4*(Rozpeti-$Q4))/(2*$L$32)","v":3.9401281111353034E-3},{"$f":"$AF$3-AE4+$Z4","v":8.4868812337640183}]
["qwc [N/m]",0,0,0,0,0,0,0,0,0,0,0,0,{"$f":"'Zadání vstupních údajů'!N33","v":10.340112772770709},null,2,0.22,-1.835727624969084E-2,{"$f":"$S$3*Q5","v":-1.835727624969084E-2},1.0488339226435927E-2,{"$f":"$U$3-T5+$S5","v":10.471154384523873},2.0193911577210975E-2,{"$f":"$W$3-V5+$S5","v":10.461448812173098},{"$f":"($Q5*(Rozpeti-$Q5))/(2*$L$11)","v":2.247829413205657E-2},{"$f":"$Y$3-X5+$S5","v":10.459164429618252},{"$f":"$Z$3*Q5","v":-1.835727624969084E-2},5.2289568215366849E-3,{"$f":"$AB$3-AA5+$Z5","v":8.476413766928772},2.235946891319783E-2,{"$f":"$AD$3-AC5+$Z5","v":8.4592832548371106},7.8723680779039708E-3,{"$f":"$AF$3-AE5+$Z5","v":8.4737703556724053}]
["D max [mm]",{"$f":"'Zadání vstupních údajů'!$C$6","v":14.96},{"$f":"'Zadání vstupních údajů'!$C$6","v":14.96},{"$f":"'Zadání vstupních údajů'!$C$6","v":14.96},{"$f":"'Zadání vstupních údajů'!$C$6","v":14.96},{"$f":"'Zadání vstupních údajů'!$C$6","v":14.96},{"$f":"'Zadání vstupních údajů'!$C$6","v":14.96},{"$f":"'Zadání vstupních údajů'!$C$6","v":14.96},{"$f":"'Zadání vstupních údajů'!$C$6","v":14.96},{"$f":"'Zadání vstupních údajů'!$C$6","v":14.96},{"$f":"'Zadání vstupních údajů'!$C$6","v":14.96},{"$f":"'Zadání vstupních údajů'!$C$6","v":14.96},{"$f":"'Zadání vstupních údajů'!$N$18","v":62.384703091754055},{"$f":"'Zadání vstupních údajů'!$C$6","v":14.96},null,3,0.33,-2.7535914374536265E-2,-2.7535914374536265E-2,1.571674480274041E-2,10.456747340822725,3.0260515795309636E-2,10.442203569830156,3.3683656186864336E-2,{"$f":"$Y$3-X6+$S6","v":10.4387804294386},-2.7535914374536265E-2,7.8355760787656437E-3,8.4646285095466993,3.3505596953594549E-2,8.4389584886718705,1.1796719900306001E-2,8.4606673657251577]
["z0 [-]",1,1,1,1,1,1,1,1,1,1,1,1,1,null,4,0.44,-3.6714552499381679E-2,-3.6714552499381679E-2,{"$f":"($Q7*(Rozpeti-$Q7))/(2*$C$11)","v":2.0934641021102571E-2},{"$f":"$U$3-T7+$S7","v":10.442350806479515},4.0306885633070402E-2,10.422978561867549,4.4866494900858402E-2,10.41841895259976,-3.6714552499381679E-2,1.0436955900301678E-2,8.4528484916003173,4.4629320716523126E-2,8.4186561267840965,1.5713183578341391E-2,8.447572263922277]
["z1 [-]",1,1,1,1,1,1,1,1,1,1,1,{"$f":"'Zadání vstupních údajů'!N19","v":4.0204229432397485},{"$f":"'Zadání vstupních údajů'!N34","v":2.4265743128640476},null,5,0.55000000000000004,-4.5893190624227108E-2,-4.5893190624227108E-2,2.6142027881522412E-2,{"$f":"$U$3-T8+$S8","v":10.42796478149425},5.0333021090493292E-2,10.40377378828528,5.6026810274038802E-2,10.398079999101734,-4.5893190624227108E-2,1.3033096286144793E-2,8.4410737130896276,5.5730640201983574E-2,8.3983761691737886,1.9621759112010147E-2,8.4344850502637634]
["F [kN]",{"$f":"(B10*'Zadání vstupních údajů'!$C$7)/1000","v":3.9699000000000004},{"$f":"(C10*'Zadání vstupních údajů'!$C$7)/1000","v":5.3846463379669194},{"$f":"(D10*'Zadání vstupních údajů'!$C$7)/1000","v":4.7087852396392824},{"$f":"(E10*'Zadání vstupních údajů'!$C$7)/1000","v":4.1860576607322697},{"$f":"(F10*'Zadání vstupních údajů'!$C$7)/1000","v":3.9699000000000004},{"$f":"(G10*'Zadání vstupních údajů'!$C$7)/1000","v":3.7782412389564519},{"$f":"(H10*'Zadání vstupních údajů'!$C$7)/1000","v":3.4547860503387455},{"$f":"(I10*'Zadání vstupních údajů'!$C$7)/1000","v":3.1933446480560304},{"$f":"(J10*'Zadání vstupních údajů'!$C$7)/1000","v":2.9780779573631291},{"$f":"(K10*'Zadání vstupních údajů'!$C$7)/1000","v":2.797797615680695},{"$f":"(L10*'Zadání vstupních údajů'!$C$7)/1000","v":2.5124681203651429},{"$f":"(M10*'Zadání vstupních údajů'!$C$7)/1000","v":11.243854111633302},{"$f":"(N10*'Zadání vstupních údajů'!$C$7)/1000","v":7.7828272326278691},null,6,0.66,-5.5071828749072529E-2,-5.5071828749072529E-2,3.1338905383999929E-2,10.413589265866927,6.0338922167578288E-2,10.38458924908335,6.7164602306405502E-2,10.377763568944522,-5.5071828749072529E-2,1.5623997236294982E-2,8.4293041740146322,6.6809555409975879E-2,8.3781186158409522,2.3522446501312261E-2,8.421405724749615]
["σvyp [Mpa]",{"$f":"'Zadání vstupních údajů'!$H$9","v":30},{"$f":"Reseni_namahani($B$10,$B$3,C3,C7,C8,'Zadání vstupních údajů'!$C$10,'Zadání vstupních údajů'!$C$9,'Zadání vstupních údajů'!$C$11,'Zadání vstupních údajů'!$N$12)","v":40.691047668457031},{"$f":"Reseni_namahani($B$10,$B$3,D3,D7,D8,'Zadání vstupních údajů'!$C$10,'Zadání vstupních údajů'!$C$9,'Zadání vstupních údajů'!$C$11,'Zadání vstupních údajů'!$N$12)","v":35.583656311035156},{"$f":"Reseni_namahani($B$10,$B$3,E3,E7,E8,'Zadání vstupních údajů'!$C$10,'Zadání vstupních údajů'!$C$9,'Zadání vstupních údajů'!$C$11,'Zadání vstupních údajů'!$N$12)","v":31.633474349975586},{"$f":"Reseni_namahani($B$10,$B$3,F3,F7,F8,'Zadání vstupních údajů'!$C$10,'Zadání vstupních údajů'!$C$9,'Zadání vstupních údajů'!$C$11,'Zadání vstupních údajů'!$N$12)","v":30},{"$f":"Reseni_namahani($B$10,$B$3,G3,G7,G8,'Zadání vstupních údajů'!$C$10,'Zadání vstupních údajů'!$C$9,'Zadání vstupních údajů'!$C$11,'Zadání vstupních údajů'!$N$12)","v":28.551660537719727},{"$f":"Reseni_namahani($B$10,$B$3,H3,H7,H8,'Zadání vstupních údajů'!$C$10,'Zadání vstupních údajů'!$C$9,'Zadání vstupních údajů'!$C$11,'Zadání vstupních údajů'!$N$12)","v":26.107353210449219},{"$f":"Reseni_namahani($B$10,$B$3,I3,I7,I8,'Zadání vstupních údajů'!$C$10,'Zadání vstupních údajů'!$C$9,'Zadání vstupních údajů'!$C$11,'Zadání vstupních údajů'!$N$12)","v":24.131675720214844},{"$f":"Reseni_namahani($B$10,$B$3,J3,J7,J8,'Zadání vstupních údajů'!$C$10,'Zadání vstupních údajů'!$C$9,'Zadání vstupních údajů'!$C$11,'Zadání vstupních údajů'!$N$12)","v":22.504934310913086},{"$f":"Reseni_namahani($B$10,$B$3,K3,K7,K8,'Zadání vstupních údajů'!$C$10,'Zadání vstupních údajů'!$C$9,'Zadání vstupních údajů'!$C$11,'Zadání vstupních údajů'!$N$12)","v":21.142580032348633},{"$f":"Reseni_namahani($B$10,$B$3,L3,L7,L8,'Zadání vstupních údajů'!$C$10,'Zadání vstupních údajů'!$C$9,'Zadání vstupních údajů'!$C$11,'Zadání vstupních údajů'!$N$12)","v":18.986383438110352},{"$f":"Reseni_namahani($B$10,$B$3,M3,M7,M8,'Zadání vstupních údajů'!$C$10,'Zadání vstupních údajů'!$C$9,'Zadání vstupních údajů'!$C$11,'Zadání vstupních údajů'!$N$12)","v":84.968292236328125},{"$f":"Reseni_namahani($B$10,$B$3,N3,N7,N8,'Zadání vstupních údajů'!$C$10,'Zadání vstupních údajů'!$C$9,'Zadání vstupních údajů'!$C$11,'Zadání vstupních údajů'!$N$12)","v":58.813777923583984},null,7,0.77,-6.4250466873917944E-2,-6.4250466873917944E-2,{"$f":"($Q10*(Rozpeti-$Q10))/(2*$C$11)","v":3.6525273528535129E-2},10.399224259597545,7.0324588864325396E-2,10.365424944261756,7.8279870997958523E-2,10.357469662128123,-6.4250466873917944E-2,1.8209658750752252E-2,8.4175398743753291,7.7866066340500056E-2,8.3578834667855819,2.7415245746247745E-2,8.4083342873798337]
["C [m]",{"$f":"B10/('Zadání vstupních údajů'!$C$9*'Mezi výpočty'!B8)","v":848.85120442463369},{"$f":"C10/('Zadání vstupních údajů'!$C$9*'Mezi výpočty'!C8)","v":1151.354827422331},{"$f":"D10/('Zadání vstupních údajů'!$C$9*'Mezi výpočty'!D8)","v":1006.840983915147},{"$f":"E10/('Zadání vstupních údajů'!$C$9*'Mezi výpočty'!E8)","v":895.0704267370844},{"$f":"F10/('Zadání vstupních údajů'!$C$9*'Mezi výpočty'!F8)","v":848.85120442463369},{"$f":"G10/('Zadání vstupních údajů'!$C$9*'Mezi výpočty'!G8)","v":807.87038119222245},{"$f":"H10/('Zadání vstupních údajů'!$C$9*'Mezi výpočty'!H8)","v":738.70860723430485},{"$f":"I10/('Zadání vstupních údajů'!$C$9*'Mezi výpočty'!I8)","v":682.80673332963534},{"$f":"J10/('Zadání vstupních údajů'!$C$9*'Mezi výpočty'!J8)","v":636.77801984386122},{"$f":"K10/('Zadání vstupních údajů'!$C$9*'Mezi výpočty'!K8)","v":598.23015083677831},{"$f":"L10/('Zadání vstupních údajů'!$C$9*'Mezi výpočty'!L8)","v":537.22048163692966},{"$f":"M10/('Zadání vstupních údajů'!$C$9*'Mezi výpočty'!M8)","v":597.99212024022415},{"$f":"N10/('Zadání vstupních údajů'!$C$9*'Mezi výpočty'!N8)","v":685.7973393813287},null,8,0.88,-7.3429104998763359E-2,-7.3429104998763359E-2,4.1701132315128016E-2,10.38486976268611,8.0290021180734625E-2,10.346280873820502,8.9372616348697878E-2,10.33719827865254,-7.3429104998763359E-2,2.07900808295166E-2,8.4057808141717203,8.8900172993556112E-2,8.3376707220076813,3.1300156846816592E-2,8.3952707381544212]
["fmax(sourmerné) [m]",{"$f":"B11*(COSH('Zadání vstupních údajů'!$N$12/(2*'Mezi výpočty'!B11))-1)","v":1.7824433931599173},{"$f":"C11*(COSH('Zadání vstupních údajů'!$N$12/(2*'Mezi výpočty'!C11))-1)","v":1.31391957302269},{"$f":"D11*(COSH('Zadání vstupních údajů'!$N$12/(2*'Mezi výpočty'!D11))-1)","v":1.5025969086113977},{"$f":"E11*(COSH('Zadání vstupních údajů'!$N$12/(2*'Mezi výpočty'!E11))-1)","v":1.6903429328048247},{"$f":"F11*(COSH('Zadání vstupních údajů'!$N$12/(2*'Mezi výpočty'!F11))-1)","v":1.7824433931599173},{"$f":"G11*(COSH('Zadání vstupních údajů'!$N$12/(2*'Mezi výpočty'!G11))-1)","v":1.8729295171778482},{"$f":"H11*(COSH('Zadání vstupních údajů'!$N$12/(2*'Mezi výpočty'!H11))-1)","v":2.0484380691515955},{"$f":"I11*(COSH('Zadání vstupních údajů'!$N$12/(2*'Mezi výpočty'!I11))-1)","v":2.2163196363364723},{"$f":"J11*(COSH('Zadání vstupních údajů'!$N$12/(2*'Mezi výpočty'!J11))-1)","v":2.3767160299095513},{"$f":"K11*(COSH('Zadání vstupních údajů'!$N$12/(2*'Mezi výpočty'!K11))-1)","v":2.5300725383519311},{"$f":"L11*(COSH('Zadání vstupních údajů'!$N$12/(2*'Mezi výpočty'!L11))-1)","v":2.8178775929849746},{"$f":"M11*(COSH('Zadání vstupních údajů'!$N$12/(2*'Mezi výpočty'!M11))-1)","v":2.5310810524236631},{"$f":"N11*(COSH('Zadání vstupních údajů'!$N$12/(2*'Mezi výpočty'!N11))-1)","v":2.2066443890338019},null,9,0.99,{"$f":"$R$2*Q12","v":-8.2607743123608787E-2},{"$f":"$S$3*Q12","v":-8.2607743123608787E-2},4.6866481743778568E-2,10.370525775132613,9.0235219116805959E-2,10.327157037759585,0.10044283835862351,10.316949418517769,-8.2607743123608787E-2,2.3365263472588018E-2,8.3940269934038039,9.9911875369144004E-2,8.3174803815072469,3.5177179803018793E-2,8.3822150770733721]
["xA [m]",{"$f":"Rozpeti-B14","v":125.94517734584196},151.25851724853715,139.1666530650468,129.81334654794307,125.94517734584196,122.51517434080394,116.72585699449294,112.04576404902858,108.19163682699423,104.96337818715395,99.852772999682571,{"$f":"Rozpeti-M14","v":104.94344219972665},{"$f":"Rozpeti-N14","v":112.29615615515468},null,10,1.1000000000000001,-9.1786381248454216E-2,-9.1786381248454216E-2,5.2021321814486814E-2,10.35619229693706,0.10016018267253943,10.308053436079007,0.11149053702773551,10.29672308172381,-9.1786381248454216E-2,2.5935206679966526E-2,8.3822784120715799,0.1109011734672638,8.2973124452842821,3.9046314614854367E-2,8.3691673041366919]
["xB [m]",{"$f":"Rozpeti/2+B11*(prevyseni_vod/(2*B11*SINH(Rozpeti/(2*B11))))","v":-15.945177345841955},-41.25851724853716,-29.166653065046802,-19.813346547943084,{"$f":"Rozpeti/2+F11*(prevyseni_vod/(2*F11*SINH(Rozpeti/(2*F11))))","v":-15.945177345841955},-12.515174340803938,-6.7258569944929505,-2.0457640490285769,1.8083631730057732,5.0366218128460574,{"$f":"Rozpeti/2+L11*(prevyseni_vod/(2*L11*SINH(Rozpeti/(2*L11))))","v":10.147227000317422},{"$f":"Rozpeti/2+M11*(prevyseni_vod/(2*M11*SINH(Rozpeti/(2*M11))))","v":5.0565578002733531},{"$f":"Rozpeti/2+N11*(prevyseni_vod/(2*N11*SINH(Rozpeti/(2*N11))))","v":-2.2961561551546694},null,11,1.21,-0.10096501937329963,-0.10096501937329963,5.7165652527252718E-2,10.341869328099447,0.11006491184793496,10.288970068778765,0.12251571235603377,10.276519268270667,-0.10096501937329963,2.8499910451652097E-2,8.3705350701750483,0.12186806728791541,8.2771669133387853,4.2907561282323287E-2,8.3561274193443769]
["yA [m]",{"$f":"B11*COSH(B13/B11)","v":858.2116837551556},{"$f":"C11*COSH(C13/C11)","v":1161.3048722666515},1016.4741890763909,904.50044654275621,858.2116837551556,817.17803584725675,747.94993619439117,692.02050429762812,645.99129042978643,607.46205242778217,{"$f":"L11*COSH(L13/L11)","v":546.52700890923848},{"$f":"M11*COSH(M13/M11)","v":607.224198493171},{"$f":"N11*COSH(N13/N11)","v":695.01188982906604},null,12,1.32,-0.11014365749814506,-0.11014365749814506,6.2299473882076323E-2,10.327556868619778,0.11994940664299265,10.269906935858861,0.13351836434351838,10.256337978158337,-0.11014365749814506,3.1059374787644756E-2,8.3587969677142091,0.13281255683109894,8.2570437856707564,4.6760919805425592E-2,8.3430954226964289]
["yB [m]",{"$f":"B11*COSH(B14/B11)","v":849.00096928060452},{"$f":"C11*COSH(C14/C11)","v":1152.0941509451775},1007.2634702641286,895.28973055946733,849.00096928060452,807.96732293244088,738.73922652341116,682.80979799894124,636.78058759860573,598.25135313583883,{"$f":"L11*COSH(L14/L11)","v":537.31631684857234},{"$f":"M11*COSH(M14/M11)","v":598.01349922522604},{"$f":"N11*COSH(N14/N11)","v":685.80118332888537},null,13,1.43,-0.11932229562299046,-0.11932229562299046,6.7422785878957586E-2,10.313254918498053,0.12981366705771241,10.250864037319296,0.14449849299018927,10.236179211386819,-0.11932229562299046,3.361359968794448E-2,8.3470641046890641,0.14373464209681427,8.2369430622801936,5.0606390184161229E-2,8.3300713141928497]
["xV [m]",{"$f":"prevyseni_vod/(Rozpeti*SINH(1/B11))","v":-70.994811584945481},-96.295118913828915,-84.20850481004021,-74.860420117223782,-70.994811584945481,-67.567323717950302,-61.782882826014728,-57.107451827274545,-53.257776132803613,-50.033771132573499,{"$f":"prevyseni_vod/(Rozpeti*SINH(1/L11))","v":-44.931141607849476},{"$f":"prevyseni_vod/(Rozpeti*SINH(1/M11))","v":-50.01386310976855},{"$f":"prevyseni_vod/(Rozpeti*SINH(1/N11))","v":-57.357575331531493},null,14,1.54,-0.12850093374783589,-0.12850093374783589,7.2535588517896557E-2,10.298963477734269,0.13965769309209433,10.231841373160071,0.15545609829604654,10.216042967956119,-0.12850093374783589,3.6162585152551302E-2,8.3353364810996133,0.15463432308506153,8.2168647431671022,5.4443972418530259E-2,8.3170550938336341]
["h1 [m]",{"$f":"(B14-B17)*(prevyseni_vod/Rozpeti)","v":-4.6041512272704708},-4.6030612301880325,-4.6035003277630793,-4.6039370621580167,-4.6041512272704708,-4.6043615842704178,-4.6047694331818159,-4.6051593414532936,-4.6055316510313249,-4.6058874099805394,{"$f":"(L14-L17)*(prevyseni_vod/Rozpeti)","v":-4.6065544654103165},{"$f":"(M14-M17)*(prevyseni_vod/Rozpeti)","v":-4.6058897488398625},{"$f":"(N14-N17)*(prevyseni_vod/Rozpeti)","v":-4.6051368765696923},null,15,1.65,-0.13767957187268129,-0.13767957187268129,7.763788179889318E-2,10.284682546328426,0.14948148474613834,10.212838943381181,0.16639118026109007,10.195929247866228,-0.13767957187268129,3.870633118146518E-2,8.3236140969458532,0.16551159979584062,8.1968088283314788,5.8273666508532634E-2,8.3040467616187854]
["yv [m]",{"$f":"B11*COSH(B17/B11)","v":851.82180869562137},{"$f":"C11*COSH(C17/C11)","v":1155.3840616067848},1010.3644831006669,898.20277801663121,851.82180869562137,810.69757054732531,741.29376068257272,685.19625469163623,639.00646084179618,600.32369113954326,{"$f":"L11*COSH(L17/L11)","v":539.10051472555961},{"$f":"M11*COSH(M17/M11)","v":600.08482753987914},{"$f":"N11*COSH(N17/N11)","v":688.19732655583414},null,16,1.76,-0.14685820999752672,-0.14685820999752672,8.2729665721947496E-2,10.270412124280526,0.15928504201984447,10.193856747982629,0.17730373888531994,10.175838051117154,-0.14685820999752672,4.1244837774686148E-2,8.3118969522277872,0.17636647222915161,8.1767753177733216,6.2095472454168389E-2,8.2910463175483056]
["fv [m]",{"$f":"B16-B19-B18","v":1.783311812253622},{"$f":"C16-C19-C18","v":1.3131505685806957},1.5024874912247768,1.6908896049941324,1.783311812253622,1.8741139693859843,2.0502352740202534,2.2187026487583017,2.3796584078408758,2.5335494062761086,{"$f":"L16-L19-L18","v":2.8223565884230526},{"$f":"M16-M19-M18","v":2.5345614341867613},{"$f":"N16-N19-N18","v":2.2089936496209264},null,17,1.87,-0.15603684812237215,-0.15603684812237215,8.7810940287059491E-2,10.256152211590567,0.16906836491321273,10.174894786964416,0.18819377416873614,10.155769377708891,-0.15603684812237215,4.3778104932214193E-2,8.3001850469454137,0.18719894038499446,8.1567642114926322,6.5909390255437503E-2,8.2780537616221892]
[null,null,null,null,null,null,null,null,null,null,null,null,null,null,null,18,1.98,-0.16521548624721757,-0.16521548624721757,9.2881705494229166E-2,10.241902808258553,0.17883145342624307,10.155953060326539,0.19906128611133861,10.135723227641442,-0.16521548624721757,4.6306132654049315E-2,8.2884783810987326,0.19800900426336915,8.1367755094894125,6.9715419912339954E-2,8.2650690938404416]
["Lana, KZL nebo SDOK",null,null,null,null,null,null,null,null,null,null,null,null,null,null,19,2.09,-0.17439412437206298,-0.17439412437206298,9.7941961343456507E-2,10.227663914284481,0.18857430755893553,10.137031568069002,0.20990627471312742,10.115699600914811,-0.17439412437206298,4.8828920940191506E-2,8.2767769546877457,0.2087966638642757,8.1168092117636625,7.3513561424875792E-2,8.2520923142030611]
[null,"zadaná/počáteční","min. tepl.","-20 °C","-10 °C","-5 °C","0 °C","+10 °C","+20 °C","+30 °C","+40 °C","+60 °C","-5 °C + I","-5 °C + W",null,20,2.2000000000000002,-0.18357276249690843,-0.18357276249690843,0.10299170783474157,10.213435529668351,0.19829692731129014,10.118130310191802,0.22072873997410261,10.095698497528989,-0.18357276249690843,5.1346469790640795E-2,8.2650807677124511,0.21956191918771417,8.0968653183153769,7.7303814793045003E-2,8.2391234227100476]
["t [°C]",{"$f":"'Zadání vstupních údajů'!$H$7","v":-5},{"$f":"INDEX('Data-námraza,vítr,součinitelé'!AG3:AK5,'Zadání vstupních údajů'!H3,5)","v":-30},-20,-10,-5,0,10,20,30,40,60,-5,-5,null,21,2.31,-0.19275140062175383,-0.19275140062175383,0.10803094496808427,10.199217654410162,0.20799931268330685,10.09924928669494,0.23152868189426404,10.075719917483982,-0.19275140062175383,5.3858779205397139E-2,8.2533898201728491,0.23030477023368445,8.076943829144561,8.1086180016847559E-2,8.2261624193613994]
["I50 [N/m]",0,0,0,0,0,0,0,0,0,0,0,{"$f":"'Zadání vstupních údajů'!N21","v":14.32315},0,null,22,2.42,-0.20193003874659926,-0.20193003874659926,0.11305967274348465,10.185010288509917,0.21768146367498561,10.080388497578415,0.24230610047361179,10.055763860779788,-0.20193003874659926,5.6365849184460567E-2,8.2417041120689394,0.2410252170021866,8.057044744251213,8.4860657096283473E-2,8.2132093041571164]
["qwc [N/m]",0,0,0,0,0,0,0,0,0,0,0,0,{"$f":"'Zadání vstupních údajů'!N39","v":10.713352137563236},null,23,2.5299999999999998,-0.21110867687144466,-0.21110867687144466,0.11807789116094272,10.170813431967613,0.22734338028632656,10.061547942842228,0.25306099571214585,10.035830327416409,-0.21110867687144466,5.8867679727831072E-2,8.2300236434007239,0.25172325949322061,8.0371680636353346,8.8627246031352747E-2,8.2002640770972022]
["D max [mm]",{"$f":"'Zadání vstupních údajů'!$C$21","v":15.5},{"$f":"'Zadání vstupních údajů'!$C$21","v":15.5},{"$f":"'Zadání vstupních údajů'!$C$21","v":15.5},{"$f":"'Zadání vstupních údajů'!$C$21","v":15.5},{"$f":"'Zadání vstupních údajů'!$C$21","v":15.5},{"$f":"'Zadání vstupních údajů'!$C$21","v":15.5},{"$f":"'Zadání vstupních údajů'!$C$21","v":15.5},{"$f":"'Zadání vstupních údajů'!$C$21","v":15.5},{"$f":"'Zadání vstupních údajů'!$C$21","v":15.5},{"$f":"'Zadání vstupních údajů'!$C$21","v":15.5},{"$f":"'Zadání vstupních údajů'!$C$21","v":15.5},{"$f":"'Zadání vstupních údajů'!$N$22","v":62.924735418487408},{"$f":"'Zadání vstupních údajů'!$C$21","v":15.5},null,24,2.64,-0.22028731499629012,-0.22028731499629012,0.12308560022045849,10.156627084783253,0.23698506251732962,10.042727622486382,0.26379336760986627,10.015919317393845,-0.22028731499629012,6.1364270835508668E-2,8.2183484141682026,0.26239889770678659,8.0173137872969242,9.238594682205542E-2,8.187326738181655]
["z0 [-]",1,1,1,1,1,1,1,1,1,1,1,1,1,null,25,2.75,-0.22946595312113552,-0.22946595312113552,0.12808279992203192,10.142451246956833,0.24660651036799475,10.02392753651087,0.27450321616677298,9.9960308307120922,-0.22946595312113552,6.3855622507493326E-2,8.206678424371372,0.27305213164288433,7.99748191523598,9.6136759468391411E-2,8.1743972874104731]
["z1 [-]",1,1,1,1,1,1,1,1,1,1,1,{"$f":"'Zadání vstupních údajů'!N23","v":9.3460275862370352},{"$f":"'Zadání vstupních údajů'!N40","v":6.3222037874863712},null,26,2.86,-0.23864459124598092,-0.23864459124598092,0.133069490265663,10.128285918488356,0.25620772383832197,10.005147684915697,0.28519054138286598,9.9761648673711534,-0.23864459124598092,6.6341734743785061E-2,8.1950136740102337,0.28368296130151394,7.9776724474525054,9.9879683970360775E-2,8.1614757247836582]
["F [kN]",{"$f":"(B31*'Zadání vstupních údajů'!$C$22)/1000","v":3.56},{"$f":"(C31*'Zadání vstupních údajů'!$C$22)/1000","v":3.9633240280151365},{"$f":"(D31*'Zadání vstupních údajů'!$C$22)/1000","v":3.799668243408203},{"$f":"(E31*'Zadání vstupních údajů'!$C$22)/1000","v":3.6390541114807129},{"$f":"(F31*'Zadání vstupních údajů'!$C$22)/1000","v":3.56},{"$f":"(G31*'Zadání vstupních údajů'!$C$22)/1000","v":3.4818442268371581},{"$f":"(H31*'Zadání vstupních údajů'!$C$22)/1000","v":3.3284263076782228},{"$f":"(I31*'Zadání vstupních údajů'!$C$22)/1000","v":3.1792064056396483},{"$f":"(J31*'Zadání vstupních údajů'!$C$22)/1000","v":3.0346021156311034},{"$f":"(K31*'Zadání vstupních údajů'!$C$22)/1000","v":2.8950262794494628},{"$f":"(L31*'Zadání vstupních údajů'!$C$22)/1000","v":2.6325052394866941},{"$f":"(M31*'Zadání vstupních údajů'!$C$22)/1000","v":8.6624394226074219},{"$f":"(N31*'Zadání vstupních údajů'!$C$22)/1000","v":7.0117268066406249},null,27,2.97,-0.24782322937082638,-0.24782322937082638,0.13804567125135184,10.114131099377822,0.26578870292831142,9.9863880677008616,0.29585534325814539,9.9563214273710283,-0.24782322937082638,6.8822607544383893E-2,8.1833541630847897,0.29429138668267546,7.9578853839464987,0.10361472032796354,8.1485620503012104]
["σvyp [Mpa]",{"$f":"'Zadání vstupních údajů'!$H$12","v":20},{"$f":"Reseni_namahani($B$31,$B$24,C24,C28,C29,'Zadání vstupních údajů'!$C$25,'Zadání vstupních údajů'!$C$24,'Zadání vstupních údajů'!$C$26,'Zadání vstupních údajů'!$N$12)","v":22.265865325927734},{"$f":"Reseni_namahani($B$31,$B$24,D24,D28,D29,'Zadání vstupních údajů'!$C$25,'Zadání vstupních údajů'!$C$24,'Zadání vstupních údajů'!$C$26,'Zadání vstupních údajů'!$N$12)","v":21.346450805664063},{"$f":"Reseni_namahani($B$31,$B$24,E24,E28,E29,'Zadání vstupních údajů'!$C$25,'Zadání vstupních údajů'!$C$24,'Zadání vstupních údajů'!$C$26,'Zadání vstupních údajů'!$N$12)","v":20.444124221801758},{"$f":"Reseni_namahani($B$31,$B$24,F24,F28,F29,'Zadání vstupních údajů'!$C$25,'Zadání vstupních údajů'!$C$24,'Zadání vstupních údajů'!$C$26,'Zadání vstupních údajů'!$N$12)","v":20},{"$f":"Reseni_namahani($B$31,$B$24,G24,G28,G29,'Zadání vstupních údajů'!$C$25,'Zadání vstupních údajů'!$C$24,'Zadání vstupních údajů'!$C$26,'Zadání vstupních údajů'!$N$12)","v":19.560922622680664},{"$f":"Reseni_namahani($B$31,$B$24,H24,H28,H29,'Zadání vstupních údajů'!$C$25,'Zadání vstupních údajů'!$C$24,'Zadání vstupních údajů'!$C$26,'Zadání vstupních údajů'!$N$12)","v":18.699024200439453},{"$f":"Reseni_namahani($B$31,$B$24,I24,I28,I29,'Zadání vstupních údajů'!$C$25,'Zadání vstupních údajů'!$C$24,'Zadání vstupních údajů'!$C$26,'Zadání vstupních údajů'!$N$12)","v":17.860710144042969},{"$f":"Reseni_namahani($B$31,$B$24,J24,J28,J29,'Zadání vstupních údajů'!$C$25,'Zadání vstupních údajů'!$C$24,'Zadání vstupních údajů'!$C$26,'Zadání vstupních údajů'!$N$12)","v":17.04832649230957},{"$f":"Reseni_namahani($B$31,$B$24,K24,K28,K29,'Zadání vstupních údajů'!$C$25,'Zadání vstupních údajů'!$C$24,'Zadání vstupních údajů'!$C$26,'Zadání vstupních údajů'!$N$12)","v":16.264192581176758},{"$f":"Reseni_namahani($B$31,$B$24,L24,L28,L29,'Zadání vstupních údajů'!$C$25,'Zadání vstupních údajů'!$C$24,'Zadání vstupních údajů'!$C$26,'Zadání vstupních údajů'!$N$12)","v":14.789355278015137},{"$f":"Reseni_namahani($B$31,$B$24,M24,M28,M29,'Zadání vstupních údajů'!$C$25,'Zadání vstupních údajů'!$C$24,'Zadání vstupních údajů'!$C$26,'Zadání vstupních údajů'!$N$12)","v":48.665390014648438},{"$f":"Reseni_namahani($B$31,$B$24,N24,N28,N29,'Zadání vstupních údajů'!$C$25,'Zadání vstupních údajů'!$C$24,'Zadání vstupních údajů'!$C$26,'Zadání vstupních údajů'!$N$12)","v":39.3917236328125},null,28,3.08,-0.25700186749567178,-0.25700186749567178,0.14301134287909828,10.099986789625229,0.27534944763796287,9.967648684866365,0.30649762179261103,9.936500510711717,-0.25700186749567178,7.1298240909289781E-2,8.1716998915950381,0.30487740778636879,7.938120724717959,0.10734186854119962,8.1356562639631278]
["C [m]",{"$f":"B31/('Zadání vstupních údajů'!$C$24*'Mezi výpočty'!B29)","v":2074.3941246865284},{"$f":"C31/('Zadání vstupních údajů'!$C$24*'Mezi výpočty'!C29)","v":2309.4090106582994},{"$f":"D31/('Zadání vstupních údajů'!$C$24*'Mezi výpočty'!D29)","v":2214.0476067089771},{"$f":"E31/('Zadání vstupních údajů'!$C$24*'Mezi výpočty'!E29)","v":2120.4585585033556},{"$f":"F31/('Zadání vstupních údajů'!$C$24*'Mezi výpočty'!F29)","v":2074.3941246865284},{"$f":"G31/('Zadání vstupních údajů'!$C$24*'Mezi výpočty'!G29)","v":2028.8531480968284},{"$f":"H31/('Zadání vstupních údajů'!$C$24*'Mezi výpočty'!H29)","v":1939.4572969381406},{"$f":"I31/('Zadání vstupních údajů'!$C$24*'Mezi výpočty'!I29)","v":1852.5076092765908},{"$f":"J31/('Zadání vstupních údajů'!$C$24*'Mezi výpočty'!J29)","v":1768.2474155692332},{"$f":"K31/('Zadání vstupních údajů'!$C$24*'Mezi výpočty'!K29)","v":1686.9172766581646},{"$f":"L31/('Zadání vstupních údajů'!$C$24*'Mezi výpočty'!L29)","v":1533.947584830815},{"$f":"M31/('Zadání vstupních údajů'!$C$24*'Mezi výpočty'!M29)","v":540.07543948739215},{"$f":"N31/('Zadání vstupních údajů'!$C$24*'Mezi výpočty'!N29)","v":646.24585676057563},null,29,3.19,-0.2661805056205172,-0.2661805056205172,0.14796650514890242,10.085852989230581,0.28488995796727651,9.9489295364122068,0.31711737698626302,9.9167021173932213,-0.2661805056205172,7.3768634838502753E-2,8.1600508595409806,0.31544102461259405,7.9183784697668882,0.11106112861006909,8.122758365769414]
["fmax(sourmerné) [m]",{"$f":"B32*(COSH('Zadání vstupních údajů'!$N$12/(2*'Mezi výpočty'!B32))-1)","v":0.72917127406926308},{"$f":"C32*(COSH('Zadání vstupních údajů'!$N$12/(2*'Mezi výpočty'!C32))-1)","v":0.65496041763786439},{"$f":"D32*(COSH('Zadání vstupních údajů'!$N$12/(2*'Mezi výpočty'!D32))-1)","v":0.6831731063952764},{"$f":"E32*(COSH('Zadání vstupních údajů'!$N$12/(2*'Mezi výpočty'!E32))-1)","v":0.7133291017308806},{"$f":"F32*(COSH('Zadání vstupních údajů'!$N$12/(2*'Mezi výpočty'!F32))-1)","v":0.72917127406926308},{"$f":"G32*(COSH('Zadání vstupních údajů'!$N$12/(2*'Mezi výpočty'!G32))-1)","v":0.74554071635747821},{"$f":"H32*(COSH('Zadání vstupních údajů'!$N$12/(2*'Mezi výpočty'!H32))-1)","v":0.77990960049296332},{"$f":"I32*(COSH('Zadání vstupních údajů'!$N$12/(2*'Mezi výpočty'!I32))-1)","v":0.81652085912415451},{"$f":"J32*(COSH('Zadání vstupních údajů'!$N$12/(2*'Mezi výpočty'!J32))-1)","v":0.85543568883697807},{"$f":"K32*(COSH('Zadání vstupních údajů'!$N$12/(2*'Mezi výpočty'!K32))-1)","v":0.89668533802502925},{"$f":"L32*(COSH('Zadání vstupních údajů'!$N$12/(2*'Mezi výpočty'!L32))-1)","v":0.98612368538555051},{"$f":"M32*(COSH('Zadání vstupních údajů'!$N$12/(2*'Mezi výpočty'!M32))-1)","v":2.8029558595660466},{"$f":"N32*(COSH('Zadání vstupních údajů'!$N$12/(2*'Mezi výpočty'!N32))-1)","v":2.3418535658963373},null,30,3.3,-0.27535914374536258,-0.27535914374536258,0.15291115806076425,10.071729698193874,0.29441023391625221,9.9302306223383852,0.32771460883910131,9.8969262474155357,-0.27535914374536258,7.6233789332022808E-2,8.1484070669226156,0.32598223716135111,7.8986586190932861,0.11477250053457191,8.1098683557200655]
["xA [m]",{"$f":"Rozpeti-B35","v":228.47445578397077},248.13231436910397,240.15584705526476,232.32755899971204,228.47445578397077,224.66511794214387,217.18741630637254,209.91424044936235,202.86593995147368,196.0626335887105,183.26631313849566,{"$f":"Rozpeti-M35","v":100.09196469902702},{"$f":"Rozpeti-N35","v":108.98445992480247},null,31,3.41,-0.28453778187020806,-0.28453778187020806,0.15784530161468374,10.057616916515109,0.30391027548489002,9.9115519426449019,0.33828931735112588,9.8771729007786657,-0.28453778187020806,7.8693704389849933E-2,8.1367685137399413,0.33650104543264009,7.8789611726971511,0.1184759843147081,8.096986233815084]
["xB [m]",{"$f":"Rozpeti/2+B32*(prevyseni_ostatni/(2*B32*SINH(Rozpeti/(2*B32))))","v":-118.47445578397077},-138.13231436910397,-130.15584705526476,-122.32755899971204,-118.47445578397077,-114.66511794214387,-107.18741630637254,-99.914240449362353,-92.865939951473678,-86.062633588710497,{"$f":"Rozpeti/2+L32*(prevyseni_ostatni/(2*L32*SINH(Rozpeti/(2*L32))))","v":-73.266313138495661},{"$f":"Rozpeti/2+M32*(prevyseni_ostatni/(2*M32*SINH(Rozpeti/(2*M32))))","v":9.9080353009729834},{"$f":"Rozpeti/2+N32*(prevyseni_ostatni/(2*N32*SINH(Rozpeti/(2*N32))))","v":1.015540075197535},null,32,3.52,-0.29371641999505343,-0.29371641999505343,0.16276893581066093,10.043514644194286,0.31339008267318996,9.892893497331757,0.34884150252233681,9.8574420774826095,-0.29371641999505343,8.1148380011984128E-2,8.1251351999929629,0.34699744942646088,7.8592861305784858,0.12217157995047764,8.0841120000544695]
["yA [m]",{"$f":"B32*COSH(B34/B32)","v":2086.9889753064222},{"$f":"C32*COSH(C34/C32)","v":2322.7520129419854},2227.0851314927604,2133.1987538087269,2086.9889753064222,2041.3050137811122,1951.6307252508116,1864.4134056796818,1779.8972983396975,1698.3238372122491,{"$f":"L32*COSH(L34/L32)","v":1544.9083607841487},{"$f":"M32*COSH(M34/M32)","v":549.37701916768708},{"$f":"N32*COSH(N34/N32)","v":655.45735829886121},null,33,3.63,-0.30289505811989886,-0.30289505811989886,0.16768206064869581,10.029422881231405,0.32284965548115202,9.8742552863989488,0.35937116435273408,9.837733777527367,-0.30289505811989886,8.359781619842542E-2,8.1135071256816751,0.35747144914281359,7.8396334927372875,0.12585928744188057,8.0712456544382203]
["yB [m]",{"$f":"B32*COSH(B35/B32)","v":2077.7782483391516},{"$f":"C32*COSH(C35/C32)","v":2313.5412854889946},2217.8744042182948,2123.9880267333992,2077.7782483391516,2032.094286927987,1942.4199986455781,1855.202679350786,1770.6865723184042,1689.1131115326239,{"$f":"L32*COSH(L35/L32)","v":1535.6976359004993},{"$f":"M32*COSH(M35/M32)","v":540.16632671324976},{"$f":"N32*COSH(N35/N32)","v":646.24665469362685},null,34,3.74,-0.31207369624474429,-0.31207369624474429,0.17258467612878836,10.015341627626468,0.3322889939087762,9.8556373098464807,0.36987830284231765,9.8180480009129383,-0.31207369624474429,8.6042012949173782E-2,8.1018842908060833,0.36792304458169817,7.820003259173558,0.12953910678891684,8.0583871969663399]
["xV [m]",{"$f":"prevyseni_ostatni/(Rozpeti*SINH(1/B32))","v":-173.4947746176764},-193.1505657645983,-185.17488444704537,-177.34743650106216,-173.4947746176764,-169.68589278842936,-162.20914855665202,-154.93699252397946,-147.88977596443928,-141.08761851181163,{"$f":"prevyseni_ostatni/(Rozpeti*SINH(1/L32))","v":-128.29378891676336},{"$f":"prevyseni_ostatni/(Rozpeti*SINH(1/M32))","v":-45.169920037959969},{"$f":"prevyseni_ostatni/(Rozpeti*SINH(1/N32))","v":-54.049631904726738},null,35,3.85,-0.32125233436958972,-0.32125233436958972,0.17747678225093858,10.001270883379473,0.3417080979560625,9.8370395676743492,0.38036291799108751,9.7983847476393233,-0.32125233436958972,8.8480970264229214E-2,8.0902666953661821,0.37835223574311455,7.8003954298872946,0.13321103799158646,8.0455366276388247]
["h1 [m]",{"$f":"(B35-B38)*(prevyseni_ostatni/Rozpeti)","v":-4.6016993933644654},-4.6015264803504294,-4.6015922182216462,-4.6016624819310961,-4.6016993933644654,-4.6017375325984178,-4.601817606387006,-4.6019029007861523,-4.6019935574480266,-4.6020896481139069,{"$f":"(L35-L38)*(prevyseni_ostatni/Rozpeti)","v":-4.6022979741823837},{"$f":"(M35-M38)*(prevyseni_ostatni/Rozpeti)","v":-4.6065199010743871},{"$f":"(N35-N38)*(prevyseni_ostatni/Rozpeti)","v":-4.6054507474118429},null,36,3.96,-0.33043097249443515,-0.33043097249443515,0.18235837901514648,9.987210648490418,0.35110696762301086,9.8184620598825543,0.39082500979904372,9.7787440177065221,-0.33043097249443515,9.0914688143591729E-2,8.0786543393619734,0.38875902262706286,7.7808100048785018,0.13687508104988946,8.0326939464556748]
["yv [m]",{"$f":"B32*COSH(B38/B32)","v":2081.6535906437243},{"$f":"C32*COSH(C38/C32)","v":2317.4909253463602},2221.7957984288823,2127.8792297187165,2081.6535906437243,2035.9532406653805,1946.2445433431858,1858.9905700121119,1774.4355026786782,1692.8207440420374,{"$f":"L32*COSH(L38/L32)","v":1539.3157255444607},{"$f":"M32*COSH(M38/M32)","v":541.96546368355041},{"$f":"N32*COSH(N38/N32)","v":648.50743104788921},null,37,4.07,-0.33960961061928058,-0.33960961061928058,0.18722946642141208,9.9731609229593072,0.36048560290962145,9.7999047864710978,0.40126457826618628,9.7591258111145329,-0.33960961061928058,9.3343166587261342E-2,8.0670472227934571,0.39914340523354308,7.7612469841471761,0.14053123596382586,8.0198591534168937]
["fv [m]",{"$f":"B37-B40-B39","v":0.7263570887916968},0.65188662298484701,0.68019800763409588,0.71045949661384622,0.7263570887916968,0.74278379520496873,0.77727290877927135,0.81401223946020629,0.85306319717401013,0.89445713870036414,{"$f":"L37-L40-L39","v":0.98420833022097209},{"$f":"M37-M40-M39","v":2.8073829307737359},{"$f":"N37-N40-N39","v":2.3446743931494813},null,38,4.18,-0.34878824874412595,-0.34878824874412595,0.19209004446973529,9.9591217067861386,0.36984400381589394,9.7813677474399796,0.41168162339251496,9.7395301278633593,-0.34878824874412595,9.5766405595237983E-2,8.055445345660635,0.409505383562555,7.7417063676933191,0.14417950273339555,8.0070322485224779]
[null,null,null,null,null,null,null,null,null,null,null,null,null,null,null,39,4.29,-0.35796688686897138,-0.35796688686897138,0.19694011316011623,9.9450929999709139,0.37918217034182866,9.7628509427891998,0.4220761451780301,9.7199569679529993,-0.35796688686897138,9.8184405167521735E-2,8.0438487079635053,0.41984495761409885,7.7221881555169292,0.14781988135859864,7.9942132317724299]
[null,null,null,null,null,null,null,null,null,null,null,null,null,null,null,40,4.4000000000000004,-0.36714552499381686,-0.36714552499381686,0.20177967249255488,9.9310748025136295,0.38850010248742556,9.7443543725187585,0.4324481436227316,9.7004063313834514,-0.36714552499381686,0.10059716530411256,8.0322573097020715,0.43016212738817466,7.7026923476180089,0.15145237183943508,7.9814021031667481]
[null,null,null,null,null,null,null,null,null,null,null,null,null,null,null,41,4.51,-0.37632416311866224,-0.37632416311866224,0.20660872246705117,9.9170671144142872,0.39779780025268452,9.7258780366286537,0.44279761872661932,9.6808782181547191,-0.37632416311866224,0.10300468600501046,8.0206711508763266,0.44045689288478224,7.6832189439965557,0.15507697417590488,7.9685988627054325]
[null,null,null,null,null,null,null,null,null,null,null,null,null,null,null,42,4.62,-0.38550280124350766,-0.38550280124350766,0.21142726308360515,9.9030699356728871,0.4070752636376056,9.7074219351188873,0.45312457048969346,9.6613726282667987,-0.38550280124350766,0.10540696727021544,8.009090231486276,0.45072925410392173,7.6637679446525713,0.15869368836800807,7.9558035103884848]
[null,null,null,null,null,null,null,null,null,null,null,null,null,null,null,43,4.7300000000000004,-0.39468143936835315,-0.39468143936835315,0.21623529434221683,9.889083266289429,0.41633249264218886,9.6889860679894575,0.46342899891195388,9.641889561719692,-0.39468143936835315,0.10780400909972751,7.9975145515319195,0.4609792110455932,7.644339349586053,0.16230251441574464,7.9430160462159023]
[null,null,null,null,null,null,null,null,null,null,null,null,null,null,null,44,4.84,-0.40386007749319852,-0.40386007749319852,0.22103281624288615,9.8751071062639149,0.42556948726643407,9.6705704352403661,0.47371090399340054,9.6224290185134009,-0.40386007749319852,0.11019581149354662,7.9859441110132545,0.47120676370979631,7.6249331587970053,0.16590345231911452,7.9302364701876877]
[null,null,null,null,null,null,null,null,null,null,null,null,null,null,null,45,4.95,-0.41303871561804395,-0.41303871561804395,0.22581982878561321,9.8611414555963428,0.43478624751034156,9.6521750368716148,0.48397028573403367,9.6029909986479236,-0.41303871561804395,0.11258237445167286,7.9743789099302829,0.48141191209653145,7.6055493722854246,0.16949650207811781,7.9174647823038375]
[null,null,null,null,null,null,null,null,null,null,null,null,null,null,null,46,5.0599999999999996,-0.42221735374288932,-0.42221735374288932,0.23059633197039786,9.8471863142867129,0.44398277337391101,9.6337998728832002,0.49420714413385297,9.5835755021232583,-0.42221735374288932,0.11496369797410613,7.9628189482830045,0.49159465620579834,7.5861879900513127,0.17308166369275441,7.904700982564357]
[null,null,null,null,null,null,null,null,null,null,null,null,null,null,null,47,5.17,-0.43139599186773475,-0.43139599186773475,0.23536232579724023,9.833241682335025,0.45315906485714263,9.6154449432751221,0.50442147919285862,9.5641825289394067,-0.43139599186773475,0.1173397820608465,7.9512642260714195,0.50175499603759721,7.5668490120946679,0.17665893716302439,7.8919450709692409]
[null,null,null,null,null,null,null,null,null,null,null,null,null,null,null,48,5.28,-0.44057462999258024,-0.44057462999258024,0.24011781026614032,9.8193075597412793,0.46231512196003643,9.5971102480473824,0.51461329091105057,9.5448120790963689,-0.44057462999258024,0.11971062671189396,7.9397147432955251,0.51189293159192784,7.5475324384154918,0.18022832248892776,7.8791970475184918]
[null,null,null,null,null,null,null,null,null,null,null,null,null,null,null,49,5.39,-0.44975326811742561,-0.44975326811742561,0.24486278537709805,9.8053839465054757,0.4714509446825923,9.5787957871999811,0.52478257928842886,9.5254641525941448,-0.44975326811742561,0.12207623192724847,7.9281704999553257,0.52200846286879043,7.5282382690137846,0.18378981967046448,7.8664569122121106]
[null,null,null,null,null,null,null,null,null,null,null,null,null,null,null,50,5.5,-0.45893190624227104,-0.45893190624227104,0.24959725113011347,9.791470842627616,0.48056653302481028,9.56050156073292,0.53492934432499351,9.5061387494327363,-0.45893190624227104,0.12443659770691007,7.916631496050818,0.53210158986818479,7.5089665038895443,0.18734342870763457,7.8537246650500938]
[null,null,null,null,null,null,null,null,null,null,null,null,null,null,null,51,5.61,-0.46811054436711647,-0.46811054436711647,0.25432120752518661,9.7775682481076966,0.48966188698669044,9.5422275686461937,0.5450535860207445,9.4868358696121398,-0.46811054436711647,0.12679172405087877,7.9050977315820052,0.54217231259011112,7.4897171430427729,0.19088914960043801,7.8410003060324467]
[null,null,null,null,null,null,null,null,null,null,null,null,null,null,null,52,5.72,-0.47728918249196184,-0.47728918249196184,0.25903465456231733,9.7636761629457212,0.49873700656823255,9.5239738109398058,0.55515530437568161,9.467555513132357,-0.47728918249196184,0.1291416109591545,7.8935692065488841,0.5522206310345692,7.4704901864734694,0.19442698234887479,7.8282838351591639]
[null,null,null,null,null,null,null,null,null,null,null,null,null,null,null,53,5.83,-0.48646782061680732,-0.48646782061680732,0.26373759224150578,9.749794587141686,0.50779189176943695,9.5057402876137562,0.5652344993898053,9.4482976799933862,-0.48646782061680732,0.13148625843173734,7.8820459209514553,0.56224654520155926,7.4512856341816329,0.19795692695294498,7.8155752524302482]
[null,null,null,null,null,null,null,null,null,null,null,null,null,null,null,54,5.94,-0.49564645874165275,-0.49564645874165275,0.26843002056275189,9.7359235206955947,0.51682654259030336,9.4875269986680433,0.57529117106311511,9.429062370195231,-0.49564645874165275,0.13382566646862726,7.8705278747897198,0.57225005509108107,7.4321034861672661,0.2014789834126485,7.8028745578456986]
[null,null,null,null,null,null,null,null,null,null,null,null,null,null,null,55,6.05,-0.50482509686649812,-0.50482509686649812,0.27311193952605572,9.7220629636074474,0.52584095903083194,9.4693339441026705,0.58532531939561139,9.4098495837378913,-0.50482509686649812,0.13615983506982424,7.8590150680636777,0.58223116070313485,7.4129437424303672,0.20499315172798541,7.7901817514055169]
[null,null,null,null,null,null,null,null,null,null,null,null,null,null,null,56,6.16,-0.51400373499134355,-0.51400373499134355,0.27778334913141722,9.7082129158772403,0.53483514109102259,9.4511611239176343,0.59533694438729379,9.3906593206213635,-0.51400373499134355,0.1384887642353283,7.8475075007733288,0.5921898620377205,7.3938064029709363,0.20849943189895564,7.7774968331097014]
[null,null,null,null,null,null,null,null,null,null,null,null,null,null,null,57,6.2700000000000005,-0.52318237311618898,-0.52318237311618898,0.28244424937883639,9.6943733775049754,0.5438090887708753,9.4330085381129365,0.60532604603816265,9.3714915808456478,-0.52318237311618898,0.14081245396513944,7.8360051729186715,0.60212615909483791,7.3746914677889732,0.21199782392555927,7.764819802958252]
[null,null,null,null,null,null,null,null,null,null,null,null,null,null,null,58,6.38,-0.53236101124103441,-0.53236101124103441,0.28709464026831322,9.6805443484906526,0.55276280207039019,9.4148761866885753,0.61529262434821774,9.3523463644107476,-0.53236101124103441,0.14313090425925765,7.8245080844997084,0.61204005187448729,7.3555989368844781,0.21548832780779625,7.7521506609511697]
[null,null,null,null,null,null,null,null,null,null,null,null,null,null,null,59,6.49,-0.54153964936587984,-0.54153964936587984,0.29173452179984782,9.6667258288342719,0.56169628098956725,9.3967640696445525,0.62523667931745941,9.3332236713166594,-0.54153964936587984,0.14544411511768299,7.8130162355164368,0.62193154037666853,7.3365288102574517,0.21897094354566662,7.7394894070884535]
[null,null,null,null,null,null,null,null,null,null,null,null,null,null,null,60,6.6,-0.55071828749072516,-0.55071828749072516,0.29636389397343998,9.6529178185358351,0.57060952552840638,9.3786721869808698,0.63515821094588709,9.3141235015633885,-0.55071828749072516,0.14775208654041533,7.8015296259688602,0.63180062460138164,7.3174810879078933,0.2224456711391703,7.7268360413701052]
[null,null,null,null,null,null,null,null,null,null,null,null,null,null,null,61,6.71,-0.5598969256155707,-0.5598969256155707,0.30098275678908987,9.6391203175953404,0.57950253568690757,9.360600538697522,0.64505721923350112,9.2950458551509296,-0.5598969256155707,0.15005481852745478,7.7900482558569744,0.64164730454862651,7.2984557698358028,0.22591251058830739,7.7141905637961221]
[null,null,null,null,null,null,null,null,null,null,null,null,null,null,null,62,6.82,-0.56907556374041612,-0.56907556374041612,0.30559111024679747,9.625333326012786,0.58837531146507094,9.3425491247945125,0.65493370418030161,9.2759907320792827,-0.56907556374041612,0.15235231107880132,7.7785721251807836,0.65147158021840335,7.2794528560411811,0.22937146189307783,7.701552974366507]
[null,null,null,null,null,null,null,null,null,null,null,null,null,null,null,63,6.93,-0.57825420186526144,-0.57825420186526144,0.31018895434656268,9.6115568437881755,0.59722785286289626,9.3245179452718414,0.66478766578628823,9.2569581323484496,-0.57825420186526144,0.15464456419445491,7.7671012339402843,0.66127345161071194,7.2604723465240264,0.23282252505348158,7.6889232730812562]
[null,null,null,null,null,null,null,null,null,null,null,null,null,null,null,64,{"$f":"(Rozpeti/1000)*P67","v":7.04},{"$f":"$R$2*Q67","v":-0.58743283999010687},-0.58743283999010687,{"$f":"($Q67*(Rozpeti-$Q67))/(2*$C$11)","v":0.31477628908838562},9.5977908709215072,{"$f":"($Q67*(Rozpeti-$Q67))/(2*$M$11)","v":0.60606015988038386},9.3065070001295087,{"$f":"($Q67*(Rozpeti-$Q67))/(2*$L$11)","v":0.6746191040514613},9.2379480559584319,-0.58743283999010687,{"$f":"($Q67*(Rozpeti-$Q67))/(2*$C$32)","v":0.15693157787441558},7.7556355821354783,{"$f":"($Q67*(Rozpeti-$Q67))/(2*$M$32)","v":0.67105291872555251},7.2415142412843414,{"$f":"($Q67*(Rozpeti-$Q67))/(2*$L$32)","v":0.23626570006951875},7.6763014599403752]
[null,null,null,null,null,null,null,null,null,null,null,null,null,null,null,65,7.15,-0.59661147811495241,-0.59661147811495241,0.31935311447226622,9.5840354074127809,0.61487223251753353,9.2885162893675126,0.68442801897582062,9.2189605029092263,-0.59661147811495241,0.15921335211868334,7.7441751697663639,0.68080998156292483,7.2225785403221225,0.23970098694118924,7.6636875349438585]
[null,null,null,null,null,null,null,null,null,null,null,null,null,null,null,66,7.26,-0.60579011623979773,{"$f":"$S$3*Q69","v":-0.60579011623979773},0.32391943049820449,{"$f":"$U$3-T69+$S69","v":9.5702904532619986},0.62366407077434538,{"$f":"$W$3-V69+$S69","v":9.2705458129858567},0.69421441055936628,{"$f":"$Y$3-X69+$S69","v":9.1999954732008362},{"$f":"$Z$3*Q69","v":-0.60579011623979773},0.16148988692725819,{"$f":"$AB$3-AA69+$Z69","v":7.7327199968329436},0.69054464012282912,{"$f":"$AD$3-AC69+$Z69","v":7.2036652436373725},0.24312838566849312,{"$f":"$AF$3-AE69+$Z69","v":7.6510814980917088}]
[null,null,null,null,null,null,null,null,null,null,null,null,null,null,null,67,7.37,-0.61496875436464316,-0.61496875436464316,0.32847523716620047,9.5565560084691565,0.63243567465081929,9.2525955709845373,0.70397827880209829,9.1810529668332581,-0.61496875436464316,0.16376118230014011,7.7212700633352167,0.70025689440526528,7.1847743512300921,0.24654789625143039,7.638483349383927]
[null,null,null,null,null,null,null,null,null,null,null,null,null,null,null,68,7.48,-0.62414739248948858,-0.62414739248948858,0.33302053447625413,9.5428320730342566,0.64118704414695527,9.2346655633635564,0.71371962370401665,9.1621329838064955,-0.62414739248948858,0.16602723823732912,7.7098253692731813,0.70994674441023331,7.1659058631002779,0.24995951869000099,7.6258930888205096]
[null,null,null,null,null,null,null,null,null,null,null,null,null,null,null,69,7.59,-0.63332603061433401,-0.63332603061433401,0.33755532242836539,9.5291186469573006,0.64991817926275341,9.216755790122912,0.72343844526512113,9.143235524120545,-0.63332603061433401,0.16828805473882516,7.6983859146468401,0.71961419013773309,7.1470597792479325,0.25336325298420498,7.6133107164014611]
[null,null,null,null,null,null,null,null,null,null,null,null,null,null,null,70,7.7,-0.64250466873917944,-0.64250466873917944,0.34207960102253449,9.5154157302382849,0.65862907999821374,9.198866251262606,0.73313474348541219,9.1243605877754081,-0.64250466873917944,0.17054363180462834,7.6869516994561922,0.72925923158776496,7.1282360996730558,0.25675909913404232,7.6007362321267786]
[null,null,null,null,null,null,null,null,null,null,null,null,null,null,null,71,7.81,-0.65168330686402487,-0.65168330686402487,0.34659337025876114,9.5017233228772149,0.66731974635333602,9.1809969467826402,0.74280851836488937,9.1055081747710869,-0.65168330686402487,0.17279396943473854,7.6755227237012358,0.73888186876032846,7.1094348243756462,0.26014705713951297,7.5881696359964623]
[null,null,null,null,null,null,null,null,null,null,null,null,null,null,null,72,7.92,-0.6608619449888703,-0.6608619449888703,0.35109663013704551,9.4880414248740852,0.67599017832812047,9.1631478766830092,0.75245976990355301,9.0866782851075776,-0.6608619449888703,0.17503906762915586,7.6640989873819745,0.74848210165542395,7.0906559533557063,0.26352712700061709,7.5756109280105122]
[null,null,null,null,null,null,null,null,null,null,null,null,null,null,null,73,8.0299999999999994,-0.67004058311371562,-0.67004058311371562,0.35558938065738749,9.4743700362288976,0.68464037592256699,9.1453190409637166,0.76208849810140278,9.0678709187848821,-0.67004058311371562,0.17727892638788023,7.6526804904984047,0.75805993027305119,7.0718994866132334,0.26689930871735446,7.5630601081689299]
[null,null,null,null,null,null,null,null,null,null,null,null,null,null,null,74,8.14,-0.67921922123856115,-0.67921922123856115,0.36007162181978725,9.4607091569416504,0.6932703391366758,9.1275104396247624,0.771694702958439,9.0490860758030003,-0.67921922123856115,0.17951354571091171,7.6412672330505274,0.7676153546132104,7.0531654241482284,0.27026360228972529,7.5505171764717129]
[null,null,null,null,null,null,null,null,null,null,null,null,null,null,null,75,8.25,-0.68839785936340658,-0.68839785936340658,0.36454335362424467,9.4470587870123488,0.70188006797044655,9.1097220726661465,0.78127838447466158,9.0303237561619305,-0.68839785936340658,0.18174292559825023,7.6298592150383433,0.77714837467590148,7.0344537659606923,0.27362000771772943,7.5379821329188639]
[null,null,null,null,null,null,null,null,null,null,null,null,null,null,null,76,8.36,-0.6975764974882519,-0.6975764974882519,0.3690045760707597,9.4334189264409893,0.71046956242387949,9.0919539400878691,0.79083954265007039,9.011583959861678,-0.6975764974882519,0.18396706604989585,7.6184564364618526,0.78665899046112442,7.0157645120506231,0.27696852500136693,7.5254549775103809]
[null,null,null,null,null,null,null,null,null,null,null,null,null,null,null,77,8.4700000000000006,-0.70675513561309744,-0.70675513561309744,0.37345528915933252,9.4197895752275702,0.71903882249697459,9.0742060418899282,0.80037817748466555,8.9928666869022376,-0.70675513561309744,0.18618596706584856,7.6070588973210551,0.79614720196887923,6.9970976624180228,0.28030915414063778,7.5129357102462659]
[null,null,null,null,null,null,null,null,null,null,null,null,null,null,null,78,8.58,-0.71593377373794276,-0.71593377373794276,0.37789549288996299,9.406170733372095,0.72758784818973177,9.0564783780723257,0.80989428897844706,8.9741719372836108,-0.71593377373794276,0.18839962864610832,7.5956665976159492,0.8056130091991659,6.9784532170628912,0.28364189513554205,7.5004243311265153]
[null,null,null,null,null,null,null,null,null,null,null,null,null,null,null,79,8.69,-0.72511241186278819,-0.72511241186278819,0.38232518726265102,9.3925624008745601,0.73611663950215089,9.0387709486350598,0.8193878771314147,8.9554997110057961,-0.72511241186278819,0.19060805079067514,7.5842795373465357,0.81505641215198432,6.9598311759852276,0.28696674798607963,7.4879208401511317]
[null,null,null,null,null,null,null,null,null,null,null,null,null,null,null,80,8.8000000000000007,-0.73429104998763373,-0.73429104998763373,0.38674437227739689,9.3789645777349691,0.74462519643423242,9.0210837535781341,0.82885894194356891,8.9368500080687969,-0.73429104998763373,0.1928112334995491,7.5728977165128173,0.82447741082733483,6.9412315391850319,0.29028371269225062,7.475425237320116]
[null,null,null,null,null,null,null,null,null,null,null,null,null,null,null,81,8.91,-0.74346968811247904,-0.74346968811247904,0.39115304793420036,9.3653772639533219,0.75311351898597589,9.003416792901545,0.83830748341490935,8.9182228284726133,-0.74346968811247904,0.19500917677273008,7.5615211351147904,0.8338760052252171,6.9226543066623041,0.29359278925405491,7.4629375226334664]
[null,null,null,null,null,null,null,null,null,null,null,null,null,null,null,82,9.02,-0.75264832623732447,-0.75264832623732447,0.3955512142330615,9.3518004595296151,0.76158160715738143,8.9857700666052942,0.84773350154543603,8.8996181722172398,-0.75264832623732447,0.19720188061021818,7.5501497931524586,0.84325219534563123,6.9040994784170451,0.29689397767149261,7.450457696091183]
[null,null,null,null,null,null,null,null,null,null,null,null,null,null,null,83,9.1300000000000008,-0.76182696436217001,-0.76182696436217001,0.39993887117398036,9.3382341644638505,0.77002946094844926,8.9681435746893801,0.85713699633514917,8.8810360393026802,-0.76182696436217001,0.19938934501201333,7.5387836906258165,0.85260598118857722,6.8855670544492531,0.30018727794456368,7.4379857576932658]
[null,null,null,null,null,null,null,null,null,null,null,null,null,null,null,84,9.24,-0.77100560248701533,-0.77100560248701533,0.40431601875695689,9.3246783787560279,0.77845708035917904,8.9505373171538061,0.86651796778404844,8.862476429728936,-0.77100560248701533,0.20157156997811557,7.5274228275348687,0.86193736275405508,6.867057034758929,0.3034726900732681,7.4255217074397155]
[null,null,null,null,null,null,null,null,null,null,null,null,null,null,null,85,9.35,-0.78018424061186076,-0.78018424061186076,0.40868265698199102,9.3111331024061474,0.78686446538957089,8.9329512939985687,0.87587641589213405,8.8439393434960039,-0.78018424061186076,0.20374855550852486,7.5160672038796141,0.87124634004206469,6.8485694193460747,0.30675021405760583,7.4130655453305332]
[null,null,null,null,null,null,null,null,null,null,null,null,null,null,null,86,9.4600000000000009,-0.7893628787367063,-0.7893628787367063,0.41303878584908288,9.2975983354142109,0.79525161603962491,8.9153855052236679,0.88521234065940602,8.8254247806038872,-0.7893628787367063,0.20592030160324123,7.5047168196600529,0.88053291305260628,6.8301042082106873,0.31001984989757697,7.400617271365717]
[null,null,null,null,null,null,null,null,null,null,null,null,null,null,null,87,9.57,-0.79854151686155161,-0.79854151686155161,0.41738440535823251,9.2840740777802164,0.80361853230934122,8.8978399508291073,0.89452574208586455,8.8069327410525844,-0.79854151686155161,0.20808680826226475,7.4933716748761841,0.88979708178567984,6.8116614013527679,0.31328159759318153,7.3881768855452661]
[null,null,null,null,null,null,null,null,null,null,null,null,null,null,null,88,9.68,-0.80772015498639704,-0.80772015498639704,0.4217195155094397,9.2705603295041641,0.81196521419871936,8.8803146308148833,0.90381662017150899,8.7884632248420935,-0.80772015498639704,0.21024807548559524,7.4820317695280085,0.89903884624128505,6.7932409987723181,0.31653545714441933,7.3757443878691831]
[null,null,null,null,null,null,null,null,null,null,null,null,null,null,null,89,9.7900000000000009,-0.81689879311124247,-0.81689879311124247,0.42604411630270467,9.2570570905860521,0.82029166170775991,8.8628095451809976,0.91308497491634,8.7700162319724182,-0.81689879311124247,0.21240410327323289,7.4706971036155245,0.90825820641942234,6.7748430004693354,0.3197814285512906,7.3633197783374662]
[null,null,null,null,null,null,null,null,null,null,null,null,null,null,null,90,9.9,-0.8260774312360879,-0.8260774312360879,0.43035820773802719,9.243564361025884,0.82859787483646241,8.8453246939274486,0.92233080632035724,8.7515917624435549,-0.8260774312360879,0.21455489162517757,7.4593676771387347,0.91745516232009128,6.7564674064438215,0.32301951181379518,7.3509030569501164]
[null,null,null,null,null,null,null,null,null,null,null,null,null,null,null,91,10.01,-0.83525606936093322,-0.83525606936093322,0.43466178981540743,9.230082140823658,0.83688385358482686,8.8278600770542397,0.93155411438356073,8.7331898162555071,-0.83525606936093322,0.21670044054142934,7.4480434900976382,0.92662971394329208,6.7381142166957746,0.32624970693193306,7.3384942237071344]
[null,null,null,null,null,null,null,null,null,null,null,null,null,null,null,92,10.119999999999999,-0.84443470748577865,-0.84443470748577865,0.43895486253484539,9.2166104299793759,0.8451495979528536,8.8104156945613674,0.94075489910595067,8.7148103934082712,-0.84443470748577865,0.21884075002198819,7.4367245424922332,0.93578186128902496,6.7197834312251965,0.32947201390570441,7.3260932786085169]
[null,null,null,null,null,null,null,null,null,null,null,null,null,null,null,93,10.23,-0.85361334561062419,-0.85361334561062419,0.44323742589634108,9.2031492284930358,0.85339510794054263,8.7929915464488335,0.94993316048752696,8.6964534939018492,-0.85361334561062419,0.22097582006685415,7.4254108343225216,0.9449116043572896,6.7014750500320863,0.33268643273510912,7.3137002216542673]
[null,null,null,null,null,null,null,null,null,null,null,null,null,null,null,94,10.34,-0.8627919837354695,-0.8627919837354695,0.44750947989989437,9.1896985363646362,0.86162038354789361,8.7755876327166362,0.95908889852828949,8.6781191177362409,-0.8627919837354695,0.22310565067602717,7.4141023655885032,0.95401894314808622,6.6831890731164441,0.33589296342014718,7.3013150528443838]
[null,null,null,null,null,null,null,null,null,null,null,null,null,null,null,95,10.45,-0.87197062186031493,-0.87197062186031493,0.45177102454550533,9.1762583535941786,0.86982542477490654,8.7582039533647773,0.96822211322823815,8.6598072649114464,-0.87197062186031493,0.22523024184950721,7.4027991362901773,0.96310387766141436,6.6649255004782706,0.3390916059608185,7.2889377721788655]
[null,null,null,null,null,null,null,null,null,null,null,null,null,null,null,96,10.56,-0.88114925998516047,-0.88114925998516047,0.45602205983317401,9.162828680181665,0.87801023162158176,8.7408405083932568,0.97733280458737337,8.6415179354274656,-0.88114925998516047,0.22734959358729437,7.3915011464275446,0.97216640789727471,6.646684332117565,0.34228236035712328,7.276568379657717]
[null,null,null,null,null,null,null,null,null,null,null,null,null,null,null,97,10.67,-0.89032789811000579,-0.89032789811000579,0.46026258576290041,9.1494095161270952,0.88617480408791915,8.7234972978020764,0.98642097260569495,8.6232511292843004,-0.89032789811000579,0.22946370588938866,7.3802083960006053,0.98120653385566692,6.6284655680343274,0.34546522660906148,7.2642068752809328]
[null,null,null,null,null,null,null,null,null,null,null,null,null,null,null,98,10.78,-0.89950653623485122,-0.89950653623485122,0.46449260233468437,9.136000861430464,0.8943191421739185,8.7061743215912308,0.99548661728320265,8.6050068464819471,-0.89950653623485122,0.23157257875578996,7.3689208850093593,0.99022425553659077,6.6102692082285586,0.34864020471663293,7.2518532590485165]
[null,null,null,null,null,null,null,null,null,null,null,null,null,null,null,99,10.89,-0.90868517435969665,-0.90868517435969665,0.4687121095485261,9.1226027160917766,0.90244324587958002,8.6888715797607237,1.0045297386198968,8.5867850870204059,-0.90868517435969665,0.23367621218649837,7.3576386134538048,0.99921957294004671,6.5920952527002568,0.35180729467983779,7.2395075309604664]
[null,null,null,null,null,null,null,null,null,null,null,null,null,null,null,100,11,-0.91786381248454207,-0.91786381248454207,0.4729211074044255,9.1092150801110314,0.91054711520490372,8.6715890723105531,1.0135503366157772,8.5685858508996802,-0.91786381248454207,0.23577460618151383,7.3463615813339445,1.0081924860660343,6.5739437014494229,0.35496649649867601,7.2271696910167815]
[null,null,null,null,null,null,null,null,null,null,null,null,null,null,null,101,11.11,-0.92704245060938739,-0.92704245060938739,0.47711959590238251,9.0958379534882301,0.91863075014988937,8.6543267992407227,1.0225484112708438,8.5504091381197682,-0.92704245060938739,0.23786776074083635,7.3350897886497757,1.0171429949145538,6.5558145544760587,0.35811781017314753,7.2148397392174646]
[null,null,null,null,null,null,null,null,null,null,null,null,null,null,null,102,11.22,-0.93622108873423293,-0.93622108873423293,0.4813075750423973,9.0824713362233709,0.92669415071453731,8.6370847605512306,1.0315239625850969,8.53225494868067,-0.93622108873423293,0.23995567586446601,7.3238232354013002,1.0260710994856055,6.5377078117801615,0.36126123570325253,7.2025176755625138]
[null,null,null,null,null,null,null,null,null,null,null,null,null,null,null,103,11.33,-0.94539972685907836,-0.94539972685907836,0.48548504482446975,9.069115228316452,0.93473731689884731,8.6198629562420752,1.0404769905585363,8.5141232825823856,-0.94539972685907836,0.24203835155240272,7.3125619215885198,1.0349767997791888,6.5196234733617331,0.36439677308899082,7.1902035000519309]
[null,null,null,null,null,null,null,null,null,null,null,null,null,null,null,104,11.44,-0.95457836498392368,-0.95457836498392368,0.48965200524859981,9.055769629767477,0.94276024870281938,8.6026613863132564,1.0494074951911621,8.4960141398249149,-0.95457836498392368,0.24411578780464649,7.3013058472114292,1.0438600957953039,6.5015615392207726,0.36752442233036248,7.1778972126857141]
[null,null,null,null,null,null,null,null,null,null,null,null,null,null,null,105,11.55,-0.96375700310876922,-0.96375700310876922,0.49380845631478765,9.0424345405764424,0.95076294612645362,8.5854800507647777,1.0583154764829741,8.4779275204082563,-0.96375700310876922,0.24618798462119737,7.2900550122700327,1.0527209875339509,6.4835220093572801,0.37064418342736755,7.1655988134638626]
[null,null,null,null,null,null,null,null,null,null,null,null,null,null,null,106,11.66,-0.97293564123361465,-0.97293564123361465,0.49795439802303315,9.0291099607433516,0.95874540916975004,8.5683189495966339,1.0672009344339723,8.4598634243324131,-0.97293564123361465,0.24825494200205531,7.2788094167643296,1.0615594749951298,6.4655048837712554,0.37375605638000597,7.153308302386379]
[null,null,null,null,null,null,null,null,null,null,null,null,null,null,null,107,11.77,-0.98211427935845996,-0.98211427935845996,0.50208983037333632,9.0157958902682047,0.96670763783270841,8.551178082808832,1.0760638690441571,8.4418218515973837,-0.98211427935845996,0.25031665994722035,7.2675690606943197,1.0703755581788408,6.4475101624626996,0.37686004118827771,7.1410256794532616]
[null,null,null,null,null,null,null,null,null,null,null,null,null,null,null,108,11.88,-0.9912929174833055,-0.9912929174833055,0.5062147533656971,9.0024923291509982,0.97464963211532896,8.5340574504013667,1.084904280313528,8.4238028022031664,-0.9912929174833055,0.2523731384566924,7.2563339440600023,1.0791692370850832,6.4295378454316108,0.3799561378521828,7.1287509446645112]
[null,null,null,null,null,null,null,null,null,null,null,null,null,null,null,109,11.99,-1.0004715556081509,-1.0004715556081509,0.51032916700011566,8.9891992773917337,0.98257139201761168,8.5169570523742379,1.0937221682420852,8.4058062761497645,-1.0004715556081509,0.25442437753047159,7.2451040668613782,1.0879405117138579,6.4115879326779917,0.3830443463717213,7.1164840980201287]
[null,null,null,null,null,null,null,null,null,null,null,null,null,null,null,110,12.1,-1.0096501937329962,-1.0096501937329962,0.51443307127659177,8.9759167349904114,0.99047291753955646,8.4998768887274476,1.1025175328298289,8.3878322734371746,-1.0096501937329962,0.25647037716855786,7.2338794290984456,1.0966893820651642,6.3936604242018396,0.38612466674689316,7.1042251395201106]
[null,null,null,null,null,null,null,null,null,null,null,null,null,null,null,111,12.21,-1.0188288318578418,-1.0188288318578418,0.51852646619512555,8.962644701947033,0.99835420868116309,8.4828169594609939,1.1112903740767586,8.3698807940653985,-1.0188288318578418,0.25851113737095111,7.2226600307712072,1.1054158481390022,6.3757553200031563,0.38919709897769827,7.0919740691644595]
[null,null,null,null,null,null,null,null,null,null,null,null,null,null,null,112,12.32,-1.0280074699826871,-1.0280074699826871,0.52260935175571721,8.9493831782615949,1.0062152654424323,8.4657772645748821,1.1200406919828749,8.351951838034438,-1.0280074699826871,0.2605466581376516,7.2114458718796621,1.1141199099353727,6.35787262008194,0.39226164306413697,7.0797308869531763]
[null,null,null,null,null,null,null,null,null,null,null,null,null,null,null,113,12.43,-1.0371861081075324,-1.0371861081075324,0.52668172795836632,8.9361321639341025,1.0140560878233631,8.4487578040691051,1.1287684865481773,8.3340454053442912,-1.0371861081075324,0.26257693946865901,7.2002369524238095,1.1228015674542742,6.3400123244381934,0.39531829900620874,7.0674955928862584]
[null,null,null,null,null,null,null,null,null,null,null,null,null,null,null,114,12.540000000000001,-1.046364746232378,-1.046364746232378,0.53074359480307332,8.9228916589645486,1.0218766758239566,8.4317585779436648,1.1374737577726661,8.3161614959949564,-1.046364746232378,0.26460198136397362,7.1890332724036483,1.1314608206957082,6.3221744330719138,0.39836706680391415,7.0552681869637084]
[null,null,null,null,null,null,null,null,null,null,null,null,null,null,null,115,12.65,-1.0555433843572235,-1.0555433843572235,0.53479495228983787,8.9096616633529386,1.0296770294442119,8.4147795861985646,1.1461565056563414,8.2983001099864353,-1.0555433843572235,0.26662178382359519,7.1778348318191814,1.1400976696596739,6.3043589459831022,0.40140794645725275,7.0430486691855236]
[null,null,null,null,null,null,null,null,null,null,null,null,null,null,null,116,12.76,-1.0647220224820688,-1.0647220224820688,0.53883580041865997,8.8964421770992708,1.0374571486841293,8.397820828833801,1.1548167301992027,8.280461247318728,-1.0647220224820688,0.26863634684752391,7.1666416306704068,1.1487121143461714,6.2865658631717594,0.40444093796622477,7.0308370395517059]
[null,null,null,null,null,null,null,null,null,null,null,null,null,null,null,117,12.87,-1.0739006606069141,-1.0739006606069141,0.54286613918953996,8.883233200203545,1.0452170335437088,8.3808823058493758,1.1634544314012505,8.2626449079918345,-1.0739006606069141,0.27064567043575971,7.1554536689573256,1.1573041547552008,6.2687951846378853,0.40746604133083014,7.0186332980622561]
[null,null,null,null,null,null,null,null,null,null,null,null,null,null,null,118,12.98,-1.0830792987317597,-1.0830792987317597,0.54688596860247762,8.8700347326657631,1.0529566840229507,8.3639640172452907,1.1720696092624847,8.2448510920057565,-1.0830792987317597,0.2726497545883026,7.1442709466799377,1.1658737908867622,6.2510469103814783,0.41048325655106893,7.0064374447171707]
[null,null,null,null,null,null,null,null,null,null,null,null,null,null,null,119,13.09,-1.092257936856605,-1.092257936856605,0.55089528865747295,8.8568467744859216,1.0606761001218543,8.3470659630215405,1.1806622637829052,8.2270797993604905,-1.092257936856605,0.27464859930515251,7.1330934638382431,1.1744210227408554,6.2333210404025401,0.41349258362694102,6.9942494795164549]
[null,null,null,null,null,null,null,null,null,null,null,null,null,null,null,120,13.2,-1.1014365749814503,-1.1014365749814503,0.55489409935452594,8.843669325664024,1.0683752818404204,8.3301881431781286,1.1892323949625119,8.2093310300560383,-1.1014365749814503,0.27664220458630956,7.12192122043224,1.1829458503174803,6.2156175747010689,0.41649402255844653,6.9820694024601035]
[null,null,null,null,null,null,null,null,null,null,null,null,null,null,null,121,13.31,-1.1106152131062959,-1.1106152131062959,0.55888240069363659,8.8305023862000667,1.0760542291786483,8.3133305577150551,1.197780002801305,8.191604784092398,-1.1106152131062959,0.27863057043177364,7.1107542164619293,1.1914482736166372,6.1979365132770674,0.41948757334558534,6.9698972135481192]
[null,null,null,null,null,null,null,null,null,null,null,null,null,null,null,122,13.42,-1.1197938512311414,-1.1197938512311414,0.56286019267480492,8.8173459560940532,1.0837129421365383,8.29649320663232,1.2063050872992842,8.1739010614695733,-1.1197938512311414,0.2806136968415448,7.0995924519273137,1.1999282926383259,6.1802778561305329,0.42247323598835751,6.957732912780501]
[null,null,null,null,null,null,null,null,null,null,null,null,null,null,null,123,13.53,-1.1289724893559867,-1.1289724893559867,0.5668274752980309,8.8042000353459837,1.0913514207140906,8.2796760899299233,1.2148076484564501,8.1562198621875641,-1.1289724893559867,0.2825915838156231,7.0884359268283896,1.2083859073825467,6.1626416032614664,0.42545101048676309,6.9455765001572507]
[null,null,null,null,null,null,null,null,null,null,null,null,null,null,null,124,13.64,-1.1381511274808322,-1.1381511274808322,0.57078424856331467,8.7910646239558528,1.0989696649113052,8.2628792076078632,1.2232876862728019,8.1385611862463669,-1.1381511274808322,0.28456423135400843,7.0772846411651607,1.2168211178492991,6.1450277546698686,0.42842089684080203,6.9334279756783666]
[null,null,null,null,null,null,null,null,null,null,null,null,null,null,null,125,13.75,-1.1473297656056776,-1.1473297656056776,0.57473051247065599,8.7779397219236657,1.1065676747281816,8.2461025596661415,1.2317452007483403,8.1209250336459817,-1.1473297656056776,0.28653163945670085,7.0661385949376214,1.2252339240385834,6.1274363103557388,0.43138289505047428,6.9212873393438485]
[null,null,null,null,null,null,null,null,null,null,null,null,null,null,null,126,13.86,-1.1565084037305229,-1.1565084037305229,0.57866626702005497,8.7648253292494225,1.1141454501647201,8.2293461461047563,1.2401801918830648,8.1033114043864121,-1.1565084037305229,0.28849380812370029,7.0549977881457764,1.2336243259503996,6.1098672703190768,0.43433700511577994,6.9091545911536976]
[null,null,null,null,null,null,null,null,null,null,null,null,null,null,null,127,13.97,-1.1656870418553684,-1.1656870418553684,0.58259151221151184,8.7517214459331196,1.1217029912209211,8.2126099669237096,1.2485926596769761,8.0857202984676544,-1.1656870418553684,0.29045073735500693,7.0438622207896247,1.2419923235847479,6.0923206345598837,0.43728322703671901,6.8970297311079127]
[null,null,null,null,null,null,null,null,null,null,null,null,null,null,null,128,{"$f":"(Rozpeti/1000)*P131","v":14.08},{"$f":"$R$2*Q131","v":-1.1748656799802137},-1.1748656799802137,{"$f":"($Q131*(Rozpeti-$Q131))/(2*$C$11)","v":0.58650624804502616},8.7386280719747607,{"$f":"($Q131*(Rozpeti-$Q131))/(2*$M$11)","v":1.1292402978967837},8.195894022123003,{"$f":"($Q131*(Rozpeti-$Q131))/(2*$L$11)","v":1.2569826041300731},8.068151715889714,-1.1748656799802137,{"$f":"($Q131*(Rozpeti-$Q131))/(2*$C$32)","v":0.29240242715062054},7.0327318928691662,{"$f":"($Q131*(Rozpeti-$Q131))/(2*$M$32)","v":1.2503379169416278},6.0747964030781585,{"$f":"($Q131*(Rozpeti-$Q131))/(2*$L$32)","v":0.44022156081329133},6.884912759206494]
[null,null,null,null,null,null,null,null,null,null,null,null,null,null,null,129,14.19,-1.1840443181050593,-1.1840443181050593,0.59041047452059825,8.725545207374342,1.1367573701923086,8.179198311702633,1.2653500252423566,8.0506056566525839,-1.1840443181050593,0.29434887751054123,7.0216068043843993,1.2586611060210395,6.0572945758739021,0.44315200644549702,6.8728036754494433]
[null,null,null,null,null,null,null,null,null,null,null,null,null,null,null,130,14.3,-1.1932229562299048,{"$f":"$S$3*Q133","v":-1.1932229562299048},0.59430419163822812,{"$f":"$U$3-T133+$S133","v":8.7124728521318673},1.1442542081074958,{"$f":"$W$3-V133+$S133","v":8.1625228356625996},1.2736949230138268,{"$f":"$Y$3-X133+$S133","v":8.0330821207562693},{"$f":"$Z$3*Q133","v":-1.1932229562299048},0.29629008843476906,{"$f":"$AB$3-AA133+$Z133","v":7.0104869553353257},1.2669618908229834,{"$f":"$AD$3-AC133+$Z133","v":6.0398151529471118},0.44607456393333622,{"$f":"$AF$3-AE133+$Z133","v":6.8607024798367586}]
[null,null,null,null,null,null,null,null,null,null,null,null,null,null,null,131,14.41,-1.2024015943547501,-1.2024015943547501,0.59818739939791554,8.6994110062473347,1.1517308116423448,8.1458675940029046,1.2820172974444828,8.0155811082007666,-1.2024015943547501,0.29822605992330392,6.9993723457219463,1.2752402713474589,6.0223581342977912,0.44898923327680862,6.848609172368441]
[null,null,null,null,null,null,null,null,null,null,null,null,null,null,null,132,14.52,-1.2115802324795955,-1.2115802324795955,0.60206009779966063,8.6863596697207424,1.1591871807968561,8.129232586723548,1.2903171485343254,7.9981026189860787,-1.2115802324795955,0.30015679197614586,6.9882629755442585,1.2834962475944662,6.0049235199259385,0.45189601447591443,6.8365237530444896]
[null,null,null,null,null,null,null,null,null,null,null,null,null,null,null,133,14.63,-1.220758870604441,-1.220758870604441,0.6059222868434635,8.6733188425520957,1.1666233155710295,8.112617813824528,1.2985944762833543,7.9806466531122053,-1.220758870604441,0.30208228459329495,6.9771588448022639,1.2917298195640055,5.9875113098315538,0.45479490753065371,6.824446221864906]
[null,null,null,null,null,null,null,null,null,null,null,null,null,null,null,134,14.74,-1.2299375087292863,-1.2299375087292863,0.60977396652932403,8.6602885247413894,1.1740392159648652,8.0960232753058499,1.3068492806915697,7.9632132105791449,-1.2299375087292863,0.30400253777475106,6.9660599534959626,1.2999409872560768,5.9701215040146369,0.45768591244102624,6.8123765788296886]
[null,null,null,null,null,null,null,null,null,null,null,null,null,null,null,135,14.85,-1.2391161468541319,-1.2391161468541319,0.61361513685724212,8.647268716288627,1.1814348819783624,8.0794489711675066,1.3150815617589708,7.9458022913868973,-1.2391161468541319,0.3059175515205142,6.9549663016253547,1.3081297506706795,5.9527541024751889,0.46056902920703208,6.8003148239388356]
[null,null,null,null,null,null,null,null,null,null,null,null,null,null,null,136,14.96,-1.2482947849789772,-1.2482947849789772,0.61744579782721787,8.634259417193805,1.1888103136115222,8.0628949014094999,1.3232913194855587,7.9284138955354635,-1.2482947849789772,0.30782732583058442,6.9438778891904374,1.3162961098078143,5.9354091052132087,0.46344425782867138,6.7882609571923513]
[null,null,null,null,null,null,null,null,null,null,null,null,null,null,null,137,15.07,-1.2574734231038227,-1.2574734231038227,0.62126594943925151,8.621260627456925,1.1961655108643443,8.0463610660318334,1.331478553871333,7.9110480230248434,-1.2574734231038227,0.30973186070496184,6.9327947161912142,1.3244400646674814,5.9180865122286956,0.4663115983059441,6.7762149785902324]
[null,null,null,null,null,null,null,null,null,null,null,null,null,null,null,138,15.18,-1.266652061228668,-1.266652061228668,0.62507559169334259,8.6082723470779889,1.2035004737368278,8.0298474650345035,1.339643264916293,7.893704673855038,-1.266652061228668,0.31163115614364617,6.9217167826276862,1.3325616152496798,5.9007863235216522,0.46917105063884995,6.7641768881324813]
[null,null,null,null,null,null,null,null,null,null,null,null,null,null,null,139,15.290000000000001,-1.2758306993535136,-1.2758306993535136,0.62887472458949156,8.595294576056995,1.2108152022289742,8.013354098417512,1.34778545262044,7.8763838480260455,-1.2758306993535136,0.3135252121466377,6.9106440884998479,1.3406607615544104,5.8835085390920758,0.47202261482738939,6.7521466858190964]
[null,null,null,null,null,null,null,null,null,null,null,null,null,null,null,140,15.4,-1.2850093374783589,-1.2850093374783589,0.63266334812769809,8.5823273143939431,1.2181096963407823,7.9968809661808589,1.355905116983773,7.8590855455378676,-1.2850093374783589,0.31541402871393626,6.8995766338077047,1.3487375035816727,5.8662531589399691,0.47486629087156207,6.7401243716500794]
[null,null,null,null,null,null,null,null,null,null,null,null,null,null,null,141,15.51,-1.2941879756032042,-1.2941879756032042,0.63644146230796239,8.5693705620888334,1.2253839560722526,7.9804280683245423,1.3640022580062925,7.8418097663905026,-1.2941879756032042,0.3172976058455419,6.888514418551253,1.3567918413314668,5.8490201830653286,0.47770207877136822,6.7281099456254267]
[null,null,null,null,null,null,null,null,null,null,null,null,null,null,null,142,15.62,-1.3033666137280497,-1.3033666137280497,0.64020906713028414,8.5564243191416658,1.2326379814233848,7.9639954048485659,1.372076875687998,7.8245565105839514,-1.3033666137280497,0.31917594354145462,6.8774574427304955,1.3648237748037928,5.8318096114681577,0.48052997852680757,6.7161034077451429]
[null,null,null,null,null,null,null,null,null,null,null,null,null,null,null,143,15.73,-1.3125452518528953,-1.3125452518528953,0.64396616259466388,8.5434885855524403,1.2398717723941794,7.9475829757529253,1.3801289700288901,7.8073257781182148,-1.3125452518528953,0.32104904180167443,6.8664057063454313,1.3728333039986509,5.8146214441484538,0.48334999013788044,6.7041047580092252]
[null,null,null,null,null,null,null,null,null,null,null,null,null,null,null,144,15.84,-1.3217238899777406,-1.3217238899777406,0.64771274870110118,8.5305633613211587,1.2470853289846362,7.9311907810376239,1.3881585410289685,7.7901175689932911,-1.3217238899777406,0.32291690062620132,6.8553592093960587,1.3808204289160406,5.7974556811062188,0.48616211360458667,6.6921139964176719]
[null,null,null,null,null,null,null,null,null,null,null,null,null,null,null,145,15.95,-1.3309025281025859,-1.3309025281025859,0.65144882544959604,8.5176486464478192,1.2542786511947548,7.91481882070266,1.3961655886882329,7.772931883209182,-1.3309025281025859,0.32477952001503524,6.8443179518823793,1.3887851495559622,5.7803123223414516,0.48896634892692614,6.6801311229704883]
[null,null,null,null,null,null,null,null,null,null,null,null,null,null,null,146,16.059999999999999,-1.3400811662274312,-1.3400811662274312,0.65517439284014867,8.50474444093242,1.2614517390245354,7.8984670947480335,1.4041501130066838,7.7557687207658841,-1.3400811662274312,0.3266368999681763,6.8332819338043915,1.3967274659184157,5.7631913678541533,0.49176269610489903,6.668156137667669]
[null,null,null,null,null,null,null,null,null,null,null,null,null,null,null,147,16.170000000000002,-1.349259804352277,-1.349259804352277,0.65888945087275919,8.4918507447749629,1.2686045924739788,7.8821356031737437,1.4121121139843216,7.7386280816634017,-1.349259804352277,0.32848904048562449,6.8222511551620979,1.4046473780034014,5.7460928176443211,0.49455115513850545,6.6561890405092168]
[null,null,null,null,null,null,null,null,null,null,null,null,null,null,null,148,16.28,-1.3584384424771223,-1.3584384424771223,0.66259399954742715,8.4789675579754498,1.2757372115430838,7.8658243459797932,1.4200515916211449,7.7215099659017321,-1.3584384424771223,0.33033594156737967,6.8112256159554976,1.4125448858109186,5.7290166717119595,0.497331726027745,6.6442298314951325]
[null,null,null,null,null,null,null,null,null,null,null,null,null,null,null,149,16.39,-1.3676170806019676,-1.3676170806019676,0.66628803886415278,8.4660948805338805,1.2828495962318509,7.8495333231661819,1.4279685459171547,7.7044143734808772,-1.3676170806019676,0.33217760321344192,6.8002053161845906,1.4204199893409677,5.7119629300570649,0.50010440877261797,6.6322785106254143]
[null,null,null,null,null,null,null,null,null,null,null,null,null,null,null,150,16.5,-1.3767957187268132,-1.3767957187268132,0.66997156882293618,8.4532327124502515,1.2899417465402803,7.8332625347329063,1.435862976872351,7.687341304400837,-1.3767957187268132,0.33401402542381126,6.7891902558493769,1.4282726885935486,5.6949315926796391,0.50286920337312435,6.6203350779000623]
[null,null,null,null,null,null,null,null,null,null,null,null,null,null,null,151,16.61,-1.3859743568516585,-1.3859743568516585,0.67364458942377714,8.4403810537245647,1.2970136624683715,7.8170119806799701,1.4437348844867335,7.6702907586616078,-1.3859743568516585,0.33584520819848762,6.7781804349498547,1.4361029835686614,5.6779226595796803,0.50562610982926404,6.6083995333190773]
[null,null,null,null,null,null,null,null,null,null,null,null,null,null,null,152,16.72,-1.3951529949765038,-1.3951529949765038,0.67730710066667588,8.42753990435682,1.3040653440161252,7.8007816610073704,1.4515842687603022,7.6532627362631942,-1.3951529949765038,0.33767115153747118,6.7671758534860249,1.4439108742663063,5.6609361307571895,0.50837512814103714,6.5964718768824593]
[null,null,null,null,null,null,null,null,null,null,null,null,null,null,null,153,16.830000000000002,-1.4043316331013496,-1.4043316331013496,0.68095910255163239,8.4147092643470174,1.3110967911835409,7.784571575715109,1.4594111296930576,7.6362572372055926,-1.4043316331013496,0.33949185544076177,6.7561765114578876,1.451696360686483,5.6439720062121665,0.51111625830844365,6.5845521085902075]
[null,null,null,null,null,null,null,null,null,null,null,null,null,null,null,154,16.940000000000001,-1.4135102712261949,-1.4135102712261949,0.68460059507864635,8.4018891336951604,1.3181080039706186,7.768381724803187,1.4672154672849991,7.6192742614888056,-1.4135102712261949,0.34130731990835944,6.7451824088654453,1.4594594428291914,5.6270302859446142,0.51384950033148336,6.5726402284423218]
[null,null,null,null,null,null,null,null,null,null,null,null,null,null,null,155,17.05,-1.4226889093510402,-1.4226889093510402,0.68823157824771819,8.3890795124012421,1.3250989823773585,7.7522121082716016,1.474997281536127,7.6023138091128342,-1.4226889093510402,0.3431175449402642,6.7341935457086954,1.4672001206944318,5.610110969954528,0.51657485421015659,6.5607362364388031]
[null,null,null,null,null,null,null,null,null,null,null,null,null,null,null,156,17.16,-1.4318675474758855,-1.4318675474758855,0.69185205205884759,8.3762804004652676,1.3320697264037606,7.7360627261203536,1.4827565724464411,7.5853758800776738,-1.4318675474758855,0.34492253053647598,6.7232099219876389,1.4749183942822039,5.5932140582419105,0.51929231994446312,6.5488401325796515]
[null,null,null,null,null,null,null,null,null,null,null,null,null,null,null,157,17.27,-1.4410461856007311,-1.4410461856007311,0.69546201651203465,8.3634917978872334,1.3390202360498247,7.719933578349444,1.4904933400159415,7.5684604743833273,-1.4410461856007311,0.34672227669699485,6.7122315377022748,1.4826142635925081,5.576339550806761,0.52200189753440296,6.536951916864866]
[null,null,null,null,null,null,null,null,null,null,null,null,null,null,null,158,17.38,-1.4502248237255764,-1.4502248237255764,0.69906147160727949,8.3507137046671431,1.3459505113155508,7.7038246649588737,1.4982075842446281,7.5515675920297953,-1.4502248237255764,0.3485167834218208,6.7012583928526022,1.4902877286253438,5.5594874476490803,0.52470358697997621,6.5250715892944475]
[null,null,null,null,null,null,null,null,null,null,null,null,null,null,null,159,17.489999999999998,-1.4594034618504217,-1.4594034618504217,0.70265041734458189,8.3379461208049968,1.3528605522009391,7.6877359859486392,1.5058993051325011,7.5346972330170763,-1.4594034618504217,0.35030605071095389,6.6902904874386246,1.4979387893807117,5.5426577487688666,0.52739738828118288,6.5131991498683952]
[null,null,null,null,null,null,null,null,null,null,null,null,null,null,null,160,17.600000000000001,-1.4685820999752675,-1.4685820999752675,0.70622885372394217,8.3251890463007907,1.3597503587059898,7.671667541318743,1.5135685026795609,7.517849397345171,-1.4685820999752675,0.352090078564394,6.6793278214603378,1.5055674458586115,5.5258504541661209,0.53008330143802296,6.501334598586709]
[null,null,null,null,null,null,null,null,null,null,null,null,null,null,null,161,17.71,-1.4777607381001128,-1.4777607381001128,0.7097967807453599,8.3124424811545268,1.3666199308307021,7.655619331069186,1.5212151768858062,7.5010240850140804,-1.4777607381001128,0.35386886698214115,6.668370394917746,1.5131736980590429,5.5090655638408448,0.53276132645049612,6.4894779354493917]
[null,null,null,null,null,null,null,null,null,null,null,null,null,null,null,162,17.82,-1.4869393762249581,-1.4869393762249581,0.71335419840883552,8.2997064253662067,1.3734692685750769,7.6395913551999648,1.5288393277512384,7.4842212960238026,-1.4869393762249581,0.35564241596419549,6.6574182078108457,1.5207575459820064,5.4923030777930357,0.53543146331860292,6.4776291604564387]
[null,null,null,null,null,null,null,null,null,null,null,null,null,null,null,163,17.93,-1.4961180143498036,-1.4961180143498036,0.71690110671436857,8.286980878935827,1.3802983719391133,7.623583613711082,1.5364409552758564,7.4674410303743386,-1.4961180143498036,0.35741072551055675,6.6464712601396396,1.5283189896275013,5.4755629960226955,0.53809371204234291,6.4657882736078527]
[null,null,null,null,null,null,null,null,null,null,null,null,null,null,null,164,18.04,-1.5052966524746489,-1.5052966524746489,0.72043750566195952,8.274265841863393,1.3871072409228125,7.6075961066025384,1.5440200594596611,7.4506832880656892,-1.5052966524746489,0.35917379562122526,6.6355295519041251,1.5358580289955286,5.4588453185298222,0.54074807262171642,6.4539552749036346]
[null,null,null,null,null,null,null,null,null,null,null,null,null,null,null,165,18.149999999999999,-1.5144752905994943,-1.5144752905994943,0.72396339525160802,8.2615613141488975,1.3938958755261732,7.5916288338743332,1.5515766403026521,7.4339480690978537,-1.5144752905994943,0.36093162629620074,6.6245930831043047,1.5433746640860875,5.4421500453144187,0.54339454505672313,6.4421301643437818]
[null,null,null,null,null,null,null,null,null,null,null,null,null,null,null,166,18.260000000000002,-1.52365392872434,-1.52365392872434,0.7274787754833143,8.2488672957923459,1.4006642757491967,7.5756817955264637,1.5591106978048297,7.417235373470831,-1.52365392872434,0.36268421753548336,6.6136618537401777,1.5508688948991787,5.4254771763764822,0.54603312934736337,6.4303129419282961]
[null,null,null,null,null,null,null,null,null,null,null,null,null,null,null,167,18.37,-1.5328325668491853,-1.5328325668491853,0.73098364635707813,8.2361837867937364,1.4074124415918816,7.5597549915589326,1.5666222319661931,7.400545201184622,-1.5328325668491853,0.364431569339073,6.6027358638117413,1.5583407214348011,5.4088267117160136,0.54866382549363679,6.4185036076571782]
[null,null,null,null,null,null,null,null,null,null,null,null,null,null,null,168,18.48,-1.5420112049740307,-1.5420112049740307,0.73447800787289974,8.223510787153069,1.4141403730542292,7.5438484219717399,1.574111242786743,7.3838775522392268,-1.5420112049740307,0.36617368170696973,6.5918151133189991,1.5657901436929558,5.3921986513330129,0.55128663349554374,6.4067021615304256]
[null,null,null,null,null,null,null,null,null,null,null,null,null,null,null,169,18.59,-1.551189843098876,-1.551189843098876,0.73796186003077902,8.2108482968703456,1.4208480701362385,7.5279620867648864,1.5815777302664791,7.3672324266346445,-1.551189843098876,0.36791055463917355,6.5808996022619501,1.5732171616736421,5.3755929952274819,0.553901553353084,6.39490860354804]
[null,null,null,null,null,null,null,null,null,null,null,null,null,null,null,170,18.7,-1.5603684812237215,-1.5603684812237215,0.74143520283071596,8.1981963159455624,1.42753553283791,7.5120959859383687,1.5890216944054016,7.3506098243708768,-1.5603684812237215,0.36964218813568445,6.5699893306405945,1.5806217753768605,5.3590097433994179,0.55650858506625756,6.3831229337100206]
[null,null,null,null,null,null,null,null,null,null,null,null,null,null,null,171,18.809999999999999,-1.5695471193485668,-1.5695471193485668,0.74489803627271056,8.1855548443787232,1.4342027611592436,7.4962501194921902,1.5964431352035104,7.3340097454479221,-1.5695471193485668,0.37136858219650243,6.5590842984549305,1.5880039848026106,5.3424488958488228,0.55910772863506453,6.3713451520163691]
[null,null,null,null,null,null,null,null,null,null,null,null,null,null,null,172,18.920000000000002,-1.5787257574734126,-1.5787257574734126,0.74835036035676294,8.1729238821698242,1.4408497551002397,7.4804244874263475,1.6038420526608059,7.3174321898657819,-1.5787257574734126,0.37308973682162749,6.5481845057049597,1.5953637899508928,5.3259104525756946,0.56169898405950491,6.3595752584670828]
[null,null,null,null,null,null,null,null,null,null,null,null,null,null,null,173,19.03,-1.5879043955982579,-1.5879043955982579,0.75179217508287288,8.1603034293188692,1.4474765146608977,7.4646190897408449,1.6112184467772874,7.3008771576244538,-1.5879043955982579,0.37480565201105964,6.5372899523906831,1.6027011908217068,5.3093944135800353,0.5642823513395786,6.3478132530621636]
[null,null,null,null,null,null,null,null,null,null,null,null,null,null,null,174,19.14,-1.5970830337231032,-1.5970830337231032,0.7552234804510406,8.1476934858258563,1.4540830398412177,7.4488339264356798,1.6185723175529552,7.2843446487239421,-1.5970830337231032,0.37651632776479882,6.5264006385120981,1.6100161874150525,5.2929007788618447,0.56685783047528571,6.3360591358016114]
[null,null,null,null,null,null,null,null,null,null,null,null,null,null,null,175,19.25,-1.6062616718479485,-1.6062616718479485,0.75864427646126587,8.1350940516907855,1.4606693306411997,7.4330689975108521,1.6259036649878091,7.2678346631642414,-1.6062616718479485,0.37822176408284508,6.5155165640692063,1.6173087797309302,5.2764295484211212,0.56942542146662611,6.3243129066854253]
[null,null,null,null,null,null,null,null,null,null,null,null,null,null,null,176,19.36,-1.6154403099727941,-1.6154403099727941,0.76205456311354891,8.1225051269136568,1.4672353870608439,7.417324302966362,1.6332124890818496,7.2513472009453572,-1.6154403099727941,0.37992196096519842,6.5046377290620079,1.6245789677693396,5.2599807222578665,0.57198512431359982,6.3125745657136054]
[null,null,null,null,null,null,null,null,null,null,null,null,null,null,null,177,19.47,-1.6246189480976394,-1.6246189480976394,0.76545434040788962,8.1099267114944702,1.4737812091001501,7.4015998428022112,1.6404987898350762,7.2348822620672841,-1.6246189480976394,0.38161691841185885,6.493764133490501,1.6318267515302809,5.2435543003720797,0.57453693901620695,6.3008441128861534]
[null,null,null,null,null,null,null,null,null,null,null,null,null,null,null,178,19.580000000000002,-1.6337975862224849,-1.6337975862224849,0.76884360834428811,8.0973588054332275,1.480306796759119,7.3858956170183951,1.6477625672474898,7.2184398465300248,-1.6337975862224849,0.38330663642282647,6.4828957773546882,1.6390521310137547,5.2271502827637599,0.5770808655744476,6.2891215482030676]
[null,null,null,null,null,null,null,null,null,null,null,null,null,null,null,179,19.690000000000001,-1.6429762243473305,-1.6429762243473305,0.77222236692274415,8.0848014087299251,1.4868121500377496,7.3702116256149193,1.655003821319089,7.202019954333581,-1.6429762243473305,0.38499111499810107,6.4720326606545679,1.6462551062197597,5.210768669432909,0.57961690398832144,6.2774068716643487]
[null,null,null,null,null,null,null,null,null,null,null,null,null,null,null,180,19.8,-1.6521548624721758,-1.6521548624721758,0.77559061614325786,8.0722545213845649,1.493297268936042,7.3545478685917827,1.6622225520498746,7.1856225854779501,-1.6521548624721758,0.38667035413768269,6.461174783390141,1.6534356771482963,5.1944094603795277,0.5821450542578287,6.2657000832699952]
[null,null,null,null,null,null,null,null,null,null,null,null,null,null,null,181,19.91,-1.6613335005970211,-1.6613335005970211,0.77894835600582923,8.0597181433971503,1.4997621534539969,7.3389043459489827,1.6694187594398466,7.1692477399631329,-1.6613335005970211,0.3883443538415714,6.4503221455614081,1.6605938437993653,5.1780726556036143,0.58466531638296926,6.2540011830200104]
[null,null,null,null,null,null,null,null,null,null,null,null,null,null,null,182,20.02,-1.6705121387218664,-1.6705121387218664,0.78229558651045827,8.0471922747676761,1.5062068035916139,7.3232810576865202,1.6765924434890049,7.1528954177891286,-1.6705121387218664,0.39001311410976724,6.4394747471683669,1.6677296061729658,5.1617582551051679,0.58717769036374323,6.24231017091439]
[null,null,null,null,null,null,null,null,null,null,null,null,null,null,null,183,20.13,-1.679690776846712,-1.679690776846712,0.7856323076571452,8.0346769154961422,1.5126312193488929,7.3076780038043943,1.6837436041973497,7.1365656189559381,-1.679690776846712,0.39167663494227017,6.428632588211018,1.6748429642690985,5.1454662588841895,0.58968217620015051,6.2306270469531375]
[null,null,null,null,null,null,null,null,null,null,null,null,null,null,null,184,20.239999999999998,-1.6888694149715573,-1.6888694149715573,0.78895851944588957,8.0221720655825521,1.519035400725834,7.2920951843026094,1.6908722415648805,7.1202583434635622,-1.6888694149715573,0.39333491633908008,6.4177956686893625,1.6819339180877628,5.1291966669406799,0.5921787738921912,6.2189518111362521]
[null,null,null,null,null,null,null,null,null,null,null,null,null,null,null,185,20.350000000000001,-1.6980480530964028,-1.6980480530964028,0.79227422187669183,8.0096777250269042,1.5254193477224376,7.2765325991811602,1.6979783555915982,7.1039735913119992,-1.6980480530964028,0.39498795830019723,6.4069639886034002,1.6890024676289594,5.1129494792746373,0.59466748343986531,6.2072844634637319]
[null,null,null,null,null,null,null,null,null,null,null,null,null,null,null,186,20.46,-1.7072266912212484,-1.7072266912212484,0.79557941494955153,7.9971938938291993,1.5317830603387026,7.2609902484400495,1.7050619462775014,7.08771136250125,-1.7072266912212484,0.3966357608256213,6.3961375479531304,1.6960486128926875,5.0967246958860644,0.59714830484317272,6.1956250039355787]
[null,null,null,null,null,null,null,null,null,null,null,null,null,null,null,187,20.57,-1.7164053293460937,-1.7164053293460937,0.79887409866446912,7.9847205719894365,1.5381265385746303,7.2454681320792762,1.7121230136225916,7.0714716570313154,-1.7164053293460937,0.39827832391535256,6.3853163467385539,1.7030723538789476,5.0805223167749585,0.59962123810211354,6.1839734325517934]
[null,null,null,null,null,null,null,null,null,null,null,null,null,null,null,188,20.68,-1.725583967470939,-1.725583967470939,0.80215827302144416,7.9722577595076167,1.5444497824302195,7.2299662500988404,1.7191615576268673,7.0552544749021937,-1.725583967470939,0.3999156475693908,6.3745003849596706,1.7100736905877392,5.0643423419413214,0.60208628321668756,6.1723297493123734]
[null,null,null,null,null,null,null,null,null,null,null,null,null,null,null,189,20.79,-1.7347626055957843,-1.7347626055957843,0.80543193802047719,7.9598054563837382,1.5507527919054716,7.2144846024987439,1.7261775782903304,7.0390598161138849,-1.7347626055957843,0.40154773178773623,6.3636896626164789,1.7170526230190633,5.0481847713851531,0.60454344018689521,6.1606939542173205]
[null,null,null,null,null,null,null,null,null,null,null,null,null,null,null,190,20.9,-1.7439412437206299,-1.7439412437206299,0.80869509366156755,7.9473636626178026,1.5570355670003853,7.1990231892789849,1.7331710756129788,7.0228876806663907,-1.7439412437206299,0.40317457657038858,6.3528841797089823,1.7240091511729185,5.0320496051064518,0.60699270901273594,6.1490660472666345]
[null,null,null,null,null,null,null,null,null,null,null,null,null,null,null,191,21.01,-1.7531198818454754,-1.7531198818454754,0.81194773994471581,7.9349323782098091,1.5632981077149612,7.1835820104395625,1.7401420495948143,7.0067380685597103,-1.7531198818454754,0.40479618191734817,6.3420839362371764,1.7309432750493063,5.0159368431052185,0.6094340896942102,6.1374460284603138]
[null,null,null,null,null,null,null,null,null,null,null,null,null,null,null,192,{"$f":"(Rozpeti/1000)*P195","v":21.12},{"$f":"$R$2*Q195","v":-1.7622985199703209},-1.7622985199703209,{"$f":"($Q195*(Rozpeti-$Q195))/(2*$C$11)","v":0.81518987686992173},7.9225116031597569,{"$f":"($Q195*(Rozpeti-$Q195))/(2*$M$11)","v":1.5695404140491993},7.1681610659804793,{"$f":"($Q195*(Rozpeti-$Q195))/(2*$L$11)","v":1.7470905002358357},6.9906109797938445,-1.7622985199703209,{"$f":"($Q195*(Rozpeti-$Q195))/(2*$C$32)","v":0.4064125478286148},6.3312889322010655,{"$f":"($Q195*(Rozpeti-$Q195))/(2*$M$32)","v":1.7378549946482258},4.9998464853814539,{"$f":"($Q195*(Rozpeti-$Q195))/(2*$L$32)","v":0.61186758223131776},6.125833897798362]
[null,null,null,null,null,null,null,null,null,null,null,null,null,null,null,193,21.23,-1.7714771580951663,-1.7714771580951663,0.81842150443718531,7.9101013374676477,1.5757624860030994,7.1527603559017336,1.7540164275360435,6.9745064143687898,-1.7714771580951663,0.40802367430418846,6.3204991676006461,1.7447443099696769,4.9837785319351564,0.61429318662405874,6.1142296552807753]
[null,null,null,null,null,null,null,null,null,null,null,null,null,null,null,194,21.34,-1.7806557962200116,{"$f":"$S$3*Q197","v":-1.7806557962200116},0.82164262264650645,{"$f":"$U$3-T197+$S197","v":7.8977015811334823},1.5819643235766616,{"$f":"$W$3-V197+$S197","v":7.1373798802033264},1.7609198314954373,{"$f":"$Y$3-X197+$S197","v":6.9584243722845507},{"$f":"$Z$3*Q197","v":-1.7806557962200116},0.40962956134406914,{"$f":"$AB$3-AA197+$Z197","v":6.3097146424359192},1.7516112210136598,{"$f":"$AD$3-AC197+$Z197","v":4.9677329827663286},0.61671090287243302,{"$f":"$AF$3-AE197+$Z197","v":6.1026333009075557}]
[null,null,null,null,null,null,null,null,null,null,null,null,null,null,null,195,21.45,-1.7898344343448569,-1.7898344343448569,0.82485323149788536,7.8853123341572582,1.5881459267698861,7.1220196388852566,1.7678007121140178,6.9423648535411262,-1.7898344343448569,0.41123020894825696,6.2989353567068855,1.7584557277801749,4.9517098378749678,0.61912073097644071,6.0910448346787023]
[null,null,null,null,null,null,null,null,null,null,null,null,null,null,null,196,21.56,-1.7990130724697024,-1.7990130724697024,0.82805333099132195,7.8729335965389753,1.5943072955827724,7.1066796319475243,1.7746590693917845,6.9263278581385128,-1.7990130724697024,0.41282561711675186,6.2881613104135452,1.7652778302692216,4.9357090972610758,0.62152267093608171,6.0794642565942159]
[null,null,null,null,null,null,null,null,null,null,null,null,null,null,null,197,21.67,-1.808191710594548,-1.808191710594548,0.83124292112681641,7.8605653682786354,1.6004484300153214,7.0913598593901312,1.7814949033287379,6.9103133860767141,-1.808191710594548,0.41441578584955396,6.2773925035558982,1.7720775284808006,4.9197307609246508,0.62391672275135623,6.0678915666540956]
[null,null,null,null,null,null,null,null,null,null,null,null,null,null,null,198,21.78,-1.8173703487193933,-1.8173703487193933,0.83442200190436844,7.8482076493762385,1.6065693300675321,7.0760603212130739,1.7883082139248774,6.89432143735573,-1.8173703487193933,0.41600071514666304,6.2666289361339444,1.7788548224149112,4.9037748288656955,0.62630288642226395,6.0563267648583423]
[null,null,null,null,null,null,null,null,null,null,null,null,null,null,null,199,21.89,-1.8265489868442388,-1.8265489868442388,0.83759057332397802,7.8358604398317837,1.6126699957394051,7.060781017416355,1.795099001180203,6.8783520119755579,-1.8265489868442388,0.41758040500807914,6.2558706081476814,1.7856097120715535,4.8878413010842072,0.62868116194880508,6.0447698512069561]
[null,null,null,null,null,null,null,null,null,null,null,null,null,null,null,200,22,-1.8357276249690841,-1.8357276249690841,0.84074863538564537,7.8235237396452701,1.6187504270309399,7.0455219479999771,1.801867265094715,6.8624051099362005,-1.8357276249690841,0.41915485543380238,6.2451175195971134,1.7923421974507279,4.8719301775801886,0.63105154933097951,6.0332208256999369]
[null,null,null,null,null,null,null,null,null,null,null,null,null,null,null,201,22.11,-1.8449062630939295,-1.8449062630939295,0.84389618808937039,7.8111975488166996,1.6248106239421369,7.0302831129639332,1.8086130056684133,6.8464807312376577,-1.8449062630939295,0.42072406642383264,6.2343696704822369,1.7990522785524341,4.8560414583536362,0.63341404856878747,6.021679688337283]
[null,null,null,null,null,null,null,null,null,null,null,null,null,null,null,202,22.22,-1.8540849012187748,-1.8540849012187748,0.84703323143515297,7.798881867346072,1.6308505864729961,7.0150645123082302,1.8153362229012979,6.8305788758799277,-1.8540849012187748,0.42228803797816999,6.2236270608030555,1.8057399553766718,4.8401751434045535,0.63576865966222862,6.0101464391189969]
[null,null,null,null,null,null,null,null,null,null,null,null,null,null,null,203,22.330000000000002,-1.8632635393436205,-1.8632635393436205,0.85015976542299354,7.7865766952333857,1.6368703146235177,6.9998661460328613,1.8220369167933692,6.8146995438630107,-1.8632635393436205,0.42384677009681454,6.2128896905595656,1.8124052279234422,4.8243312327329377,0.63811538261130329,5.9986210780450762]
[null,null,null,null,null,null,null,null,null,null,null,null,null,null,null,204,22.44,-1.8724421774684659,-1.8724421774684659,0.85327579005289156,7.7742820324786432,1.642869808393701,6.9846880141378325,1.8287150873446263,6.7988427351869074,-1.8724421774684659,0.42540026277976606,6.2021575597517682,1.8190480961927438,4.8085097263387899,0.64045421741601116,5.9871036051155224]
[null,null,null,null,null,null,null,null,null,null,null,null,null,null,null,205,22.55,-1.8816208155933112,-1.8816208155933112,0.85638130532484724,7.761997879081842,1.6488490677835466,6.9695301166231429,1.83537073455507,6.7830084498516188,-1.8816208155933112,0.42694851602702466,6.191430668379664,1.8256685601845775,4.7927106242221118,0.64278516407635256,5.9755940203303366]
[null,null,null,null,null,null,null,null,null,null,null,null,null,null,null,206,22.66,-1.8907994537181567,-1.8907994537181567,0.8594763112388607,7.749724235042982,1.6548080927930542,6.9543924534887891,1.8420038584246998,6.767196687857143,-1.8907994537181567,0.42849152983859035,6.1807090164432532,1.8322666198989428,4.7769339263829007,0.64510822259232714,5.964092323689516]
[null,null,null,null,null,null,null,null,null,null,null,null,null,null,null,207,22.77,-1.899978091843002,-1.899978091843002,0.86256080779493172,7.7374611003620668,1.6607468834222239,6.9392750247347745,1.8486144589535161,6.7514074492034819,-1.899978091843002,0.43002930421446306,6.1699926039425357,1.8388422753358402,4.7611796328211575,0.64742339296393514,5.9525985151930634]
[null,null,null,null,null,null,null,null,null,null,null,null,null,null,null,208,22.88,-1.9091567299678474,-1.9091567299678474,0.8656347949930604,7.7252084750390928,1.6666654396710556,6.9241778303610975,1.8552025361415185,6.7356407338906337,-1.9091567299678474,0.43156183915464286,6.1592814308775097,1.8453955264952693,4.7454477435368831,0.64973067519117655,5.941112594840976]
[null,null,null,null,null,null,null,null,null,null,null,null,null,null,null,209,22.99,-1.9183353680926927,-1.9183353680926927,0.86869827283324685,7.7129663590740609,1.6725637615395497,6.909100870367757,1.8617680899887072,6.7198965419185992,-1.9183353680926927,0.43308913465912979,6.1485754972481779,1.8519263733772304,4.7297382585300767,0.65203006927405127,5.9296345626332556]
[null,null,null,null,null,null,null,null,null,null,null,null,null,null,null,210,23.1,-1.9275140062175384,-1.9275140062175384,0.8717512413154912,7.7007347524669694,1.678441849027706,6.8940441447547549,1.8683111204950829,6.7041748732873785,-1.9275140062175384,0.43461119072792387,6.1378748030545367,1.8584348159817237,4.7140511778007372,0.65432157521255951,5.9181644185699014]
[null,null,null,null,null,null,null,null,null,null,null,null,null,null,null,211,23.21,-1.9366926443423838,-1.9366926443423838,0.87479370043979277,7.6885136552178244,1.6842997021355239,6.8790076535220921,1.874831627660644,6.6884757279969724,-1.9366926443423838,0.43612800736102486,6.1271793482965906,1.8649208543087481,4.6983865013488684,0.65660519300670095,5.9067021626509151]
[null,null,null,null,null,null,null,null,null,null,null,null,null,null,null,212,23.32,-1.9458712824672293,-1.9458712824672293,0.87782565020615244,7.6763030673266188,1.6901373208630046,6.863991396669765,1.8813296114853921,6.6727991060473792,-1.9458712824672293,0.4376395845584331,6.1164891329743378,1.8713844883583051,4.6827442291744656,0.6588809226564758,5.8952477948762949]
[null,null,null,null,null,null,null,null,null,null,null,null,null,null,null,213,23.43,-1.9550499205920746,-1.9550499205920746,0.88084709061456934,7.6641029887933563,1.6959547052101467,6.8489953741977789,1.8878050719693258,6.6571450074386007,-1.9550499205920746,0.43914592232014821,6.1058041570877766,1.8778257181303932,4.6671243612775326,0.66114876416188384,5.8838013152460418]
[null,null,null,null,null,null,null,null,null,null,null,null,null,null,null,214,23.54,-1.9642285587169199,-1.9642285587169199,0.88385802166504435,7.651913419618035,1.7017518551769515,6.8340195861061286,1.8942580091124466,6.6415134321706333,-1.9642285587169199,0.44064702064617062,6.0951244206369086,1.8842445436250139,4.6515268976580657,0.66340871752292563,5.8723627237601539]
[null,null,null,null,null,null,null,null,null,null,null,null,null,null,null,215,23.65,-1.9734071968417652,-1.9734071968417652,0.88685844335757669,7.6397343598006584,1.7075287707634179,6.8190640323948175,1.9006884229147532,6.6259043802434823,-1.9734071968417652,0.44214287953649989,6.0844499236217358,1.890640964842166,4.6359518383160685,0.66566078273960039,5.8609320204186348]
[null,null,null,null,null,null,null,null,null,null,null,null,null,null,null,216,23.76,-1.982585834966611,-1.982585834966611,0.88984835569216691,7.6275658093412231,1.7132854519695466,6.8041287130638421,1.9070963133762462,6.6103178516571424,-1.982585834966611,0.44363349899113635,6.0737806660422526,1.89701498178185,4.6203991832515392,0.66790495981190867,5.849509205221481]
[null,null,null,null,null,null,null,null,null,null,null,null,null,null,null,217,23.87,-1.9917644730914563,-1.9917644730914563,0.89282775866881492,7.6154077682397281,1.7190218987953376,6.7892136281132052,1.9134816804969257,6.594753846411618,-1.9917644730914563,0.44511887901007996,6.0631166478984637,1.9033665944440663,4.6048689324644769,0.67014124873985037,5.8380942781686933]
[null,null,null,null,null,null,null,null,null,null,null,null,null,null,null,218,23.98,-2.0009431112163019,-2.0009431112163019,0.89579665228752037,7.6032602364961779,1.7247381112407905,6.7743187775429075,1.9198445242767914,6.5792123645069065,-2.0009431112163019,0.44659901959333054,6.0524578691903681,1.909695802828814,4.5893610859548843,0.67236964952342537,5.8266872392602735]
[null,null,null,null,null,null,null,null,null,null,null,null,null,null,null,219,24.09,-2.0101217493411472,-2.0101217493411472,0.8987550365482837,7.5911232141105689,1.7304340893059058,6.7594441613529472,1.9261848447158434,6.5636934059430097,-2.0101217493411472,0.44807392074088825,6.041804329917964,1.9160026069360938,4.5738756437227588,0.67459016216263379,5.815288088496219]
[null,null,null,null,null,null,null,null,null,null,null,null,null,null,null,220,24.2,-2.0193003874659925,-2.0193003874659925,0.90170291145110448,7.578996701082902,1.7361098329906828,6.7445897795433236,1.9325026418140816,6.5481969707199248,-2.0193003874659925,0.44954358245275294,6.0311560300812541,1.9222870067659052,4.5584126057681029,0.67680278665747551,5.8038968258765316]
[null,null,null,null,null,null,null,null,null,null,null,null,null,null,null,221,24.31,-2.0284790255908378,-2.0284790255908378,0.90464027699598326,7.5668806974131781,1.7417653422951225,6.7297556321140393,1.9387979155715065,6.5327230588376564,-2.0284790255908378,0.45100800472892488,6.0205129696802375,1.928549002318249,4.5429719720909132,0.67900752300795075,5.7925134514012111]
[null,null,null,null,null,null,null,null,null,null,null,null,null,null,null,222,24.42,-2.0376576637156836,-2.0376576637156836,0.90756713318291959,7.5547752031013973,1.747400617219224,6.7149417190650924,1.9450706659881176,6.517271670296199,-2.0376576637156836,0.45246718756940385,6.0098751487149125,1.9347885935931246,4.5275537426911923,0.68120437121405919,5.7811379650702568]
[null,null,null,null,null,null,null,null,null,null,null,null,null,null,null,223,24.53,-2.0468363018405289,-2.0468363018405289,0.91048348001191337,7.5426802181475576,1.7530156577629874,6.7001480403964848,1.9513208930639148,6.5018428050955563,-2.0468363018405289,0.45392113097418979,5.9992425671852825,1.9410057805905314,4.5121579175689401,0.68339333127580093,5.7697703668836695]
[null,null,null,null,null,null,null,null,null,null,null,null,null,null,null,224,24.64,-2.0560149399653742,-2.0560149399653742,0.91338931748296504,7.530595742551661,1.7586104639264131,6.6853745961082129,1.9575485967988981,6.4864364632357283,-2.0560149399653742,0.45536983494328287,5.9886152250913423,1.9472005633104705,4.496784496724155,0.6855744031931762,5.7584106568414493]
[null,null,null,null,null,null,null,null,null,null,null,null,null,null,null,225,24.75,-2.0651935780902195,-2.0651935780902195,0.91628464559607437,7.5185217763137064,1.7641850357095008,6.6706213862002794,1.9637537771930682,6.4710526447167123,-2.0651935780902195,0.45681329947668303,5.9779931224330962,1.9533729417529415,4.4814334801568396,0.68774758696618477,5.747058834943596]
[null,null,null,null,null,null,null,null,null,null,null,null,null,null,null,226,24.86,-2.0743722162150648,-2.0743722162150648,0.91916946435124136,7.5064583194336931,1.7697393731122506,6.6558884106726852,1.9699364342464243,6.4556913495385109,-2.0743722162150648,0.45825152457439022,5.9673762592105453,1.9595229159179444,4.4661048678669912,0.68991288259482664,5.7357149011901081]
[null,null,null,null,null,null,null,null,null,null,null,null,null,null,null,227,24.97,-2.0835508543399102,-2.0835508543399102,0.92204377374846602,7.4944053719116237,1.7752734761346627,6.6411756695254276,1.9760965679589668,6.4403525777011232,-2.0835508543399102,0.45968451023640455,5.956764635423685,1.9656504858054789,4.4507986598546108,0.69207029007910192,5.7243788555809871]
[null,null,null,null,null,null,null,null,null,null,null,null,null,null,null,228,25.080000000000002,-2.0927294924647559,-2.0927294924647559,0.92490757378774857,7.4823629337474955,1.7807873447767373,6.6264831627585075,1.9822341783306963,6.4250363292045485,-2.0927294924647559,0.46111225646272608,5.9461582510725179,1.9717556514155461,4.4355148561196973,0.69421980941901074,5.7130506981162341]
[null,null,null,null,null,null,null,null,null,null,null,null,null,null,null,229,25.19,-2.1019081305896012,-2.1019081305896012,0.92776086446908856,7.4703310049413094,1.7862809790384735,6.6118108903719257,1.9883492653616115,6.4097426040487875,-2.1019081305896012,0.46253476325335452,5.9355571061570433,1.9778384127481443,4.4202534566622544,0.69636144061455274,5.7017304287958464]
[null,null,null,null,null,null,null,null,null,null,null,null,null,null,null,230,25.3,-2.111086768714447,-2.111086768714447,0.93060364579248633,7.4583095854930672,1.7917543789198718,6.5971588523656806,1.994441829051713,6.3944714022338403,-2.111086768714447,0.46395203060829004,5.924961200677263,1.9838987698032746,4.4050144614822786,0.69849518366572805,5.6904180476198247]
[null,null,null,null,null,null,null,null,null,null,null,null,null,null,null,231,25.41,-2.1202654068392923,-2.1202654068392923,0.93343591775794155,7.4462986754027654,1.7972075444209321,6.5825270487397756,2.0005118694010005,6.3792227237597068,-2.1202654068392923,0.4653640585275326,5.914370534633175,1.9899367225809366,4.3897978705797716,0.70062103857253677,5.6791135545881701]
[null,null,null,null,null,null,null,null,null,null,null,null,null,null,null,232,25.52,-2.1294440449641376,-2.1294440449641376,0.93625768036545465,7.4342982746704083,1.8026404755416545,6.5679154794942081,2.0065593864094744,6.363996568626388,-2.1294440449641376,0.46677084701108229,5.9037851080247803,1.9959522710811304,4.3746036839547324,0.70273900533497879,5.6678169497008835]
[null,null,null,null,null,null,null,null,null,null,null,null,null,null,null,233,25.63,-2.138622683088983,-2.138622683088983,0.93906893361502541,7.4223083832959915,1.8080531722820394,6.5533241446289772,2.012584380077135,6.3487929368338829,-2.138622683088983,0.46817239605893907,5.893204920852078,2.0019454153038563,4.3594319016071612,0.70484908395305435,5.656528232957962]
[null,null,null,null,null,null,null,null,null,null,null,null,null,null,null,234,25.74,-2.1478013212138283,-2.1478013212138283,0.94186967750665396,7.4103290012795178,1.8134456346420864,6.5387530441440855,2.0185868504039819,6.3336118283821907,-2.1478013212138283,0.46956870567110298,5.8826299731150691,2.0079161552491143,4.344282523537057,0.7069512744267632,5.6452474043594085]
[null,null,null,null,null,null,null,null,null,null,null,null,null,null,null,235,25.85,-2.156979959338674,-2.156979959338674,0.94465991204034006,7.3983601286209861,1.8188178626217952,6.5242021780395305,2.024566797390015,6.3184532432713105,-2.156979959338674,0.47095977584757387,5.8720602648137525,2.0138644909169039,4.3291555497444225,0.70904557675610536,5.6339744639052203]
[null,null,null,null,null,null,null,null,null,null,null,null,null,null,null,236,25.96,-2.1661585974635194,-2.1661585974635194,0.9474396372160836,7.3864017653203966,1.8241698562211659,6.5096715463153139,2.0305242210352339,6.3033171815012459,-2.1661585974635194,0.47234560658835184,5.8614957959481284,2.0197904223072252,4.3140509802292559,0.71113199094108082,5.6227094115953999]
[null,null,null,null,null,null,null,null,null,null,null,null,null,null,null,237,26.07,-2.1753372355883647,-2.1753372355883647,0.95020885303388525,7.3744539113777501,1.8295016154401993,6.4951611489714365,2.0364591213396399,6.2882036430719959,-2.1753372355883647,0.47372619789343695,5.8509365665181976,2.0256939494200785,4.2989688149915564,0.7132105169816898,5.6114522474299457]
[null,null,null,null,null,null,null,null,null,null,null,null,null,null,null,238,26.18,-2.18451587371321,-2.18451587371321,0.95296755949374434,7.3625165667930457,1.8348131402788945,6.4806709860078957,2.0423714983032322,6.2731126279835578,-2.18451587371321,0.47510154976282915,5.840382576523961,2.0315750722554635,4.2839090540313265,0.71528115487793209,5.6002029714088586]
[null,null,null,null,null,null,null,null,null,null,null,null,null,null,null,239,26.29,-2.1936945118380553,-2.1936945118380553,0.95571575659566121,7.3505897315662843,1.8401044307372521,6.4662010574246924,2.0482613519260107,6.2580441362359345,-2.1936945118380553,0.47647166219652837,5.8298338259654159,2.0374337908133811,4.2688716973485636,0.71734390462980768,5.5889615835321367]
[null,null,null,null,null,null,null,null,null,null,null,null,null,null,null,240,26.4,-2.2028731499629006,-2.2028731499629006,0.95845344433963542,7.3386734056974632,1.845375486815271,6.4517513632218275,2.0541286822079745,6.2429981678291249,-2.2028731499629006,0.47783653519453456,5.819290314842565,2.0432701050938293,4.2538567449432705,0.71939876623731658,5.5777280837997836]
[null,null,null,null,null,null,null,null,null,null,null,null,null,null,null,241,26.51,-2.2120517880877464,-2.2120517880877464,0.96118062272566784,7.326767589186586,1.8506263085129531,6.4373219033992992,2.0599734891491259,6.2279747227631272,-2.2120517880877464,0.47919616875684806,5.8087520431554047,2.0490840150968106,4.2388641968154435,0.721445739700459,5.5665024722117948]
[null,null,null,null,null,null,null,null,null,null,null,null,null,null,null,242,26.62,-2.2212304262125917,-2.2212304262125917,0.96389729175375782,7.31487228203365,1.855856895830297,6.422912677957112,2.0657957727494636,6.2129738010379443,-2.2212304262125917,0.48055056288346859,5.7982190109039395,2.0548755208223231,4.2238940529650852,0.72348482501923483,5.5552847487681731]
[null,null,null,null,null,null,null,null,null,null,null,null,null,null,null,243,26.73,-2.2304090643374375,-2.2304090643374375,0.96660345142390525,7.3029874842386571,1.8610672487673026,6.4085236868952604,2.071595533008987,6.197995402653576,-2.2304090643374375,0.48189971757439609,5.7876912180881659,2.0606446222703676,4.2089463133921949,0.72551602219364386,5.5440749134689185]
[null,null,null,null,null,null,null,null,null,null,null,null,null,null,null,244,26.84,-2.2395877024622828,-2.2395877024622828,0.96929910173611056,7.2911131958016071,1.8662573673239706,6.3941549302137464,2.0773727699276967,6.1830395276100205,-2.2395877024622828,0.48324363282963073,5.7771686647080873,2.0663913194409442,4.1940209780967734,0.7275393312236863,5.5328729663140308]
[null,null,null,null,null,null,null,null,null,null,null,null,null,null,null,245,26.95,-2.2487663405871281,-2.2487663405871281,0.97198424269037331,7.2792494167224984,1.8714272515003005,6.3798064079125716,2.0831274835055931,6.1681061759072797,-2.2487663405871281,0.4845823086491724,5.7666513507637003,2.0721156123340521,4.1791180470788198,0.72955475210936205,5.5216789073035102]
[null,null,null,null,null,null,null,null,null,null,null,null,null,null,null,246,27.06,-2.2579449787119734,-2.2579449787119734,0.97465887428669384,7.2673961470013317,1.8765769012962925,6.3654781199917334,2.0888596737426752,6.1531953475453509,-2.2579449787119734,0.48591574503302115,5.7561392762550057,2.077817500949692,4.1642375203383342,0.73156228485067121,5.5104927364373548]
[null,null,null,null,null,null,null,null,null,null,null,null,null,null,null,247,27.17,-2.2671236168368192,-2.2671236168368192,0.97732299652507237,7.2555533866381072,1.8817063167119472,6.3511700664512336,2.094569340638945,6.1383070425242359,-2.2671236168368192,0.4872439419811771,5.7456324411820034,2.0834969852878644,4.1493793978753164,0.73356192944761389,5.4993144537155665]
[null,null,null,null,null,null,null,null,null,null,null,null,null,null,null,248,27.28,-2.2763022549616645,-2.2763022549616645,0.97997660940550824,7.2437211356328275,1.8868154977472635,6.3368822472910713,2.1002564841943996,6.1234412608439355,-2.2763022549616645,0.48856689949364002,5.7351308455446963,2.0891540653485681,4.1345436796897674,0.73555368590018977,5.4881440591381461]
[null,null,null,null,null,null,null,null,null,null,null,null,null,null,null,249,27.39,-2.2854808930865098,-2.2854808930865098,0.98261971292800177,7.2318993939854881,1.8919044444022419,6.3226146625112492,2.1059211044090413,6.1085980025044488,-2.2854808930865098,0.48988461757041002,5.7246344893430798,2.0947887411318038,4.1197303657816864,0.73753755420839895,5.4769815527050909]
[null,null,null,null,null,null,null,null,null,null,null,null,null,null,null,250,27.5,-2.2946595312113551,-2.2946595312113551,0.98525230709255318,7.2200881616960917,1.8969731566768826,6.3083673121117627,2.1115632012828689,6.0937772675057751,-2.2946595312113551,0.49119709621148711,5.7141433725771584,2.1004010126375716,4.1049394561510733,0.73951353437224165,5.4658269344164037]
[null,null,null,null,null,null,null,null,null,null,null,null,null,null,null,251,27.61,-2.3038381693362004,-2.3038381693362004,0.98787439189916204,7.2082874387646374,1.9020216345711853,6.2941401960926147,2.1171827748158831,6.0789790558479151,-2.3038381693362004,0.49250433541687128,5.7036574952469277,2.1059908798658711,4.090170950797928,0.74148162639171755,5.4546802042720817]
[null,null,null,null,null,null,null,null,null,null,null,null,null,null,null,252,27.72,-2.3130168074610458,-2.3130168074610458,0.99048596734782868,7.1964972251911261,1.9070498780851501,6.2799333144538041,2.1227798250080836,6.0642033675308697,-2.3130168074610458,0.49380633518656253,5.693176857352392,2.1115583428167022,4.0754248497222525,0.74344183026682698,5.4435413622721276]
[null,null,null,null,null,null,null,null,null,null,null,null,null,null,null,253,27.830000000000002,-2.3221954455858915,-2.3221954455858915,0.99308703343855331,7.184717520975556,1.9120578872187775,6.265746667195331,2.1283543518594707,6.0494502025546373,-2.3221954455858915,0.49510309552056098,5.6827014588935478,2.1171034014900658,4.0607011529240422,0.74539414599756981,5.4324104084165388]
[null,null,null,null,null,null,null,null,null,null,null,null,null,null,null,254,27.94,-2.3313740837107368,-2.3313740837107368,0.99567759017133517,7.172948326117929,1.9170456619720666,6.2515802543171972,2.1339063553700437,6.0347195609192195,-2.3313740837107368,0.49639461641886634,5.672231299870397,2.1226260558859606,4.0459998604033025,0.74733857358394584,5.4212873427053179]
[null,null,null,null,null,null,null,null,null,null,null,null,null,null,null,255,28.05,-2.3405527218355822,-2.3405527218355822,0.99825763754617491,7.1611896406182431,1.9220132023450178,6.2374340758194009,2.1394358355398033,6.0200114426246145,-2.3405527218355822,0.49768089788147879,5.6617663802829394,2.1281263060043876,4.0313209721600298,0.74927511302595529,5.4101721651384622]
[null,null,null,null,null,null,null,null,null,null,null,null,null,null,null,256,{"$f":"(Rozpeti/1000)*P259","v":28.16},{"$f":"$R$2*Q259","v":-2.3497313599604275},-2.3497313599604275,{"$f":"($Q259*(Rozpeti-$Q259))/(2*$C$11)","v":1.0008271755630722},7.1494414644764994,{"$f":"($Q259*(Rozpeti-$Q259))/(2*$M$11)","v":1.9269605083376309},6.2233081317019412,{"$f":"($Q259*(Rozpeti-$Q259))/(2*$L$11)","v":2.1449427923687487},6.0053258476708233,-2.3497313599604275,{"$f":"($Q259*(Rozpeti-$Q259))/(2*$C$32)","v":0.49896193990839832},5.6513067001311743,{"$f":"($Q259*(Rozpeti-$Q259))/(2*$M$32)","v":2.1336041518453461},4.0166644881942268,{"$f":"($Q259*(Rozpeti-$Q259))/(2*$L$32)","v":0.75120376432359803},5.3990648757159736]
[null,null,null,null,null,null,null,null,null,null,null,null,null,null,null,257,28.27,-2.3589099980852732,-2.3589099980852732,1.0033862042220274,7.1377037976926996,1.9318875799499065,6.2092024219648199,2.1504272258568808,5.9906627760578459,-2.3589099980852732,0.50023774249962505,5.6408522594151016,2.1390595934088372,4.00203040850589,0.75312452747687431,5.387965474437852]
[null,null,null,null,null,null,null,null,null,null,null,null,null,null,null,258,28.38,-2.3680886362101186,{"$f":"$S$3*Q261","v":-2.3680886362101186},1.00593472352304,{"$f":"$U$3-T261+$S261","v":7.125976640266841},1.9367944171818436,{"$f":"$W$3-V261+$S261","v":6.1951169466080378},2.1558891360041992,{"$f":"$Y$3-X261+$S261","v":5.9760222277856831},{"$f":"$Z$3*Q261","v":-2.3680886362101186},0.50150830565515869,{"$f":"$AB$3-AA261+$Z261","v":5.6304030581347231},2.1444926306948595,{"$f":"$AD$3-AC261+$Z261","v":3.9874187330950219},0.75503740248578366,{"$f":"$AF$3-AE261+$Z261","v":5.3768739613040974}]
[null,null,null,null,null,null,null,null,null,null,null,null,null,null,null,259,28.49,-2.3772672743349639,-2.3772672743349639,1.0084727334661105,7.1142599921989262,1.9416810200334436,6.1810517056315923,2.1613285228107038,5.9614042028543324,-2.3772672743349639,0.50277362937499948,5.619959096290037,2.1499032637034139,3.9728294619616222,0.75694238935032665,5.3657903363147099]
[null,null,null,null,null,null,null,null,null,null,null,null,null,null,null,260,28.6,-2.3864459124598096,-2.3864459124598096,1.0110002340512387,7.1025538534889527,1.9465473885047055,6.1670066990354862,2.166745386276395,5.9468087012637962,-2.3864459124598096,0.5040337136591474,5.6095203738810433,2.1552914924345004,3.95826259510569,0.75883948807050305,5.3547145994696876]
[null,null,null,null,null,null,null,null,null,null,null,null,null,null,null,261,28.71,-2.395624550584655,-2.395624550584655,1.0135172252784244,7.0908582241369214,1.9513935225956291,6.1529819268197166,2.1721397264012721,5.9322357230140721,-2.395624550584655,0.50528855850760224,5.5990868909077429,2.1606573168881185,3.943718132527227,0.76072869864631254,5.3436467507690324]
[null,null,null,null,null,null,null,null,null,null,null,null,null,null,null,262,28.82,-2.4048031887095003,-2.4048031887095003,1.0160237071476679,7.0791731041428321,1.9562194223062153,6.1389773889842836,2.1775115431853358,5.9176852681051635,-2.4048031887095003,0.50653816392036433,5.588658647370135,2.1660007370642687,3.9291960742262311,0.76261002107775566,5.3325867902127442]
[null,null,null,null,null,null,null,null,null,null,null,null,null,null,null,263,28.93,-2.4139818268343456,-2.4139818268343456,1.0185196796589688,7.0674984935066858,1.961025087636463,6.1249930855291916,2.1828608366285853,5.9031573365370695,-2.4139818268343456,0.50778252989743333,5.5782356432682212,2.17132175296295,3.9146964202027048,0.76448345536483175,5.321534717800823]
[null,null,null,null,null,null,null,null,null,null,null,null,null,null,null,264,29.04,-2.4231604649591909,-2.4231604649591909,1.0210051428123279,7.0558343922284816,1.9658105185863737,6.1110290164544363,2.188187606731022,5.8886519283097876,-2.4231604649591909,0.5090216564388097,5.5678178786019998,2.176620364584164,3.9002191704566456,0.76634900150754171,5.3104905335332671]
[null,null,null,null,null,null,null,null,null,null,null,null,null,null,null,265,29.15,-2.4323391030840362,-2.4323391030840362,1.023480096607744,7.0441808003082205,1.9705757151559455,6.0970851817600185,2.193491853492644,5.8741690434233202,-2.4323391030840362,0.51025554354449276,5.5574053533714709,2.1818965719279091,3.8857643249880542,0.76820665950588451,5.299454237410079]
[null,null,null,null,null,null,null,null,null,null,null,null,null,null,null,266,29.26,-2.441517741208882,-2.441517741208882,1.0259445410452184,7.0325377177458996,1.9753206773451804,6.0831615814459372,2.1987735769134535,5.8597086818776649,-2.441517741208882,0.51148419121448319,5.5469980675766344,2.1871503749941872,3.8713318837969304,0.77005642935986107,5.2884258294312572]
[null,null,null,null,null,null,null,null,null,null,null,null,null,null,null,267,29.37,-2.4506963793337273,-2.4506963793337273,1.0283984761247502,7.0209051445415227,1.9800454051540766,6.0692582155121961,2.2040327769934485,5.8452708436728233,-2.4506963793337273,0.51270759944878053,5.5365960212174929,2.192381773782996,3.8569218468832767,0.77189831106947082,5.2774053095968014]
[null,null,null,null,null,null,null,null,null,null,null,null,null,null,null,268,29.48,-2.4598750174585726,-2.4598750174585726,1.0308419018463397,7.009283080695087,1.9847498985826355,6.0553750839587925,2.2092694537326301,5.8308555288087964,-2.4598750174585726,0.51392576824738512,5.5261992142940422,2.1975907682943374,3.84253421424709,0.7737323046347141,5.2663926779067136]
[null,null,null,null,null,null,null,null,null,null,null,null,null,null,null,269,29.59,-2.4690536555834179,-2.4690536555834179,1.0332748182099869,6.9976715262065952,1.9894341576308558,6.0415121867857273,2.2144836071309975,5.816462737285585,-2.4690536555834179,0.51513869761029651,5.5158076468062855,2.20277735852821,3.8281689858883721,0.77555841005559045,5.2553879343609911]
[null,null,null,null,null,null,null,null,null,null,null,null,null,null,null,270,29.7,-2.4782322937082637,-2.4782322937082637,1.0356972252156917,6.9860704810760446,1.9940981822987389,6.0276695239929978,2.219675237188552,5.8020924691031848,-2.4782322937082637,0.51634638753751527,5.5054213187542214,2.2079415444846151,3.8138261618071208,0.77737662733210044,5.2443910789596355]
[null,null,null,null,null,null,null,null,null,null,null,null,null,null,null,271,29.81,-2.487410931833109,-2.487410931833109,1.0381091228634542,6.9744799453034361,1.9987419725862838,6.0138470955806067,2.2248443439052923,5.7877447242615983,-2.487410931833109,0.51754883802904095,5.4950402301378496,2.2130833261635519,3.7995057420033387,0.77918695646424363,5.233402111702647]
[null,null,null,null,null,null,null,null,null,null,null,null,null,null,null,272,29.92,-2.4965895699579543,-2.4965895699579543,1.0405105111532749,6.9628999188887697,2.0033655284934913,6.000044901548554,2.2299909272812193,5.7734195027608255,-2.4965895699579543,0.51874604908487387,5.484664380957172,2.2182027035650211,3.7852077264770245,0.78098939745202034,5.2224210325900255]
[null,null,null,null,null,null,null,null,null,null,null,null,null,null,null,273,30.03,-2.5057682080828001,-2.5057682080828001,1.0429013900851527,6.9513304018320472,2.0079688500203603,5.9862629418968396,2.2351149873163325,5.7591168046008665,-2.5057682080828001,0.51993802070501371,5.4742937712121869,2.2232996766890212,3.7709321152281787,0.78278395029543024,5.2114478416217693]
[null,null,null,null,null,null,null,null,null,null,null,null,null,null,null,274,30.14,-2.5149468462076454,-2.5149468462076454,1.0452817596590882,6.9397713941332659,2.0125519371668918,5.9725012166254627,2.2402165240106315,5.7448366297817239,-2.5149468462076454,0.52112475288946059,5.4639284009028941,2.2283742455355533,3.7566789082568013,0.78457061499447356,5.200482538797881]
[null,null,null,null,null,null,null,null,null,null,null,null,null,null,null,275,30.25,-2.5241254843324907,-2.5241254843324907,1.0476516198750816,6.9282228957924286,2.0171147899330855,5.9587597257344243,2.2452955373641177,5.7305789783033916,-2.5241254843324907,0.52230624563821471,5.4535682700292938,2.233426410104618,3.7424481055628909,0.78634939154915029,5.1895251241183598]
[null,null,null,null,null,null,null,null,null,null,null,null,null,null,null,276,30.36,-2.533304122457336,-2.533304122457336,1.0500109707331324,6.9166849068095306,2.0216574083189407,5.9450384692237233,2.2503520273767892,5.7163438501658757,-2.533304122457336,0.52348249895127574,5.4432133785913885,2.2384561703962138,3.7282397071464501,0.78812027995946032,5.1785755975832037]
[null,null,null,null,null,null,null,null,null,null,null,null,null,null,null,277,30.47,-2.5424827605821814,-2.5424827605821814,1.0523598122332409,6.9051574271845766,2.0261797923244584,5.9313374470933589,2.2553859940486478,5.7021312453691699,-2.5424827605821814,0.52465351282864392,5.4328637265891739,2.2434635264103417,3.7140537130074773,0.78988328022540366,5.1676339591924147]
[null,null,null,null,null,null,null,null,null,null,null,null,null,null,null,278,30.580000000000002,-2.5516613987070271,-2.5516613987070271,1.0546981443754075,6.8936404569175647,2.0306819419496387,5.9176566593433346,2.2603974373796927,5.6879411639132798,-2.5516613987070271,0.52581928727031924,5.4225193140226544,2.2484484781470022,3.6998901231459702,0.79163839234698063,5.1567002089459919]
[null,null,null,null,null,null,null,null,null,null,null,null,null,null,null,279,30.69,-2.5608400368318724,-2.5608400368318724,1.0570259671596316,6.8821339960084957,2.0351638571944806,5.9039961059736479,2.2653863573699238,5.6737736057982042,-2.5608400368318724,0.52697982227630158,5.4121801408918264,2.2534110256061934,3.6857489375619341,0.7933856163241908,5.145774346843937]
[null,null,null,null,null,null,null,null,null,null,null,null,null,null,null,280,30.8,-2.5700186749567178,-2.5700186749567178,1.0593432805859131,6.8706380444573689,2.0396255380589845,5.8903557869842977,2.2703527540193411,5.6596285710239407,-2.5700186749567178,0.52813511784659095,5.4018462071966908,2.2583511687879172,3.671630156255365,0.79512495215703427,5.1348563728862473]
[null,null,null,null,null,null,null,null,null,null,null,null,null,null,null,281,30.91,-2.5791973130815631,-2.5791973130815631,1.0616500846542527,6.8591526022641833,2.0440669845431505,5.8767357023752869,2.2752966273279447,5.6455060595904918,-2.5791973130815631,0.52928517398118757,5.3915175129372495,2.2632689076921726,3.6575337792262648,0.79685639984551115,5.1239462870729255]
[null,null,null,null,null,null,null,null,null,null,null,null,null,null,null,282,31.02,-2.5883759512064084,-2.5883759512064084,1.0639463793646495,6.8476776694289416,2.0484881966469786,5.8631358521466126,2.2802179772957345,5.6314060714978567,-2.5883759512064084,0.53042999068009111,5.3811940581135005,2.2681642423189601,3.6434598064746315,0.79857995938962145,5.1130440894039708]
[null,null,null,null,null,null,null,null,null,null,null,null,null,null,null,283,31.13,-2.5975545893312542,-2.5975545893312542,1.0662321647171042,6.836213245951642,2.0528891743704691,5.8495562362982767,2.285116803922711,5.6173286067460335,-2.5975545893312542,0.53156956794330168,5.3708758427254448,2.2730371726682792,3.6294082380004666,0.80029563078936505,5.1021497798793813]
[null,null,null,null,null,null,null,null,null,null,null,null,null,null,null,284,31.24,-2.6067332274560995,-2.6067332274560995,1.0685074407116166,6.8247593318322837,2.0572699177136213,5.8359968548302783,2.2899931072088733,5.6032736653350268,-2.6067332274560995,0.53270390577081939,5.3605628667730807,2.27788769874013,3.6153790738037701,0.80200341404474185,5.0912633584991589]
[null,null,null,null,null,null,null,null,null,null,null,null,null,null,null,285,31.35,-2.6159118655809448,-2.6159118655809448,1.0707722073481869,6.8133159270708692,2.0616304266764365,5.8224577077426183,2.2948468871542222,5.5892412472648338,-2.6159118655809448,0.53383300416264423,5.3502551302564108,2.2827158205345133,3.6013723138845424,0.80370330915575228,5.0803848252633035]
[null,null,null,null,null,null,null,null,null,null,null,null,null,null,null,286,31.46,-2.6250905037057906,-2.6250905037057906,1.0730264646268144,6.8018830316673959,2.0659707012589128,5.8089387950352975,2.299678143758757,5.575231352535452,-2.6250905037057906,0.5349568631187761,5.3399526331754341,2.2875215380514273,3.5873879582427821,0.8053953161223959,5.0695141801718133]
[null,null,null,null,null,null,null,null,null,null,null,null,null,null,null,287,31.57,-2.6342691418306359,-2.6342691418306359,1.0752702125475,6.7904606456218648,2.0702907414610516,5.7954401167083134,2.3044868770224789,5.5612439811468857,-2.6342691418306359,0.53607548263921512,5.329655375530149,2.2923048512908744,3.5734260068784902,0.80707943494467305,5.0586514232246911]
[null,null,null,null,null,null,null,null,null,null,null,null,null,null,null,288,31.68,-2.6434477799554812,-2.6434477799554812,1.077503451110243,6.7790487689342758,2.0745905472828525,5.7819616727616658,2.3092730869453866,5.5472791330991313,-2.6434477799554812,0.53718886272396105,5.3193633573205581,2.2970657602528526,3.5594864597916662,0.80875566562258339,5.0477965544219359]
[null,null,null,null,null,null,null,null,null,null,null,null,null,null,null,289,31.79,-2.6526264180803265,-2.6526264180803265,1.079726180315044,6.7676474016046297,2.0788701187243155,5.7685034631953576,2.3140367735274809,5.5333368083921934,-2.6526264180803265,0.53829700337301423,5.3090765785466596,2.3018042649373633,3.5455693169823101,0.81042400815612725,5.0369495737635459]
[null,null,null,null,null,null,null,null,null,null,null,null,null,null,null,290,31.9,-2.6618050562051718,-2.6618050562051718,1.0819384001619023,6.7562565436329258,2.0831294557854405,5.7550654880093877,2.3187779367687611,5.5194170070260675,-2.6618050562051718,0.53939990458637432,5.2987950392084535,2.3065203653444053,3.5316745784504229,0.81208446254530431,5.0261104812495248]
[null,null,null,null,null,null,null,null,null,null,null,null,null,null,null,291,32.01,-2.6709836943300171,-2.6709836943300171,1.0841401106508186,6.7448761950191649,2.0873685584662285,5.7416477472037553,2.3234965766692284,5.5055197290007545,-2.6709836943300171,0.54049756636404178,5.2885187393059407,2.3112140614739798,3.5178022441960035,0.81373702879011489,5.015279276879868]
[null,null,null,null,null,null,null,null,null,null,null,null,null,null,null,292,32.119999999999997,-2.6801623324548625,-2.6801623324548625,1.0863313117817921,6.7335063557633443,2.0915874267666772,5.7282502407784595,2.3281926932288806,5.491644974316257,-2.6801623324548625,0.54158998870601593,5.2782476788391222,2.315885353326085,3.503952314219053,0.81538170689055856,5.0044559606545782]
[null,null,null,null,null,null,null,null,null,null,null,null,null,null,null,293,32.229999999999997,-2.6893409705797078,-2.6893409705797078,1.0885120035548239,6.7221470258654685,2.0957860606867893,5.7148729687335029,2.3328662864477208,5.4777927429725706,-2.6893409705797078,0.54267717161229745,5.2679818578079951,2.3205342409007232,3.4901247885195685,0.81701849684663597,4.9936405325736564]
[null,null,null,null,null,null,null,null,null,null,null,null,null,null,null,294,32.340000000000003,-2.698519608704554,-2.698519608704554,1.0906821859699132,6.7107982053255331,2.0999644602265626,5.701515931068883,2.3375173563257468,5.4639630349696979,-2.698519608704554,0.54375911508288599,5.2577212762125605,2.3251607241978931,3.4763196670975529,0.81864739865834657,4.9828329926370998]
[null,null,null,null,null,null,null,null,null,null,null,null,null,null,null,295,32.450000000000003,-2.7076982468293993,-2.7076982468293993,1.0928418590270599,6.6994598941435415,2.1041226253859984,5.6881791277846032,2.3421459028629585,5.4501558503076426,-2.7076982468293993,0.54483581911778156,5.2474659340528191,2.3297648032175946,3.4625369499530061,0.82026841232569048,4.9720333408449102]
[null,null,null,null,null,null,null,null,null,null,null,null,null,null,null,296,32.56,-2.7168768849542446,-2.7168768849542446,1.0949910227262647,6.6881320923194902,2.1082605561650962,5.67486255888066,2.346751926059357,5.4363711889863993,-2.7168768849542446,0.54590728371698427,5.237215831328772,2.3343464779598282,3.4487766370859272,0.82188153784866791,4.9612415771970877]
[null,null,null,null,null,null,null,null,null,null,null,null,null,null,null,297,32.67,-2.7260555230790899,-2.7260555230790899,1.097129677067527,6.6768147998533838,2.1123782525638561,5.6615662243570544,2.3513354259149417,5.4226090510059688,-2.7260555230790899,0.54697350888049401,5.2269709680404164,2.3389057484245934,3.4350387284963162,0.82348677522727853,4.9504577016936313]
[null,null,null,null,null,null,null,null,null,null,null,null,null,null,null,298,32.78,-2.7352341612039353,-2.7352341612039353,1.0992578220508467,6.6655080167452176,2.1164757145822781,5.6482901242137853,2.3558964024297127,5.4088694363663521,-2.7352341612039353,0.54803449460831077,5.2167313441877532,2.3434426146118903,3.4213232241841749,0.82508412446152246,4.939681714334542]
[null,null,null,null,null,null,null,null,null,null,null,null,null,null,null,299,32.89,-2.744412799328781,-2.744412799328781,1.1013754576762242,6.6542117429949936,2.1205529422203622,5.6350342584508564,2.3604348556036698,5.3951523450675491,-2.744412799328781,0.54909024090043457,5.2064969597707851,2.3479570765217193,3.4076301241494993,0.82667358555139991,4.9289136151198196]
[null,null,null,null,null,null,null,null,null,null,null,null,null,null,null,300,33,-2.7535914374536263,-2.7535914374536263,1.1034825839436595,6.6429259786027144,2.1246099354781087,5.6217986270682649,2.3649507854368133,5.3814577771095609,-2.7535914374536263,0.55014074775686561,5.1962678147895085,2.3524491341540803,3.3939594283922938,0.82825515849691067,4.9181534040494634]
[null,null,null,null,null,null,null,null,null,null,null,null,null,null,null,301,33.11,-2.7627700755784717,-2.7627700755784717,1.1055792008531524,6.6316507235683755,2.1286466943555169,5.6085832300660119,2.3694441919291434,5.3677857324923846,-2.7627700755784717,0.55118601517760357,5.1860439092439243,2.3569187875089725,3.3803111369125562,0.82982884329805473,4.9074010811234743]
[null,null,null,null,null,null,null,null,null,null,null,null,null,null,null,302,33.22,-2.771948713703317,-2.771948713703317,1.1076653084047032,6.6203859778919796,2.1326632188525876,5.5953880674440946,2.3739150750806597,5.3541362112160229,-2.771948713703317,0.55222604316264878,5.1758252431340344,2.3613660365863978,3.3666852497102848,0.83139463995483232,4.8966566463418504]
[null,null,null,null,null,null,null,null,null,null,null,null,null,null,null,303,33.33,-2.7811273518281623,-2.7811273518281623,1.1097409065983113,6.6091317415735258,2.1366595089693199,5.5822131392025174,2.3783634348913618,5.340509213280475,-2.7811273518281623,0.55326083171200091,5.1656118164598368,2.3657908813863537,3.353081766785484,0.83295254846724309,4.8859200997045953]
[null,null,null,null,null,null,null,null,null,null,null,null,null,null,null,304,33.44,-2.7903059899530076,-2.7903059899530076,1.1118059954339774,6.597888014613015,2.1406355647057151,5.5690584453412777,2.3827892713612511,5.3269047386857418,-2.7903059899530076,0.55429038082566029,5.1554036292213317,2.3701933219088427,3.3395006881381493,0.83450256883528739,4.8751914412117054]
[null,null,null,null,null,null,null,null,null,null,null,null,null,null,null,305,33.549999999999997,-2.7994846280778529,-2.7994846280778529,1.113860574911701,6.5866547970104463,2.1445913860617716,5.5559239858603764,2.3871925844903261,5.3133227874318223,-2.7994846280778529,0.55531469050362658,5.1452006814185207,2.3745733581538628,3.3259420137682842,0.836044701058965,4.8644706708631826]
[null,null,null,null,null,null,null,null,null,null,null,null,null,null,null,306,33.660000000000004,-2.8086632662026991,-2.8086632662026991,1.1159046450314827,6.575432088765818,2.1485269730374914,5.5428097607598099,2.3915733742785883,5.299763359518713,-2.8086632662026991,0.55633376074590013,5.1350029730514004,2.3789309901214155,3.3124057436758854,0.83757894513827613,4.8537577886590251]
[null,null,null,null,null,null,null,null,null,null,null,null,null,null,null,307,33.770000000000003,-2.8178419043275444,-2.8178419043275444,1.1179382057933214,6.5642198898791353,2.152442325632872,5.5297157700395836,2.3959316407260358,5.2862264549464193,-2.8178419043275444,0.55734759155248048,5.1248105041199743,2.3832662178114985,3.2988918778609571,0.83910530107322023,4.8430527945992345]
[null,null,null,null,null,null,null,null,null,null,null,null,null,null,null,308,33.880000000000003,-2.8270205424523898,-2.8270205424523898,1.1199612571972184,6.5530182003503921,2.1563374438479155,5.5166420136996948,2.4002673838326705,5.2727120737149402,-2.8270205424523898,0.55835618292336819,5.1146232746242424,2.3875790412241149,3.2854004163234958,0.84062376886379797,4.8323556886838119]
[null,null,null,null,null,null,null,null,null,null,null,null,null,null,null,309,33.99,-2.8361991805772351,-2.8361991805772351,1.1219737992431724,6.5418270201795927,2.1602123276826202,5.5035884917401443,2.40458060359849,5.2592202158242749,-2.8361991805772351,0.55935953485856271,5.1044412845642029,2.3918694603592621,3.2719313590635033,0.84213434851000879,4.8216664709127564]
[null,null,null,null,null,null,null,null,null,null,null,null,null,null,null,310,34.1,-2.8453778187020804,-2.8453778187020804,1.1239758319311848,6.5306463493667346,2.1640669771369883,5.4905552041609313,2.4088713000234976,5.2457508812744225,-2.8453778187020804,0.56035764735806459,5.0942645339398549,2.3961374752169422,3.258484706080977,0.84363704001185347,4.810985141286066]
[null,null,null,null,null,null,null,null,null,null,null,null,null,null,null,311,34.21,-2.8545564568269257,-2.8545564568269257,1.1259673552612541,6.5194761879118204,2.1679013922110171,5.4775421509620568,2.4131394731076901,5.2323040700653838,-2.8545564568269257,0.56135052042187328,5.0840930227512011,2.4003830857971526,3.2450604573759221,0.84513184336933089,4.8003116998037427]
[null,null,null,null,null,null,null,null,null,null,null,null,null,null,null,312,34.32,-2.863735094951771,-2.863735094951771,1.1279483692333818,6.5083165358148474,2.1717155729047093,5.4645493321435197,2.4173851228510701,5.2188797821971598,-2.863735094951771,0.56233815404998932,5.0739267509982398,2.4046062920998965,3.2316586129483325,0.84661875858244229,4.7896461464657865]
[null,null,null,null,null,null,null,null,null,null,null,null,null,null,null,313,34.43,-2.8729137330766168,-2.8729137330766168,1.1299188738475667,6.4971673930758165,2.1755095192180627,5.451576747705321,2.421608249253635,5.2054780176697477,-2.8729137330766168,0.56332054824241218,5.0637657186809708,2.4088070941251711,3.2182791727982121,0.84809778565118654,4.7789884812721963]
[null,null,null,null,null,null,null,null,null,null,null,null,null,null,null,314,34.54,-2.8820923712014621,-2.8820923712014621,1.1318788691038097,6.4860287596947277,2.179283231151079,5.4386243976474589,2.4258088523153876,5.1920987764831494,-2.8820923712014621,0.56429770299914228,5.0536099257993961,2.4129854918729787,3.2049221369255592,0.84956892457556454,4.7683387042229732]
[null,null,null,null,null,null,null,null,null,null,null,null,null,null,null,315,34.65,-2.8912710093263074,-2.8912710093263074,1.13382835500211,6.4749006356715819,2.1830367087037561,5.425692281969936,2.4299869320363254,5.1787420586373676,-2.8912710093263074,0.5652696183201793,5.0434593723535128,2.4171414853433171,3.1915875053303759,0.85103217535557563,4.7576968153181172]
[null,null,null,null,null,null,null,null,null,null,null,null,null,null,null,316,34.76,-2.9004496474511527,-2.9004496474511527,1.1357673315424683,6.46378302100638,2.1867699518760966,5.4127804006727516,2.4341424884164504,5.1654078641323977,-2.9004496474511527,0.56623629420552357,5.0333140583433238,2.421275074536188,3.1782752780126589,0.85248753799122023,4.7470628145576264]
[null,null,null,null,null,null,null,null,null,null,null,null,null,null,null,317,34.869999999999997,-2.9096282855759981,-2.9096282855759981,1.1376957987248839,6.4526759156991176,2.1904829606680987,5.3998887537559028,2.4382755214557612,5.1520961929682407,-2.9096282855759981,0.56719773065517476,5.0231739837688272,2.4253862594515905,3.1649854549724115,0.85393501248249815,4.7364367019415035]
[null,null,null,null,null,null,null,null,null,null,null,null,null,null,null,318,34.979999999999997,-2.9188069237008434,-2.9188069237008434,1.1396137565493576,6.441579319749799,2.1941757350797633,5.3870173412193925,2.4423860311542587,5.1388070451448975,-2.9188069237008434,0.5681539276691332,5.013039148630023,2.4294750400895251,3.151718036209632,0.85537459882940947,4.7258184774697476]
[null,null,null,null,null,null,null,null,null,null,null,null,null,null,null,319,35.090000000000003,-2.9279855618256896,-2.9279855618256896,1.1415212050158889,6.4304932331584208,2.1978482751110899,5.3741661630632205,2.4464740175119428,5.125540420662368,-2.9279855618256896,0.56910488524739877,5.0029095529269121,2.4335414164499918,3.1384730217243186,0.85680629703195432,4.7152081411423561]
[null,null,null,null,null,null,null,null,null,null,null,null,null,null,null,320,{"$f":"(Rozpeti/1000)*P323","v":35.200000000000003},{"$f":"$R$2*Q323","v":-2.9371641999505349},-2.9371641999505349,{"$f":"($Q323*(Rozpeti-$Q323))/(2*$C$11)","v":1.1434181441244777},6.4194176559249865,{"$f":"($Q323*(Rozpeti-$Q323))/(2*$M$11)","v":2.2015005807620782},5.3613352192873869,{"$f":"($Q323*(Rozpeti-$Q323))/(2*$L$11)","v":2.4505394805288123},5.1122963195206523,-2.9371641999505349,{"$f":"($Q323*(Rozpeti-$Q323))/(2*$C$32)","v":0.57005060338997116},4.9927851966594936,{"$f":"($Q323*(Rozpeti-$Q323))/(2*$M$32)","v":2.4375853885329897},3.1252504115164759,{"$f":"($Q323*(Rozpeti-$Q323))/(2*$L$32)","v":0.85823010709013225},4.7046056929593334]
[null,null,null,null,null,null,null,null,null,null,null,null,null,null,null,321,35.31,-2.9463428380753802,-2.9463428380753802,1.1453045738751242,6.4083525880494951,2.205132652032729,5.3485245098918908,2.4545824202048685,5.0990747417197513,-2.9463428380753802,0.57099108209685079,4.9826660798277693,2.4416069563385197,3.1120502055861001,0.85964602900394349,4.694011132920676]
[null,null,null,null,null,null,null,null,null,null,null,null,null,null,null,322,35.42,-2.9555214762002255,{"$f":"$S$3*Q325","v":-2.9555214762002255},1.1471804942678283,{"$f":"$U$3-T325+$S325","v":6.3972980295319459},2.2087444889230414,{"$f":"$W$3-V325+$S325","v":5.335734034876733},2.4586028365401109,{"$f":"$Y$3-X325+$S325","v":5.085875687259664},{"$f":"$Z$3*Q325","v":-2.9555214762002255},0.57192632136803745,{"$f":"$AB$3-AA325+$Z325","v":4.9725522024317375},2.4456061198665817,{"$f":"$AD$3-AC325+$Z325","v":3.0988724039331923},0.86105406277338825,{"$f":"$AF$3-AE325+$Z325","v":4.6834244610263855}]
[null,null,null,null,null,null,null,null,null,null,null,null,null,null,null,323,35.53,-2.9647001143250709,-2.9647001143250709,1.1490459053025903,6.3862539803723397,2.2123360914330168,5.3229637942419128,2.46260072953454,5.0726991561403896,-2.9647001143250709,0.57285632120353125,4.962443564471398,2.4495828791171759,3.0857170065577533,0.86245420839846643,4.6728456772764631]
[null,null,null,null,null,null,null,null,null,null,null,null,null,null,null,324,35.64,-2.9738787524499162,-2.9738787524499162,1.1509008069794098,6.3752204405706738,2.2159074595626538,5.3102137879874292,2.4665760991881553,5.0595451483619271,-2.9738787524499162,0.57378108160333208,4.952340165946751,2.4535372340903012,3.0725840134597822,0.8638464658791779,4.6622747816709058]
[null,null,null,null,null,null,null,null,null,null,null,null,null,null,null,325,35.75,-2.9830573905747615,-2.9830573905747615,1.1527451992982871,6.3641974101269509,2.2194585933119528,5.2974840161132866,2.4705289455009569,5.0464136639242811,-2.9830573905747615,0.57470060256743993,4.942242006857799,2.4574691847859587,3.0594734246392798,0.8652308352155228,4.6517117742097156]
[null,null,null,null,null,null,null,null,null,null,null,null,null,null,null,326,35.86,-2.9922360286996073,-2.9922360286996073,1.1545790822592219,6.3531848890411711,2.2229894926809139,5.2847744786194797,2.4744592684729443,5.033304702827448,-2.9922360286996073,0.57561488409585493,4.9321490872045377,2.4613787312041482,3.046385240096245,0.86660731640750088,4.6411566548928915]
[null,null,null,null,null,null,null,null,null,null,null,null,null,null,null,327,35.97,-3.0014146668244526,-3.0014146668244526,1.1564024558622148,6.3421828773133324,2.2265001576695376,5.2720851755060103,2.4783670681041188,5.0202182650714295,-3.0014146668244526,0.57652392618857706,4.9220614069869697,2.4652658733448698,3.0333194598306776,0.8679759094551126,4.6306094237204345]
[null,null,null,null,null,null,null,null,null,null,null,null,null,null,null,328,36.08,-3.0105933049492979,-3.0105933049492979,1.1582153201072649,6.3311913749434368,2.2299905882778224,5.2594161067728802,2.4822523443944791,5.0071543506562239,-3.0105933049492979,0.57742772884560611,4.9119789662050959,2.4691306112081222,3.02027608384258,0.86933661435835741,4.6200700806923445]
[null,null,null,null,null,null,null,null,null,null,null,null,null,null,null,329,36.19,-3.0197719430741432,-3.0197719430741432,1.1600176749943729,6.3202103819314832,2.2334607845057706,5.2467672724200867,2.486115097344026,4.9941129595818303,-3.0197719430741432,0.5783262920669423,4.9019017648589145,2.4729729447939075,3.0072551121319493,0.87068943111723573,4.6095386258086215]
[null,null,null,null,null,null,null,null,null,null,null,null,null,null,null,330,36.299999999999997,-3.0289505811989885,-3.0289505811989885,1.1618095205235386,6.3092398982774727,2.2369107463533799,5.2341386724476306,2.4899553269527592,4.9810940918482514,-3.0289505811989885,0.57921961585258563,4.8918298029484255,2.4767928741022245,2.9942565446987865,0.87203435973174737,4.5990150590692638]
[null,null,null,null,null,null,null,null,null,null,null,null,null,null,null,331,36.410000000000004,-3.0381292193238347,-3.0381292193238347,1.1635908566947621,6.2982799239814025,2.2403404738206523,5.221530306855513,2.4937730332206791,4.9680977474554862,-3.0381292193238347,0.5801077002025361,4.8817630804736289,2.4805903991330736,2.9812803815430917,0.87337140020189252,4.5884993804742731]
[null,null,null,null,null,null,null,null,null,null,null,null,null,null,null,332,36.520000000000003,-3.04730785744868,-3.04730785744868,1.1653616835080429,6.2873304590432779,2.2437499669075858,5.2089421756437337,2.4975682161477843,4.9551239264035365,-3.04730785744868,0.58099054511679338,4.8717015974345266,2.4843655198864538,2.9683266226648657,0.87470055252767076,4.5779915900236494]
[null,null,null,null,null,null,null,null,null,null,null,null,null,null,null,333,36.630000000000003,-3.0564864955735254,-3.0564864955735254,1.1671220009633818,6.2763915034630937,2.2471392256141822,5.1963742788122929,2.5013408757340767,4.9421726286923988,-3.0564864955735254,0.58186815059535801,4.8616453538311166,2.4881182363623666,2.9553952680641085,0.87602181670908263,4.5674916877173928]
[null,null,null,null,null,null,null,null,null,null,null,null,null,null,null,334,36.74,-3.0656651336983707,-3.0656651336983707,1.1688718090607781,6.2654630572408507,2.2505082499404399,5.1838266163611895,2.5050910119795549,4.929243854322074,-3.0656651336983707,0.58274051663822957,4.8515943496634,2.4918485485608106,2.9424863177408191,0.87733519274612759,4.5569996735555014]
[null,null,null,null,null,null,null,null,null,null,null,null,null,null,null,335,36.85,-3.074843771823216,-3.074843771823216,1.1706111078002324,6.2545451203765516,2.2538570398863604,5.1712991882904227,2.5088186248842197,4.9163376032925648,-3.074843771823216,0.58360764324540837,4.8415485849313757,2.4955564564817871,2.9295997716949969,0.87864068063880618,4.546515547537977]
[null,null,null,null,null,null,null,null,null,null,null,null,null,null,null,336,36.96,-3.0840224099480613,-3.0840224099480613,1.1723398971817438,6.2436376928701955,2.2571855954519426,5.1587919945999952,2.5125237144480703,4.9034538756038684,-3.0840224099480613,0.58446953041689398,4.8315080596350448,2.4992419601252949,2.9167356299266443,0.87993828038711785,4.5360393096648206]
[null,null,null,null,null,null,null,null,null,null,null,null,null,null,null,337,37.07,-3.0932010480729066,-3.0932010480729066,1.1740581772053134,6.2327407747217798,2.2604939166371869,5.146305035289906,2.5162062806711081,4.8905926712559857,-3.0932010480729066,0.58532617815268684,4.8214727737744063,2.5029050594913347,2.9038938924357587,0.88122799199106305,4.5255709599360312]
[null,null,null,null,null,null,null,null,null,null,null,null,null,null,null,338,37.18,-3.102379686197752,-3.102379686197752,1.1757659478709401,6.2218543659313088,2.2637820034420932,5.1338383103601544,2.5198663235533312,4.8777539902489169,-3.102379686197752,0.58617758645278661,4.8114427273494611,2.5065457545799061,2.8910745592223419,0.88250981545064144,4.515110498351607]
[null,null,null,null,null,null,null,null,null,null,null,null,null,null,null,339,37.29,-3.1115583243225977,-3.1115583243225977,1.1774632091786252,6.2109784664987764,2.2670498558666625,5.1213918198107393,2.5235038430947414,4.8649378325826609,-3.1115583243225977,0.58702375531719375,4.8014179203602083,2.5101640453910101,2.8782776302863926,0.88378375076585358,4.504657924911549]
[null,null,null,null,null,null,null,null,null,null,null,null,null,null,null,340,37.4,-3.120736962447443,-3.120736962447443,1.1791499611283676,6.2001130764241896,2.270297473910893,5.1089655636416627,2.5271188392953374,4.8521441982572195,-3.120736962447443,0.58786468474590781,4.7913983528066488,2.5137599319246453,2.8655031056279117,0.8850497979366988,4.4942132396158581]
[null,null,null,null,null,null,null,null,null,null,null,null,null,null,null,341,37.51,-3.1299156005722883,-3.1299156005722883,1.1808262037201678,6.1892581957075441,2.2735248575747864,5.0965595418529253,2.5307113121551206,4.8393730872725911,-3.1299156005722883,0.588700374738929,4.7813840246887827,2.5173334141808135,2.8527509852468986,0.88630795696317755,4.4837764424645341]
[null,null,null,null,null,null,null,null,null,null,null,null,null,null,null,342,37.619999999999997,-3.1390942386971337,-3.1390942386971337,1.1824919369540254,6.1784138243488407,2.276732006858341,5.0841737544445262,2.5342812616740891,4.8266244996287782,-3.1390942386971337,0.58953082529625711,4.7713749360066089,2.5208844921595124,2.8400212691433544,0.88755822784528937,4.4733475334575772]
[null,null,null,null,null,null,null,null,null,null,null,null,null,null,null,343,37.729999999999997,-3.148272876821979,-3.148272876821979,1.184147160829941,6.1675799623480803,2.2799189217615585,5.0718082014164629,2.5378286878522447,4.8138984353257763,-3.148272876821979,0.59035603641789247,4.7613710867601284,2.5244131658607434,2.8273139573172781,0.88880061058303483,4.4629265125949864]
[null,null,null,null,null,null,null,null,null,null,null,null,null,null,null,344,37.840000000000003,-3.1574515149468252,-3.1574515149468252,1.1857918753479142,6.156756609705262,2.2830856022844377,5.059462882768738,2.5413535906895861,4.8011948943635883,-3.1574515149468252,0.59117600810383486,4.7513724769493404,2.5279194352845065,2.8146290497686688,0.8900351051764136,4.4525133798767609]
[null,null,null,null,null,null,null,null,null,null,null,null,null,null,null,345,37.950000000000003,-3.1666301530716705,-3.1666301530716705,1.1874260805079451,6.145943766420384,2.2862320484269789,5.0471377985013515,2.5448559701861138,4.7885138767422157,-3.1666301530716705,0.59199074035408428,4.7413791065742448,2.5314033004308016,2.8019665464975283,0.89126171162542567,4.4421081353029042]
[null,null,null,null,null,null,null,null,null,null,null,null,null,null,null,346,38.06,-3.1758087911965158,-3.1758087911965158,1.1890497763100336,6.1351414324934499,2.2893582601891826,5.0348329486143015,2.5483358263418281,4.7758553824616552,-3.1758087911965158,0.59280023316864083,4.7313909756348433,2.534864761299628,2.7893264475038557,0.89248042993007115,4.4317107788734127]
[null,null,null,null,null,null,null,null,null,null,null,null,null,null,null,347,38.17,-3.1849874293213611,-3.1849874293213611,1.1906629627541798,6.1243496079244588,2.292464237571048,5.0225483331075909,2.5517931591567287,4.7632194115219102,-3.1849874293213611,0.59360448654750442,4.7214080841311343,2.5383038178909865,2.7767087527876528,0.89369126009034994,4.4213213105882891]
[null,null,null,null,null,null,null,null,null,null,null,null,null,null,null,348,38.28,-3.1941660674462065,-3.1941660674462065,1.1922656398403837,6.1135682927134098,2.2955499805725759,5.0102839519812186,2.5552279686308155,4.750605963922979,-3.1941660674462065,0.59440350049067514,4.7114304320631177,2.541720470204877,2.7641134623489161,0.89489420210626214,4.4109397304475308]
[null,null,null,null,null,null,null,null,null,null,null,null,null,null,null,349,38.39,-3.2033447055710518,-3.2033447055710518,1.1938578075686452,6.1027974868603039,2.2986154891937658,4.998039805235182,2.5586402547640885,4.7380150396648597,-3.2033447055710518,0.59519727499815289,4.7014580194307953,2.5451147182412992,2.751540576187649,0.89608925597780764,4.4005660384511405]
[null,null,null,null,null,null,null,null,null,null,null,null,null,null,null,350,38.5,-3.2125233436958971,-3.2125233436958971,1.1954394659389644,6.0920371903651382,2.3016607634346178,4.9858158928694838,2.5620300175565478,4.7254466387475542,-3.2125233436958971,0.59598581006993767,4.6914908462341653,2.5484865620002535,2.7389900943038499,0.89727642170498656,4.3902002345991171]
[null,null,null,null,null,null,null,null,null,null,null,null,null,null,null,351,38.61,-3.2217019818207424,-3.2217019818207424,1.1970106149513415,6.0812874032279156,2.3046858032951318,4.9736122148841249,2.5653972570081938,4.7129007611710643,-3.2217019818207424,0.5967691057060297,4.6815289124732278,2.5518360014817398,2.7264620166975178,0.89845569928779889,4.379842318891459]
[null,null,null,null,null,null,null,null,null,null,null,null,null,null,null,352,38.72,-3.2308806199455882,-3.2308806199455882,1.1985712546057761,6.070548125448636,2.307690608775308,4.9614287712791034,2.568741973119026,4.7003774069353854,-3.2308806199455882,0.59754716190642865,4.6715722181479835,2.5551630366857578,2.713956343368654,0.89962708872624453,4.3694922913281671]
[null,null,null,null,null,null,null,null,null,null,null,null,null,null,null,353,38.83,-3.2400592580704335,-3.2400592580704335,1.2001213849022683,6.0598193570272993,2.3106751798751461,4.9492655620544213,2.5720641658890444,4.687876576040523,-3.2400592580704335,0.59831997867113473,4.6616207632584317,2.5584676676123075,2.7014730743172595,0.90079059002032347,4.3591501519092439]
[null,null,null,null,null,null,null,null,null,null,null,null,null,null,null,354,38.94,-3.2492378961952788,-3.2492378961952788,1.2016610058408181,6.0491010979639022,2.3136395165946464,4.9371225872100748,2.5753638353182486,4.6753982684864726,-3.2492378961952788,0.59908755600014785,4.6516745478045731,2.5617498942613888,2.689012209543332,0.90194620317003582,4.3488159006346851]
[null,null,null,null,null,null,null,null,null,null,null,null,null,null,null,355,39.049999999999997,-3.2584165343201241,-3.2584165343201241,1.2031901174214259,6.0383933482584489,2.3165836189338092,4.9249998467460667,2.5786409814066396,4.6629424842732359,-3.2584165343201241,0.5998498938934681,4.641733571786407,2.5650097166330021,2.6765737490468742,0.90309392817538148,4.3384895375044952]
[null,null,null,null,null,null,null,null,null,null,null,null,null,null,null,356,39.160000000000004,-3.2675951724449699,-3.2675951724449699,1.2047087196440913,6.0276961079109377,2.319507486892634,4.9128973406623953,2.5818956041542176,4.6505092234008121,-3.2675951724449699,0.60060699235109549,4.6317978352039351,2.5682471347271481,2.6641576928278821,0.90423376503636077,4.3281710625186687]
[null,null,null,null,null,null,null,null,null,null,null,null,null,null,null,357,39.270000000000003,-3.2767738105698152,-3.2767738105698152,1.2062168125088142,6.0170093769213713,2.3224111204711204,4.9008150689590648,2.5851277035609805,4.6380984858692047,-3.2767738105698152,0.60135885137302969,4.6218673380571547,2.5714621485438247,2.6517640408863601,0.90536571375297292,4.3178604756772119]
[null,null,null,null,null,null,null,null,null,null,null,null,null,null,null,358,39.380000000000003,-3.285952448694661,-3.285952448694661,1.2077143960155949,6.0063331552897443,2.3252945196692694,4.8887530316360701,2.5883372796269311,4.6257102716784084,-3.285952448694661,0.60210547095927125,4.6119420803460676,2.5746547580830343,2.6393927932223047,0.90648977432521893,4.3075577769801203]
[null,null,null,null,null,null,null,null,null,null,null,null,null,null,null,359,39.49,-3.2951310868195063,-3.2951310868195063,1.2092014701644331,5.9956674430160604,2.3281576844870804,4.8767112286934129,2.5915243323520669,4.6133445808284268,-3.2951310868195063,0.60284685110981973,4.6020220620706738,2.5778249633447752,2.6270439498357185,0.90760594675309803,4.2972629664273949]
[null,null,null,null,null,null,null,null,null,null,null,null,null,null,null,360,39.6,-3.3043097249443516,-3.3043097249443516,1.2106780349553294,5.9850122401003194,2.3310006149245535,4.8646896601310949,2.5946888617363899,4.601001413319258,-3.3043097249443516,0.60358299182467545,4.5921072832309733,2.5809727643290481,2.6147175107266003,0.90871423103661064,4.2869760440190374]
[null,null,null,null,null,null,null,null,null,null,null,null,null,null,null,361,39.71,-3.3134883630691969,-3.3134883630691969,1.212144090388283,5.9743675465425206,2.3338233109816886,4.8526883259491136,2.5978308677798982,4.5886807691509048,-3.3134883630691969,0.60431389310383798,4.5821977438269652,2.5840981610358522,2.6024134758949509,0.90981462717575634,4.276697009755047]
[null,null,null,null,null,null,null,null,null,null,null,null,null,null,null,362,39.82,-3.3226670011940422,-3.3226670011940422,1.2135996364632946,5.9637333623426629,2.3366257726584863,4.8407072261474715,2.6009503504825942,4.5763826483233636,-3.3226670011940422,0.60503955494730788,4.5722934438586496,2.5872011534651898,2.5901318453407685,0.91090713517053579,4.2664258636354218]
[null,null,null,null,null,null,null,null,null,null,null,null,null,null,null,363,39.93,-3.3318456393188876,-3.3318456393188876,1.2150446731803635,5.9531096875007492,2.3394079999549451,4.8287463607261678,2.604047309844475,4.5641070508366379,-3.3318456393188876,0.60575997735508469,4.5623943833260281,2.5902817416170576,2.5778726190640548,0.9119917550209482,4.2561626056601636]
[null,null,null,null,null,null,null,null,null,null,null,null,null,null,null,364,40.04,-3.3410242774437329,-3.3410242774437329,1.2164792005394904,5.9424965220167767,2.3421699928710673,4.8168057296851998,2.6071217458655433,4.5518539766907242,-3.3410242774437329,0.60647516032716864,4.5525005622290982,2.5933399254914584,2.5656357970648092,0.91306848672699437,4.2459072358292724]
[null,null,null,null,null,null,null,null,null,null,null,null,null,null,null,365,40.15,-3.3502029155685782,-3.3502029155685782,1.2179032185406744,5.9318938658907463,2.3449117514068503,4.8048853330245702,2.6101736585457966,4.5396234258856243,-3.3502029155685782,0.60718510386355951,4.5426119805678624,2.5963757050883896,2.5534213793430323,0.9141373302886735,4.2356597541427483]
[null,null,null,null,null,null,null,null,null,null,null,null,null,null,null,366,40.26,-3.3593815536934239,-3.3593815536934239,1.2193167271839169,5.921301719122658,2.3476332755622966,4.792985170744279,2.6132030478852379,4.5274153984213381,-3.3593815536934239,0.60788980796425773,4.5327286383423182,2.5993890804078545,2.5412293658987211,0.91519828570598649,4.2254201606005903]
[null,null,null,null,null,null,null,null,null,null,null,null,null,null,null,367,40.369999999999997,-3.3685601918182693,-3.3685601918182693,1.2207197264692164,5.9107200817125145,2.3503345653374037,4.781105242844327,2.6162099138838641,4.5152298942978666,-3.3685601918182693,0.60858927262926277,4.5228505355524682,2.6023800514498499,2.5290597567318809,0.91625135297893223,4.2151884552027985]
[null,null,null,null,null,null,null,null,null,null,null,null,null,null,null,368,40.479999999999997,-3.3777388299431146,-3.3777388299431146,1.2221122163965741,5.9001489536603113,2.3530156207321742,4.7692455493247117,2.6191942565416779,4.503066913515207,-3.3777388299431146,0.60928349785857516,4.5129776721983106,2.6053486182143781,2.5169125518425068,0.91729653210751194,4.2049646379493737]
[null,null,null,null,null,null,null,null,null,null,null,null,null,null,null,369,40.590000000000003,-3.3869174680679603,-3.3869174680679603,1.2234941969659892,5.8895883349660512,2.3556764417466063,4.7574060901854338,2.622156075858677,4.4909264560733622,-3.3869174680679603,0.60997248365219447,4.5031100482798454,2.6082947807014376,2.504787751230602,0.91833382309172473,4.194748708840315]
[null,null,null,null,null,null,null,null,null,null,null,null,null,null,null,370,40.700000000000003,-3.3960961061928057,-3.3960961061928057,1.2248656681774621,5.8790382256297331,2.3583170283807009,4.7455868654264943,2.6250953718348633,4.478808521972331,-3.3960961061928057,0.61065623001012082,4.4932476637970735,2.6112185389110292,2.4926853548961656,0.91936322593157094,4.1845406678756234]
[null,null,null,null,null,null,null,null,null,null,null,null,null,null,null,371,40.81,-3.4052747443176514,-3.4052747443176514,1.2262266300309925,5.8684986256513554,2.3609373806344571,4.7337878750478914,2.6280121444702349,4.4667131112121137,-3.4052747443176514,0.61133473693235429,4.4833905187499941,2.6141198928431524,2.4806053628391957,0.92038474062705034,4.1743405150552979]
[null,null,null,null,null,null,null,null,null,null,null,null,null,null,null,372,40.92,-3.4144533824424967,-3.4144533824424967,1.2275770825265808,5.8579695350309215,2.3635374985078754,4.7220091190496269,2.6309063937647932,4.4546402237927101,-3.4144533824424967,0.6120080044188948,4.4735386131386079,2.6169988424978077,2.468547775059696,0.92139836717816326,4.1641482503793394]
[null,null,null,null,null,null,null,null,null,null,null,null,null,null,null,373,41.03,-3.4236320205673421,-3.4236320205673421,1.2289170256642268,5.8474509537684307,2.3661173820009562,4.7102505974317017,2.6337781197185381,4.4425898597141193,-3.4236320205673421,0.61267603246974245,4.463691946962915,2.6198553878749951,2.4565125915576624,0.92240410558490959,4.153963873847748]
[null,null,null,null,null,null,null,null,null,null,null,null,null,null,null,374,41.14,-3.4328106586921874,-3.4328106586921874,1.2302464594439302,5.8369428818638838,2.3686770311136986,4.6985123101941149,2.6366273223314689,4.4305620189763442,-3.4328106586921874,0.61333882108489712,4.4538505202229164,2.6226895289747136,2.4444998123330985,0.92340195584728912,4.1437873854605236]
[null,null,null,null,null,null,null,null,null,null,null,null,null,null,null,375,41.25,-3.4419892968170327,-3.4419892968170327,1.2315653838656915,5.8264453193172763,2.3712164458461031,4.6867942573368637,2.6394540016035863,4.418556701579381,-3.4419892968170327,0.61399637026435894,4.4440143329186084,2.6255012657969647,2.4325094373860026,0.92439191796530207,4.1336187852176653]
[null,null,null,null,null,null,null,null,null,null,null,null,null,null,null,376,41.36,-3.451167934941878,-3.451167934941878,1.2328737989295104,5.8159582661286109,2.3737356261981706,4.675096438859951,2.64225815753489,4.4065739075232315,-3.451167934941878,0.61464868000812778,4.4341833850499945,2.6282905983417475,2.4205414667163745,0.92537399193894843,4.1234580731191741]
[null,null,null,null,null,null,null,null,null,null,null,null,null,null,null,377,41.47,-3.4603465730667233,-3.4603465730667233,1.2341717046353868,5.8054817222978903,2.3762345721698992,4.6634188547633775,2.6450397901253799,4.3946136368078967,-3.4603465730667233,0.61529575031620376,4.4243576766170731,2.6310575266090619,2.4085959003242143,0.92634817776822809,4.113305249165049]
[null,null,null,null,null,null,null,null,null,null,null,null,null,null,null,378,41.58,-3.4695252111915686,-3.4695252111915686,1.2354591009833211,5.79501568782511,2.3787132837612903,4.6517615050471424,2.6477988993750565,4.3826758894333757,-3.4695252111915686,0.61593758118858677,4.4145372076198441,2.6338020505989084,2.396672738209523,0.92731447545314116,4.103160313355291]
[null,null,null,null,null,null,null,null,null,null,null,null,null,null,null,379,41.69,-3.4787038493164144,-3.4787038493164144,1.2367359879733131,5.7845601627102727,2.3811717609723435,4.640124389711243,2.6505354852839189,4.3707606653996667,-3.4787038493164144,0.61657417262527681,4.4047219780583085,2.6365241703112865,2.3847719803722991,0.92827288499368754,4.0930232656898973]
[null,null,null,null,null,null,null,null,null,null,null,null,null,null,null,380,41.8,-3.4878824874412597,-3.4878824874412597,1.2380023656053627,5.7741151469533776,2.3836100038030588,4.628507508755682,2.6532495478519675,4.3588679647067732,-3.4878824874412597,0.61720552462627387,4.3949119879324661,2.6392238857461963,2.3728936268125445,0.92922340638986733,4.0828941061688733]
[null,null,null,null,null,null,null,null,null,null,null,null,null,null,null,381,41.910000000000004,-3.4970611255661055,-3.4970611255661055,1.2392582338794702,5.7636806405544245,2.3860280122534365,4.6169108621804575,2.6559410870792033,4.3469977873546917,-3.4970611255661055,0.6178316371915783,4.3851072372423161,2.641901196903639,2.3610376775302555,0.93016603964168065,4.0727728347922136]
[null,null,null,null,null,null,null,null,null,null,null,null,null,null,null,382,42.02,-3.5062397636909508,-3.5062397636909508,1.2405035927956349,5.7532566435134136,2.3884257863234759,4.6053344499855733,2.6586101029656244,4.3351501333434239,-3.5062397636909508,0.61845251032118942,4.3753077259878594,2.6445561037836121,2.3492041325254367,0.93110078474912694,4.0626594515599219]
[null,null,null,null,null,null,null,null,null,null,null,null,null,null,null,383,42.13,-3.5154184018157961,-3.5154184018157961,1.241738442353858,5.7428431558303457,2.3908033260131782,4.5937782721710265,2.6612565955112331,4.3233250026729708,-3.5154184018157961,0.61906814401510801,4.3655134541690961,2.647188606386119,2.3373929917980849,0.93202764171220709,4.0525539564719972]
[null,null,null,null,null,null,null,null,null,null,null,null,null,null,null,384,{"$f":"(Rozpeti/1000)*P387","v":42.24},{"$f":"$R$2*Q387","v":-3.5245970399406419},-3.5245970399406419,{"$f":"($Q387*(Rozpeti-$Q387))/(2*$C$11)","v":1.2429627825541378},5.7324401775052207,{"$f":"($Q387*(Rozpeti-$Q387))/(2*$M$11)","v":2.3931606313225413},4.5822423287368172,{"$f":"($Q387*(Rozpeti-$Q387))/(2*$L$11)","v":2.6638805647160262},4.3115223953433324,-3.5245970399406419,{"$f":"($Q387*(Rozpeti-$Q387))/(2*$C$32)","v":0.6196785382733333},4.3557244217860251,{"$f":"($Q387*(Rozpeti-$Q387))/(2*$M$32)","v":2.6497987047111558},2.3256042553482024,{"$f":"($Q387*(Rozpeti-$Q387))/(2*$L$32)","v":0.9329466105309201},4.0424563495284378]
[null,null,null,null,null,null,null,null,null,null,null,null,null,null,null,385,42.35,-3.5337756780654872,-3.5337756780654872,1.2441766133964762,5.722047708538037,2.3954977022515678,4.5707266196829455,2.6664820105800073,4.299742311354505,-3.5337756780654872,0.62028369309586606,4.3459406288386475,2.6523863987587259,2.3138379231757873,0.93385769120526696,4.0323666307292463]
[null,null,null,null,null,null,null,null,null,null,null,null,null,null,null,386,42.46,-3.5429543161903325,{"$f":"$S$3*Q389","v":-3.5429543161903325},1.2453799348808718,{"$f":"$U$3-T389+$S389","v":5.7116657489287963},2.3978145388002554,{"$f":"$W$3-V389+$S389","v":4.559231145009413},2.6690609331031738,{"$f":"$Y$3-X389+$S389","v":4.2879847507064941},{"$f":"$Z$3*Q389","v":-3.5429543161903325},0.62088360848270552,{"$f":"$AB$3-AA389+$Z389","v":4.3361620753269623},2.6549516885288269,{"$f":"$AD$3-AC389+$Z389","v":2.3020939952808401},0.93476088373524668,{"$f":"$AF$3-AE389+$Z389","v":4.0222848000744209}]
[null,null,null,null,null,null,null,null,null,null,null,null,null,null,null,387,42.57,-3.5521329543151778,-3.5521329543151778,1.2465727470073251,5.7012942986774959,2.4001111409686056,4.547755904716217,2.671617332285527,4.2762497133992952,-3.5521329543151778,0.62147828443385233,4.3263887612509695,2.6574945740214599,2.2903724716633627,0.93565618812086004,4.0122108575639626]
[null,null,null,null,null,null,null,null,null,null,null,null,null,null,null,388,42.68,-3.5613115924400232,-3.5613115924400232,1.2477550497758361,5.6909333577841403,2.4023875087566173,4.5363008988033586,2.674151208127066,4.2645371994329109,-3.5613115924400232,0.62206772094930596,4.3166206866106709,2.6600150552366246,2.2786733523233522,0.9365436043621066,4.0021448031978704]
[null,null,null,null,null,null,null,null,null,null,null,null,null,null,null,389,42.79,-3.5704902305648685,-3.5704902305648685,1.2489268431864051,5.6805829262487268,2.4046436421642925,4.5248661272708404,2.6766625606277925,4.2528472088073386,-3.5704902305648685,0.62265191802906705,4.3068578514060647,2.6625131321743223,2.2669966372608097,0.9374231324589869,3.9920866369761447]
[null,null,null,null,null,null,null,null,null,null,null,null,null,null,null,390,42.9,-3.5796688686897138,-3.5796688686897138,1.2500881272390312,5.6702430040712546,2.4068795411916284,4.5134515901186578,2.679151389787704,4.2411797415225827,-3.5796688686897138,0.62323087567313484,4.2971002556371509,2.6649888048345507,2.255342326475736,0.93829477241150017,3.9820363588987862]
[null,null,null,null,null,null,null,null,null,null,null,null,null,null,null,391,43.01,-3.5888475068145591,-3.5888475068145591,1.2512389019337156,5.6599135912517244,2.4090952058386272,4.5020572873468137,2.681617695606803,4.229534797578637,-3.5888475068145591,0.62380459388150988,4.2873478993039313,2.6674420732173116,2.2437104199681293,0.93915852421964696,3.9719939689657937]
[null,null,null,null,null,null,null,null,null,null,null,null,null,null,null,392,43.12,-3.5980261449394049,-3.5980261449394049,1.2523791672704572,5.6495946877901382,2.4112906361052877,4.4906832189553061,2.6840614780850869,4.2179123769755087,-3.5980261449394049,0.62437307265419195,4.2776007824064024,2.6698729373226038,2.2321009177379918,0.94001438788342706,3.9619594671771678]
[null,null,null,null,null,null,null,null,null,null,null,null,null,null,null,393,43.23,-3.6072047830642502,-3.6072047830642502,1.2535089232492569,5.6392862936864931,2.4134658319916111,4.4793293849441378,2.6864827372225588,4.2063124797131914,-3.6072047830642502,0.62493631199118127,4.2678589049445685,2.6722813971504289,2.2205138197853209,0.9408623634028408,3.9519328535329086]
[null,null,null,null,null,null,null,null,null,null,null,null,null,null,null,394,43.34,-3.6163834211890959,-3.6163834211890959,1.2546281698701141,5.6289884089407893,2.4156207934975962,4.4679957853133088,2.6888814730192161,4.194735105791688,-3.6163834211890959,0.62549431189247751,4.2581222669184262,2.6746674527007852,2.2089491261101193,0.94170245077788761,3.9419141280330168]
[null,null,null,null,null,null,null,null,null,null,null,null,null,null,null,395,43.45,-3.6255620593139413,-3.6255620593139413,1.2557369071330287,5.6187010335530303,2.4177555206232428,4.4566824200628172,2.6912576854750592,4.1831802552109991,-3.6255620593139413,0.62604707235808066,4.248390868327979,2.6770311039736727,2.197406836712386,0.94253465000856773,3.9319032906774907]
[null,null,null,null,null,null,null,null,null,null,null,null,null,null,null,396,43.56,-3.6347406974387866,-3.6347406974387866,1.2568351350380011,5.6084241675232125,2.419870013368552,4.4453892891926614,2.6936113745900894,4.171647927971124,-3.6347406974387866,0.62659459338799117,4.2386647091732224,2.6793723509690932,2.1858869515921207,0.94335896109488138,3.9219003414663316]
[null,null,null,null,null,null,null,null,null,null,null,null,null,null,null,397,43.67,-3.6439193355636319,-3.6439193355636319,1.2579228535850313,5.5981578108513368,2.4219642717335232,4.434116392702844,2.6959425403643058,4.1601381240720627,-3.6439193355636319,0.6271368749822086,4.2289437894541599,2.6816911936870449,2.1743894707493232,0.94417538403682832,3.9119052803995396]
[null,null,null,null,null,null,null,null,null,null,null,null,null,null,null,398,43.78,-3.6530979736884777,-3.6530979736884777,1.2590000627741194,5.5879019635374032,2.424038295718157,4.4228637305933649,2.6982511827977085,4.1486508435138134,-3.6530979736884777,0.62767391714073317,4.2192281091707891,2.6839876321275287,2.1629143941839932,0.94498391883440869,3.9019181074771141]
[null,null,null,null,null,null,null,null,null,null,null,null,null,null,null,399,43.89,-3.662276611813323,-3.662276611813323,1.2600667626052648,5.5776566255814126,2.4260920853224524,4.4116313028642251,2.7005373018902974,4.1371860862963796,-3.662276611813323,0.62820571986356477,4.2095176683231124,2.6862616662905441,2.1514617218961325,0.94578456548762224,3.8919388226990543]
[null,null,null,null,null,null,null,null,null,null,null,null,null,null,null,400,44,-3.6714552499381683,-3.6714552499381683,1.261122953078468,5.5674217969833641,2.4281256405464098,4.4004191095154219,2.7028008976420725,4.1257438524197596,-3.6714552499381683,0.62873228315070351,4.1998124669111281,2.6885132961760916,2.1400314538857397,0.94657732399646932,3.8819674260653625]
[null,null,null,null,null,null,null,null,null,null,null,null,null,null,null,401,44.11,-3.6806338880630136,-3.6806338880630136,1.262168634193729,5.5571974777432569,2.4301389613900297,4.3892271505469562,2.7050419700530344,4.1143241418839516,-3.6806338880630136,0.62925360700214938,4.1901125049348371,2.6907425217841712,2.1286235901528148,0.94736219436094982,3.8720039175760368]
[null,null,null,null,null,null,null,null,null,null,null,null,null,null,null,402,44.22,-3.6898125261878589,-3.6898125261878589,1.2632038059510475,5.5469836678610935,2.4321320478533113,4.3780554259588289,2.707260519123182,4.1029269546889591,-3.6898125261878589,0.62976969141790218,4.1804177823942386,2.6929493431147824,2.1172381306973587,0.9481391765810635,3.8620482972310772]
[null,null,null,null,null,null,null,null,null,null,null,null,null,null,null,403,44.33,-3.6989911643127042,-3.6989911643127042,1.2642284683504237,5.5367803673368714,2.4341048999362553,4.3669039357510409,2.7094565448525163,4.0915522908347794,-3.6989911643127042,0.63028053639796211,4.1707282992893333,2.6951337601679253,2.1058750755193705,0.9489082706568106,3.8521005650304856]
[null,null,null,null,null,null,null,null,null,null,null,null,null,null,null,404,44.44,-3.7081698024375496,-3.7081698024375496,1.2652426213918575,5.5265875761705932,2.4360575176388615,4.3557726799235894,2.7116300472410364,4.0802001503214136,-3.7081698024375496,0.63078614194232907,4.1610440556201223,2.6972957729436002,2.0945344246188502,0.94966947658819101,3.8421607209742592]
[null,null,null,null,null,null,null,null,null,null,null,null,null,null,null,405,44.55,-3.7173484405623953,-3.7173484405623953,1.2662462650753494,5.5164052943622561,2.4379899009611297,4.3446616584764755,2.7137810262887436,4.0688705331488606,-3.7173484405623953,0.63128650805100328,4.1513650513866018,2.6994353814418073,2.0832161779957974,0.95042279437520505,3.8322287650623994]
[null,null,null,null,null,null,null,null,null,null,null,null,null,null,null,406,44.660000000000004,-3.7265270786872411,-3.7265270786872411,1.2672393994008986,5.5062335219118612,2.4399020499030599,4.3335708714096999,2.7159094819956366,4.0575634393171232,-3.7265270786872411,0.63178163472398452,4.1416912865887738,2.701552585662546,2.0719203356502134,0.95116822401785228,3.8223046972949066]
[null,null,null,null,null,null,null,null,null,null,null,null,null,null,null,407,44.77,-3.7357057168120864,-3.7357057168120864,1.2682220243685056,5.4960722588194084,2.4417939644646522,4.3225003187232609,2.7180154143617159,4.0462788688261977,-3.7357057168120864,0.63227152196127268,4.1320227612266409,2.7036473856058163,2.0606468975820977,0.95190576551613282,3.8123885176717804]
[null,null,null,null,null,null,null,null,null,null,null,null,null,null,null,408,44.88,-3.7448843549369317,-3.7448843549369317,1.2691941399781703,5.4859215050848977,2.4436656446459071,4.3114500004171603,2.7200988233869818,4.035016821676086,-3.7448843549369317,0.63275616976286808,4.1223594753002004,2.7057197812716192,2.0493958637914491,0.95263541887004688,3.8024802261930213]
[null,null,null,null,null,null,null,null,null,null,null,null,null,null,null,409,44.99,-3.754062993061777,-3.754062993061777,1.2701557462298922,5.47578126070833,2.4455170904468231,4.300419916491399,2.7221597090714336,4.0237772978667889,-3.754062993061777,0.63323557812877029,4.1127014288094523,2.7077697726599523,2.0381672342782702,0.95335718407959391,3.7925798228586292]
[null,null,null,null,null,null,null,null,null,null,null,null,null,null,null,410,45.1,-3.7632416311866224,-3.7632416311866224,1.2711068431236727,5.4656515256897062,2.4473483018674025,4.289410066945976,2.7241980714150724,4.0125602973983057,-3.7632416311866224,0.63370974705897998,4.1030486217543984,2.7097973597708194,2.0269610090425583,0.9540710611447748,3.7826873076686032]
[null,null,null,null,null,null,null,null,null,null,null,null,null,null,null,411,45.21,-3.7724202693114681,-3.7724202693114681,1.2720474306595102,5.4555323000290219,2.4491592789076431,4.2784204517808888,2.7262139104178966,4.0013658202706353,-3.7724202693114681,0.63417867655349647,4.0934010541350361,2.7118025426042167,2.0157771880843156,0.95477705006558866,3.7728026806229429]
[null,null,null,null,null,null,null,null,null,null,null,null,null,null,null,412,45.32,-3.7815989074363134,-3.7815989074363134,1.2729775088374058,5.4454235837262814,2.4509500215675462,4.26745107099614,2.7282072260799084,3.9901938664837786,-3.7815989074363134,0.63464236661232021,4.0837587259513661,2.713785321160147,2.0046157714035395,0.95547515084203627,3.7629259417216501]
[null,null,null,null,null,null,null,null,null,null,null,null,null,null,null,413,45.43,-3.7907775455611588,-3.7907775455611588,1.2738970776573586,5.4353253767814813,2.4527205298471109,4.2565019245917295,2.7301780184011051,3.9790444360377362,-3.7907775455611588,0.63510081723545075,4.0741216372033904,2.7157456954386086,1.9934767590002331,0.95616536347411685,3.7530570909647243]
[null,null,null,null,null,null,null,null,null,null,null,null,null,null,null,414,45.54,-3.7999561836860041,-3.7999561836860041,1.2748061371193695,5.425237679194626,2.4544708037463385,4.2455730125676565,2.7321262873814893,3.9679175289325066,-3.7999561836860041,0.63555402842288866,4.064489787891107,2.7176836654396026,1.9823601508743929,0.95684768796183106,3.7431961283521646]
[null,null,null,null,null,null,null,null,null,null,null,null,null,null,null,415,45.65,-3.8091348218108494,-3.8091348218108494,1.2757046872234377,5.4151604909657127,2.4562008432652278,4.2346643349239237,2.7340520330210589,3.9568131451680917,-3.8091348218108494,0.63600200017463349,4.0548631780145179,2.7195992311631274,1.9712659470260232,0.95752212430517847,3.733343053883972]
[null,null,null,null,null,null,null,null,null,null,null,null,null,null,null,416,45.76,-3.8183134599356947,-3.8183134599356947,1.2765927279695639,5.4050938120947407,2.4579106484037792,4.2237758916605266,2.7359552553198152,3.9457312847444896,-3.8183134599356947,0.63644473249068556,4.0452418075736194,2.7214923926091852,1.9601941474551197,0.9581886725041594,3.7234978675601456]
[null,null,null,null,null,null,null,null,null,null,null,null,null,null,null,417,45.87,-3.82749209806054,-3.82749209806054,1.2774702593577476,5.3950376425817126,2.4596002191619926,4.2129076827774679,2.7378359542777577,3.9346719476617023,-3.82749209806054,0.63688222537104444,4.0356256765684151,2.7233631497777742,1.9491447521616858,0.95884733255877352,3.7136605693806861]
[null,null,null,null,null,null,null,null,null,null,null,null,null,null,null,418,45.98,-3.8366707361853853,-3.8366707361853853,1.2783372813879892,5.3849919824266257,2.4612695555398685,4.2020597082747466,2.7396941298948874,3.9236351339197268,-3.8366707361853853,0.63731447881571068,4.0260147849989041,2.7252115026688957,1.938117761145719,0.95949810446902128,3.7038311593455937]
[null,null,null,null,null,null,null,null,null,null,null,null,null,null,null,419,46.09,-3.8458493743102315,-3.8458493743102315,1.2791937940602882,5.3749568316294791,2.462918657537406,4.191231968152362,2.7415297821712019,3.9126208435185661,-3.8458493743102315,0.63774149282468384,4.0164091328650837,2.7270374512825479,1.9271131744072201,0.96014098823490202,3.6940096374548665]
[null,null,null,null,null,null,null,null,null,null,null,null,null,null,null,420,46.2,-3.8550280124350769,-3.8550280124350769,1.2800397973746449,5.3649321901902782,2.4645475251546061,4.1804244624103175,2.7433429111067036,3.90162907645822,-3.8550280124350769,0.63816326739796403,4.0068087201669593,2.7288409956187332,1.91613099194619,0.96077598385641638,3.6841960037085064]
[null,null,null,null,null,null,null,null,null,null,null,null,null,null,null,421,46.31,-3.8642066505599222,-3.8642066505599222,1.2808752913310595,5.3549180581090194,2.4661561583914682,4.1696371910486096,2.7451335167013915,3.8906598327386859,-3.8642066505599222,0.63857980253555147,3.997213546904526,2.73062213567745,1.9051712137626278,0.96140309133356405,3.6743902581065142]
[null,null,null,null,null,null,null,null,null,null,null,null,null,null,null,422,46.42,-3.8733852886847675,-3.8733852886847675,1.2817002759295317,5.3449144353857001,2.4677445572479924,4.1588701540672393,2.7469015989552656,3.8797131123599673,-3.8733852886847675,0.63899109823744582,3.9876236130777869,2.7323808714586986,1.8942338398565344,0.96202231066634514,3.6645924006488872]
[null,null,null,null,null,null,null,null,null,null,null,null,null,null,null,423,46.53,-3.8825639268096128,-3.8825639268096128,1.2825147511700616,5.3349213220203247,2.4693127217241786,4.1481233514662073,2.7486471578683265,3.8687889153220607,-3.8825639268096128,0.63939715450364742,3.9780389186867393,2.7341172029624787,1.8833188702279089,0.96263364185475953,3.6548024313356273]
[null,null,null,null,null,null,null,null,null,null,null,null,null,null,null,424,46.64,-3.8917425649344586,-3.8917425649344586,1.283318717052649,5.3249387180128913,2.4708606518200265,4.1373967832455154,2.7503701934405731,3.8578872416249683,-3.8917425649344586,0.63979797133415595,3.9684594637313855,2.735831130188791,1.8724263048767509,0.96323708489880722,3.645020350166734]
[null,null,null,null,null,null,null,null,null,null,null,null,null,null,null,425,46.75,-3.9009212030593039,-3.9009212030593039,1.2841121735772942,5.314966623363401,2.4723883475355373,4.1266904494051593,2.752070705672006,3.8470080912686901,-3.9009212030593039,0.64019354872897161,3.9588852482117245,2.7375226531376349,1.8615561438030612,0.96383263979848832,3.6352461571422081]
[null,null,null,null,null,null,null,null,null,null,null,null,null,null,null,426,46.86,-3.9100998411841492,-3.9100998411841492,1.2848951207439971,5.3050050380718545,2.4738958088707097,4.1160043499451415,2.7537486945626255,3.8361514642532248,-3.9100998411841492,0.6405838866880943,3.9493162721277568,2.7391917718090113,1.8507083870068395,0.96442030655380284,3.6254798522620475]
[null,null,null,null,null,null,null,null,null,null,null,null,null,null,null,427,46.97,-3.9192784793089945,-3.9192784793089945,1.2856675585527577,5.2950539621382475,2.4753830358255442,4.1053384848654613,2.7554041601124313,3.8253173605785742,-3.9192784793089945,0.64096898521152412,3.9397525354794816,2.7408384862029189,1.8398830344880865,0.96500008516475067,3.6157214355262548]
[null,null,null,null,null,null,null,null,null,null,null,null,null,null,null,428,47.08,-3.9284571174338399,-3.9284571174338399,1.286429487003576,5.2851133955625844,2.4768500284000412,4.0946928541661194,2.7570371023214233,3.8145057802447373,-3.9284571174338399,0.64134884429926098,3.9301940382668996,2.7424627963193586,1.8290800862468015,0.96557197563133179,3.6059709069348282]
[null,null,null,null,null,null,null,null,null,null,null,null,null,null,null,429,47.19,-3.9376357555586852,-3.9376357555586852,1.2871809060964519,5.2751833383448625,2.4782967865942003,4.084067457847115,2.758647521189602,3.8037167232517133,-3.9376357555586852,0.64172346395130497,3.9206407804900101,2.7440647021583304,1.8182995422829844,0.96613597795354644,3.5962282664877687]
[null,null,null,null,null,null,null,null,null,null,null,null,null,null,null,430,47.3,-3.9468143936835305,-3.9468143936835305,1.2879218158313854,5.2652637904850845,2.479723310408021,4.073462295908449,2.7602354167169665,3.792950189599503,-3.9468143936835305,0.642092844167656,3.9110927621488139,2.7456442037198339,1.8075414025966352,0.96669209213139429,3.5864935141850753]
[null,null,null,null,null,null,null,null,null,null,null,null,null,null,null,431,47.410000000000004,-3.9559930318083767,-3.9559930318083767,1.2886522162083767,5.2553547519832469,2.4811295998415042,4.0628773683501196,2.7618007889035177,3.7822061792881057,-3.9559930318083767,0.64245698494831416,3.9015499832433091,2.7472013010038689,1.7968056671877539,0.96724031816487566,3.5767666500267472]
[null,null,null,null,null,null,null,null,null,null,null,null,null,null,null,432,47.52,-3.965171669933222,-3.965171669933222,1.2893721072274256,5.2454562228393531,2.4825156548946494,4.0523126751721286,2.7633436377492546,3.7714846923175229,-3.965171669933222,0.64281588629327924,3.8920124437734986,2.7487359940104361,1.7860923360563414,0.96778065605399022,3.5670476740127879]
[null,null,null,null,null,null,null,null,null,null,null,null,null,null,null,433,47.63,-3.9743503080580673,-3.9743503080580673,1.2900814888885324,5.2355682030534005,2.4838814755674568,4.041768216374475,2.7648639632541787,3.760785728687754,-3.9743503080580673,0.64316954820255157,3.8824801437393814,2.7502482827395354,1.7754014092023969,0.96831310579873831,3.5573365861431947]
[null,null,null,null,null,null,null,null,null,null,null,null,null,null,null,434,47.74,-3.9835289461829126,-3.9835289461829126,1.2907803611916966,5.2256906926253901,2.4852270618599261,4.0312439919571599,2.7663617654182882,3.7501092883987988,-3.9835289461829126,0.64351797067613081,3.8729530831409567,2.7517381671911658,1.764732886625922,0.96883766739911958,3.5476333864179677]
[null,null,null,null,null,null,null,null,null,null,null,null,null,null,null,435,47.85,-3.992707584307758,-3.992707584307758,1.2914687241369187,5.2158236915553227,2.486552413772058,4.020740001920184,2.7678370442415847,3.7394553714506573,-3.992707584307758,0.64386115371401731,3.8634312619782252,2.7532056473653288,1.7540867683269132,0.96935434085513439,3.5379380748371076]
[null,null,null,null,null,null,null,null,null,null,null,null,null,null,null,436,47.96,-4.0018862224326037,-4.0018862224326037,1.2921465777241983,5.2059671998431982,2.4878575313038516,4.0102562462635438,2.7692897997240675,3.7288239778433292,-4.0018862224326037,0.64419909731621083,3.8539146802511857,2.7546507232620234,1.7434630543053729,0.9698631261667825,3.5282506514006142]
[null,null,null,null,null,null,null,null,null,null,null,null,null,null,null,437,48.07,-4.0110648605574486,-4.0110648605574486,1.2928139219535357,5.196121217489015,2.4891424144553076,3.9997927249872429,2.7707200318657366,3.7182151075768148,-4.0110648605574486,0.64453180148271139,3.8444033379598403,2.7560733948812501,1.7328617445613013,0.97036402333406402,3.5185711161084878]
[null,null,null,null,null,null,null,null,null,null,null,null,null,null,null,438,48.18,-4.0202434986822944,-4.0202434986822944,1.2934707568249306,5.1862857444927748,2.4904070632264252,3.9893494380912813,2.7721277406665914,3.7076287606511142,-4.0202434986822944,0.64485926621351908,3.8348972351041866,2.7574736622230085,1.7222828390946976,0.97085703235697873,3.5088994689607267]
[null,null,null,null,null,null,null,null,null,null,null,null,null,null,null,439,48.29,-4.0294221368071392,-4.0294221368071392,1.2941170823383834,5.1764607808544776,2.4916514776172054,3.9789263855756554,2.7735129261266329,3.6970649370662274,-4.0294221368071392,0.6451814915086338,3.825396371684227,2.7588515252872985,1.7117263379055627,0.97134215323552697,3.4992357099573335]
[null,null,null,null,null,null,null,null,null,null,null,null,null,null,null,440,48.4,-4.038600774931985,-4.038600774931985,1.2947528984938939,5.1666463265741216,2.4928756576276476,3.9685235674403669,2.7748755882458611,3.6865236368221543,-4.038600774931985,0.64549847736805566,3.8159007476999589,2.760206984074121,1.701192240993894,0.97181938596970852,3.4895798390983064]
[null,null,null,null,null,null,null,null,null,null,null,null,null,null,null,441,48.51,-4.0477794130568308,-4.0477794130568308,1.2953782052914617,5.1568423816517077,2.4940796032577515,3.9581409836854169,2.7762157270242751,3.6760048599188941,-4.0477794130568308,0.64581022379178454,3.806410363151385,2.7615400385834747,1.6906805483596949,0.97228873055952336,3.4799318563836463]
[null,null,null,null,null,null,null,null,null,null,null,null,null,null,null,442,48.62,-4.0569580511816756,-4.0569580511816756,1.2959930027310875,5.1470489460872368,2.4952633145075178,3.9477786343108061,2.7775333424618758,3.6655086063564486,-4.0569580511816756,0.64611673077982046,3.7969252180385036,2.7628506888153606,1.6801912600029638,0.97275018700497173,3.4702917618133524]
[null,null,null,null,null,null,null,null,null,null,null,null,null,null,null,443,48.73,-4.0661366893065214,-4.0661366893065214,1.2965972908127712,5.1372660198807072,2.4964267913769467,3.937436519316531,2.7788284345586627,3.6550348761348159,-4.0661366893065214,0.64641799833216351,3.7874453123613154,2.7641389347697785,1.6697243759236997,0.97320375530605341,3.4606595553874255]
[null,null,null,null,null,null,null,null,null,null,null,null,null,null,null,444,48.84,-4.0753153274313672,-4.0753153274313672,1.2971910695365121,5.1274936030321214,2.4975700338660372,3.9271146387025961,2.7801010033146358,3.644583669253997,-4.0753153274313672,0.64671402644881359,3.7779706461198188,2.765404776446728,1.6592798961219053,0.97364943546276839,3.4510352371058648]
[null,null,null,null,null,null,null,null,null,null,null,null,null,null,null,445,48.95,-4.084493965556212,-4.084493965556212,1.2977743389023111,5.1177316955414769,2.4986930419747897,3.9168129924689987,2.7813510487297952,3.6341549857139928,-4.084493965556212,0.64700481512977082,3.7685012193140173,2.7666482138462092,1.6488578205975788,0.97408722747511678,3.4414188069686711]
[null,null,null,null,null,null,null,null,null,null,null,null,null,null,null,446,49.06,-4.0936726036810578,-4.0936726036810578,1.2983470989101675,5.1079802974087753,2.4997958157032047,3.906531580615737,2.7825785708041413,3.6237488255148014,-4.0936726036810578,0.64729036437503518,3.7590370319439073,2.7678692469682229,1.6384581493507193,0.97451713134309859,3.4318102649758435]
[null,null,null,null,null,null,null,null,null,null,null,null,null,null,null,447,49.17,-4.1028512418059035,-4.1028512418059035,1.2989093495600816,5.0982394086340141,2.5008783550512819,3.8962704031428146,2.7837835695376731,3.6133651886564229,-4.1028512418059035,0.64757067418460657,3.7495780840094897,2.7690678758127678,1.6280808823813286,0.97493914706671359,3.422209611127383]
[null,null,null,null,null,null,null,null,null,null,null,null,null,null,null,448,{"$f":"(Rozpeti/1000)*P451","v":49.28},{"$f":"$R$2*Q451","v":-4.1120298799307484},-4.1120298799307484,{"$f":"($Q451*(Rozpeti-$Q451))/(2*$C$11)","v":1.2994610908520534},5.0885090292171977,{"$f":"($Q451*(Rozpeti-$Q451))/(2*$M$11)","v":2.5019406600190206},3.8860294600502314,{"$f":"($Q451*(Rozpeti-$Q451))/(2*$L$11)","v":2.7849660449303912},3.6030040751388608,-4.1120298799307484,{"$f":"($Q451*(Rozpeti-$Q451))/(2*$C$32)","v":0.64784574455848487},3.7401243755107672,{"$f":"($Q451*(Rozpeti-$Q451))/(2*$M$32)","v":2.7702441003798448},1.6177260196894068,{"$f":"($Q451*(Rozpeti-$Q451))/(2*$L$32)","v":0.97535327464596189},3.4126168454232895]
[null,null,null,null,null,null,null,null,null,null,null,null,null,null,null,449,49.39,-4.1212085180555942,-4.1212085180555942,1.3000023227860829,5.0787891591583225,2.5029827306064218,3.875808751337984,2.786125996982296,3.5926654849621098,-4.1212085180555942,0.64811557549667043,3.7306759064477353,2.7713979206694539,1.6073935612749519,0.97575951408084383,3.4030319678635621]
[null,null,null,null,null,null,null,null,null,null,null,null,null,null,null,450,49.5,-4.1303871561804391,{"$f":"$S$3*Q453","v":-4.1303871561804391},1.3005330453621702,{"$f":"$U$3-T453+$S453","v":5.0690797984573903},2.5040045668134852,{"$f":"$W$3-V453+$S453","v":3.8656082770060758},2.787263425693387,{"$f":"$Y$3-X453+$S453","v":3.5823494181261735},{"$f":"$Z$3*Q453","v":-4.1303871561804391},0.64838016699916301,{"$f":"$AB$3-AA453+$Z453","v":3.7212326768203976},2.7725293366815946,{"$f":"$AD$3-AC453+$Z453","v":1.5970835071379659},0.97615786537135896,{"$f":"$AF$3-AE453+$Z453","v":3.3934549784482018}]
[null,null,null,null,null,null,null,null,null,null,null,null,null,null,null,451,49.61,-4.1395657943052848,-4.1395657943052848,1.301053258580315,5.0593809471144011,2.5050061686402105,3.8554280370545042,2.7883783310636647,3.57205587463105,-4.1395657943052848,0.64863951906596273,3.7117946866287523,2.7736383484162674,1.5867958572784477,0.97654832851750761,3.3838858771772076]
[null,null,null,null,null,null,null,null,null,null,null,null,null,null,null,452,49.72,-4.1487444324301297,-4.1487444324301297,1.3015629624405176,5.0496926051293531,2.505987536086598,3.8452680314832719,2.7894707130931282,3.5617848544767421,-4.1487444324301297,0.64889363169706937,3.7023619358728013,2.7747249558734715,1.5765306116963984,0.97693090351928946,3.3743246640505813]
[null,null,null,null,null,null,null,null,null,null,null,null,null,null,null,453,49.83,-4.1579230705549755,-4.1579230705549755,1.3020621569427777,5.0400147725022464,2.5069486691526475,3.8351282602923771,2.7905405717817784,3.5515363576632462,-4.1579230705549755,0.64914250489248326,3.6929344245525417,2.775789159053208,1.566287770391817,0.97730559037670472,3.3647713390683194]
[null,null,null,null,null,null,null,null,null,null,null,null,null,null,null,454,49.94,-4.1671017086798203,-4.1671017086798203,1.3025508420870957,5.0303474492330844,2.5078895678383595,3.8250087234818198,2.7915879071296148,3.5413103841905649,-4.1671017086798203,0.64938613865220418,3.6835121526679755,2.7768309579554762,1.5560673333647035,0.9776723890897534,3.3552259022304263]
[null,null,null,null,null,null,null,null,null,null,null,null,null,null,null,455,50.05,-4.1762803468046661,-4.1762803468046661,1.3030290178734711,5.0206906353218637,2.5088102321437331,3.8149094210516008,2.792612719136637,3.5311069340586974,-4.1762803468046661,0.64962453297623213,3.6740951202191017,2.7778503525802765,1.545869300615057,0.97803129965843538,3.3456883535368984]
[null,null,null,null,null,null,null,null,null,null,null,null,null,null,null,456,50.160000000000004,-4.1854589849295118,-4.1854589849295118,1.3034966843019045,5.0110443307685832,2.5097106620687692,3.8048303530017185,2.7936150078028459,3.5209260072676427,-4.1854589849295118,0.64985768786456721,3.6646833272059212,2.7788473429276084,1.5356936721428793,0.97838232208275067,3.3361586929877376]
[null,null,null,null,null,null,null,null,null,null,null,null,null,null,null,457,50.27,-4.1946376230543576,-4.1946376230543576,1.3039538413723955,5.0014085355732467,2.5105908576134675,3.7947715193321754,2.7945947731282414,3.5107676038174009,-4.1946376230543576,0.65008560331720933,3.6552767736284331,2.7798219289974724,1.5255404479481696,0.97872545636269948,3.3266369205829429]
[null,null,null,null,null,null,null,null,null,null,null,null,null,null,null,458,50.38,-4.2038162611792025,-4.2038162611792025,1.3044004890849441,4.9917832497358532,2.5114508187778277,3.7847329200429698,2.7955520151128228,3.5006317237079747,-4.2038162611792025,0.65030827933415847,3.6458754594866392,2.780774110789868,1.5154096280309295,0.97906070249828148,3.3171230363225161]
[null,null,null,null,null,null,null,null,null,null,null,null,null,null,null,459,50.49,-4.2129948993040482,-4.2129948993040482,1.3048366274395504,4.9821684732564009,2.5122905455618501,3.7747145551341017,2.7964867337565908,3.4905183669393605,-4.2129948993040482,0.65052571591541486,3.6364793847805368,2.7817038883047958,1.5053012123911564,0.979388060489497,3.3076170402064546]
[null,null,null,null,null,null,null,null,null,null,null,null,null,null,null,460,50.6,-4.222173537428894,-4.222173537428894,1.3052622564362144,4.9725642061348907,2.513110037965534,3.764716424605572,2.7973989290595447,3.4804275335115609,-4.222173537428894,0.65073791306097817,3.6270885495101277,2.7826112615422547,1.4952152010288513,0.97970753033634572,3.2981189322347602]
[null,null,null,null,null,null,null,null,null,null,null,null,null,null,null,461,50.71,-4.2313521755537389,-4.2313521755537389,1.3056773760749361,4.9629704483713253,2.5139092959888805,3.7547385284573807,2.7982886010216852,3.4703592234245759,-4.2313521755537389,0.6509448707708485,3.6177029536754128,2.7834962305022461,1.485151593944015,0.98001911203882786,3.2886287124074336]
[null,null,null,null,null,null,null,null,null,null,null,null,null,null,null,462,50.82,-4.2405308136785846,-4.2405308136785846,1.3060819863557154,4.9533871999656993,2.5146883196318894,3.7447808666895259,2.7991557496430124,3.460313436678403,-4.2405308136785846,0.65114658904502609,3.6083225972763895,2.7843587951847693,1.4751103911366465,0.9803228055969434,3.2791463807244723]
[null,null,null,null,null,null,null,null,null,null,null,null,null,null,null,463,50.93,-4.2497094518034295,-4.2497094518034295,1.3064760872785526,4.9438144609180181,2.51544710889456,3.7348434393020105,2.8000003749235258,3.4502901732730447,-4.2497094518034295,0.65134306788351071,3.5989474803130594,2.7851989555898244,1.465091592606746,0.98061861101069236,3.269671937185878]
[null,null,null,null,null,null,null,null,null,null,null,null,null,null,null,464,51.04,-4.2588880899282753,-4.2588880899282753,1.3068596788434472,4.9342522312282782,2.5161856637768931,3.7249262462948316,2.8008224768632251,3.4402894332085001,-4.2588880899282753,0.65153430728630235,3.5895776027854227,2.7860167117174113,1.4550951983543134,0.98090652828007463,3.2602053817916499]
[null,null,null,null,null,null,null,null,null,null,null,null,null,null,null,465,51.15,-4.2680667280531202,-4.2680667280531202,1.3072327610503993,4.9247005108964812,2.5169039842788878,3.715029287667992,2.8016220554621105,3.4303112164847693,-4.2680667280531202,0.65172030725340113,3.5802129646934784,2.7868120635675298,1.4451212083793505,0.9811865574050902,3.2507467145417897]
[null,null,null,null,null,null,null,null,null,null,null,null,null,null,null,466,51.26,-4.2772453661779659,-4.2772453661779659,1.3075953338994095,4.9151592999226237,2.5176020704005451,3.705152563421489,2.8023991107201831,3.4203555231018514,-4.2772453661779659,0.65190106778480694,3.5708535660372274,2.7875850111401808,1.4351696226818538,0.98145869838573929,3.2412959354362947]
[null,null,null,null,null,null,null,null,null,null,null,null,null,null,null,467,51.37,-4.2864240043028108,-4.2864240043028108,1.3079473973904774,4.9056285983067109,2.5182799221418644,3.6952960735553244,2.8031536426374415,3.4104223530597473,-4.2864240043028108,0.65207658888051989,3.5614994068166697,2.7883355544353634,1.4252404412618258,0.98172295122202158,3.2318530444751676]
[null,null,null,null,null,null,null,null,null,null,null,null,null,null,null,468,51.48,-4.2956026424276565,-4.2956026424276565,1.3082889515236027,4.8961084060487412,2.5189375395028453,3.6854598180694982,2.8038856512138857,3.4005117063584578,-4.2956026424276565,0.65224687054053976,3.5521504870318035,2.7890636934530773,1.4153336641192666,0.98197931591393717,3.2224180416584058]
[null,null,null,null,null,null,null,null,null,null,null,null,null,null,null,469,51.59,-4.3047812805525023,-4.3047812805525023,1.3086199962987859,4.8865987231487118,2.5195749224834891,3.6756437969640086,2.804595136449517,3.3906235829979803,-4.3047812805525023,0.65241191276486687,3.5428068066826306,2.7897694281933236,1.4054492912541736,0.98222779246148639,3.2129909269860111]
[null,null,null,null,null,null,null,null,null,null,null,null,null,null,null,470,51.7,-4.3139599186773481,-4.3139599186773481,1.3089405317160265,4.8770995496066263,2.5201920710837946,3.6658480102388573,2.8052820983443345,3.3807579829783174,-4.3139599186773481,0.65257171555350102,3.533468365769151,2.7904527586561021,1.3955873226665503,0.98246838086466881,3.2035717004579833]
[null,null,null,null,null,null,null,null,null,null,null,null,null,null,null,471,51.81,-4.3231385568021929,-4.3231385568021929,1.3092505577753251,4.867610885422482,2.5207889853037622,3.6560724578940453,2.8059465368983378,3.3709149062994692,-4.3231385568021929,0.65272627890644219,3.5241351642913648,2.7911136848414118,1.3857477583563957,0.98270108112348453,3.1941603620743226]
[null,null,null,null,null,null,null,null,null,null,null,null,null,null,null,472,51.92,-4.3323171949270387,-4.3323171949270387,1.3095500744766813,4.8581327305962807,2.5213656651433922,3.6463171399295691,2.8065884521115283,3.361094352961433,-4.3323171949270387,0.65287560282369062,3.5148072022492709,2.791752206749254,1.3759305983237073,0.98292589323793378,3.1847569118350272]
[null,null,null,null,null,null,null,null,null,null,null,null,null,null,null,473,52.03,-4.3414958330518845,-4.3414958330518845,1.3098390818200949,4.8486650851280215,2.5219221106026839,3.6365820563454312,2.8072078439839041,3.3512963229642114,-4.3414958330518845,0.65301968730524584,3.5054844796428695,2.7923683243796273,1.3661358425684886,0.98314281720801622,3.1753613497400996]
[null,null,null,null,null,null,null,null,null,null,null,null,null,null,null,474,52.14,-4.3506744711767293,-4.3506744711767293,1.3101175798055664,4.8392079490177036,2.5224583216816381,3.6268672071416326,2.807804712515467,3.3415208163078036,-4.3506744711767293,0.65315853235110832,3.4961669964721622,2.7929620377325328,1.3563634910907378,0.98335185303373218,3.1659736757895383]
[null,null,null,null,null,null,null,null,null,null,null,null,null,null,null,475,52.25,-4.3598531093015751,-4.3598531093015751,1.3103855684330956,4.8297613222653286,2.5229742983802539,3.6171725923181715,2.8083790577062158,3.3317678329922096,-4.3598531093015751,0.65329213796127794,3.4868547527371465,2.7935333468079704,1.3466135438904541,0.98355300071508145,3.156593889983343]
[null,null,null,null,null,null,null,null,null,null,null,null,null,null,null,476,52.36,-4.36903174742642,-4.36903174742642,1.3106430477026825,4.8203252048708967,2.5234700406985322,3.6074982118750478,2.8089308795561512,3.3220373730174293,-4.36903174742642,0.65342050413575448,3.4775477484378259,2.7940822516059396,1.3368860009676409,0.98374626025206402,3.1472219923215157]
[null,null,null,null,null,null,null,null,null,null,null,null,null,null,null,477,52.47,-4.3782103855512657,-4.3782103855512657,1.310890017614327,4.8108995968344077,2.5239455486364726,3.5978440658122617,2.8094601780652728,3.3123294363834619,-4.3782103855512657,0.65354363087453815,3.4682459835741959,2.7946087521264404,1.3271808623222938,0.98393163164468,3.1378579828040545]
[null,null,null,null,null,null,null,null,null,null,null,null,null,null,null,478,52.58,-4.3873890236761106,-4.3873890236761106,1.3111264781680292,4.80148449815586,2.524400822194075,3.5882101541298148,2.8099669532335807,3.3026440230903091,-4.3873890236761106,0.65366151817762885,3.458949458146261,2.7951128483694738,1.3174981279544156,0.98410911489292929,3.1285018614309603]
[null,null,null,null,null,null,null,null,null,null,null,null,null,null,null,479,52.69,-4.3965676618009564,-4.3965676618009564,1.3113524293637893,4.7920799088352535,2.5248358613713395,3.5785964768277037,2.8104512050610748,3.2929811331379693,-4.3965676618009564,0.65377416604502681,3.4496581721540167,2.7955945403350384,1.3078377978640052,0.984278709996812,3.1191536282022314]
[null,null,null,null,null,null,null,null,null,null,null,null,null,null,null,480,52.8,-4.4057462999258012,-4.4057462999258012,1.3115678712016066,4.7826858288725917,2.5252506661682661,3.5690030339059327,2.8109129335477552,3.283340766526444,-4.4057462999258012,0.65388157447673168,3.4403721255974675,2.7960538280231351,1.2981998720510637,0.98444041695632811,3.1098132831178704]
[null,null,null,null,null,null,null,null,null,null,null,null,null,null,null,481,52.910000000000004,-4.4149249380506479,-4.4149249380506479,1.311772803681482,4.7733022582678704,2.5256452365848547,3.5594298253644974,2.8113521386936222,3.2737229232557299,-4.4149249380506479,0.65398374347274368,3.4310913184766081,2.7964907114337638,1.2885843505155883,0.98459423577147753,3.1004808261778747]
[null,null,null,null,null,null,null,null,null,null,null,null,null,null,null,482,53.02,-4.4241035761754928,-4.4241035761754928,1.3119672268034148,4.7639291970210929,2.5260195726211059,3.5498768512034014,2.8117688204986755,3.2641276033258313,-4.4241035761754928,0.65408067303306272,3.4218157507914446,2.7969051905669247,1.2789912332575826,0.98474016644226037,3.0911562573822469]
[null,null,null,null,null,null,null,null,null,null,null,null,null,null,null,483,53.13,-4.4332822143003385,-4.4332822143003385,1.3121511405674056,4.7545666451322566,2.5263736742770186,3.5403441114226428,2.8121629789629146,3.2545548067367465,-4.4332822143003385,0.6541723631576889,3.4125454225419727,2.7972972654226167,1.2694205202770448,0.98487820896867639,3.0818395767309852]
[null,null,null,null,null,null,null,null,null,null,null,null,null,null,null,484,53.24,-4.4424608524251834,-4.4424608524251834,1.3123245449734537,4.7452146026013633,2.5267075415525939,3.5308316060222227,2.8125346140863408,3.2450045334884763,-4.4424608524251834,0.6542588138466221,3.4032803337281941,2.7976669360008408,1.2598722115739758,0.98500836335072595,3.0725307842240905]
[null,null,null,null,null,null,null,null,null,null,null,null,null,null,null,485,53.35,-4.4516394905500292,-4.4516394905500292,1.3124874400215598,4.7358730694284112,2.5270211744478313,3.5213393350021391,2.8128837258689527,3.2354767835810181,-4.4516394905500292,0.65434002509986244,3.3940204843501087,2.798014202301597,1.2503463071483738,0.98513062958840891,3.063229879861562]
[null,null,null,null,null,null,null,null,null,null,null,null,null,null,null,486,53.46,-4.4608181286748749,-4.4608181286748749,1.3126398257117236,4.7265420456134013,2.5273145729627307,3.5118672983623949,2.813210314310751,3.2259715570143737,-4.4608181286748749,0.65441599691740981,3.3847658744077149,2.7983390643248849,1.2408428070002397,0.98524500768172507,3.0539368636433997]
[null,null,null,null,null,null,null,null,null,null,null,null,null,null,null,487,53.57,-4.4699967667997198,-4.4699967667997198,1.3127817020439447,4.7172215311563361,2.5275877370972921,3.5024154961029881,2.8135143794117359,3.2164888537885448,-4.4699967667997198,0.65448672929926421,3.3755165039010162,2.7986415220707048,1.2313617111295754,0.98535149763067476,3.0446517355696052]
[null,null,null,null,null,null,null,null,null,null,null,null,null,null,null,488,53.68,-4.4791754049245656,-4.4791754049245656,1.3129130690182238,4.7079115260572104,2.5278406668515156,3.4929839282239188,2.813795921171907,3.207028673903527,-4.4791754049245656,0.65455222224542575,3.366272372830009,2.7989215755390564,1.221903019536378,0.98545009943525763,3.0353744956401769]
[null,null,null,null,null,null,null,null,null,null,null,null,null,null,null,489,53.79,-4.4883540430494104,-4.4883540430494104,1.3130339266345603,4.6986120303160295,2.5280733622254012,3.4835725947251888,2.814054939591264,3.1975910173593256,-4.4883540430494104,0.65461247575589432,3.3570334811946951,2.7991792247299401,1.2124667322206495,0.98554081309547392,3.0261051438551156]
[null,null,null,null,null,null,null,null,null,null,null,null,null,null,null,490,53.9,-4.4975326811742562,-4.4975326811742562,1.3131442748929547,4.6893230439327898,2.5282858232189493,3.4741814956067945,2.814291434669808,3.1881758841559353,-4.4975326811742562,0.65466748983067002,3.3477998289950737,2.7994144696433554,1.203052849182388,0.98562363861132363,3.0168436802144205]
[null,null,null,null,null,null,null,null,null,null,null,null,null,null,null,491,54.01,-4.5067113192991011,-4.5067113192991011,1.3132441137934068,4.680044566907493,2.5284780498321591,3.4648106308687394,2.8145054064075379,3.1787832742933615,-4.5067113192991011,0.65471726446975276,3.3385714162311464,2.7996273102793023,1.193661370421597,0.98569857598280664,3.0075901047180924]
[null,null,null,null,null,null,null,null,null,null,null,null,null,null,null,492,54.12,-4.5158899574239468,-4.5158899574239468,1.3133334433359167,4.6707765992401358,2.5286500420650313,3.4554600005110219,2.8146968548044544,3.1694131877715987,-4.5158899574239468,0.65476179967314274,3.3293482429029106,2.7998177466377823,1.1842922959382713,0.98576562520992328,2.9983444173661296]
[null,null,null,null,null,null,null,null,null,null,null,null,null,null,null,493,54.23,-4.5250685955487917,-4.5250685955487917,1.3134122635204839,4.6615191409307251,2.5288017999175652,3.4461296045336436,2.8148657798605567,3.1600656245906515,-4.5250685955487917,0.65480109544083953,3.3201303090103691,2.799985778718793,1.1749456257324153,0.98582478629267289,2.9891066181585355]
[null,null,null,null,null,null,null,null,null,null,null,null,null,null,null,494,54.34,-4.5342472336736384,-4.5342472336736384,1.3134805743471092,4.6522721919792529,2.528933323389762,3.4368194429366001,2.8150121815758462,3.1507405847505154,-4.5342472336736384,0.65483515177284357,3.3109176145535182,2.8001314065223362,1.1656213598040255,0.98587605923105615,2.9798767070953058]
[null,null,null,null,null,null,null,null,null,null,null,null,null,null,null,495,54.45,-4.5434258717984832,-4.5434258717984832,1.3135383758157919,4.6430357523857246,2.5290446124816204,3.4275295157198968,2.8151360599503215,3.1414380682511958,-4.5434258717984832,0.65486396866915464,3.3017101595323624,2.8002546300484106,1.1563194981531062,0.9859194440250727,2.9706546841764441]
[null,null,null,null,null,null,null,null,null,null,null,null,null,null,null,496,54.56,-4.552604509923329,-4.552604509923329,1.3135856679265323,4.6338098221501394,2.5291356671931404,3.418259822883531,2.8152374149839825,3.1321580750926881,-4.552604509923329,0.65488754612977274,3.2925079439468981,2.8003554492970171,1.1470400407796539,0.98595494067472245,2.9614405494019485]
[null,null,null,null,null,null,null,null,null,null,null,null,null,null,null,497,54.67,-4.5617831480481739,-4.5617831480481739,1.3136224506793304,4.6245944012724953,2.529206487524323,3.4090103644275027,2.8153162466768302,3.1229006052749959,-4.5617831480481739,0.65490588415469797,3.2833109677971279,2.8004338642681552,1.1377829876836705,0.98598254918000561,2.9522343027718208]
[null,null,null,null,null,null,null,null,null,null,null,null,null,null,null,498,54.78,-4.5709617861730196,-4.5709617861730196,1.3136487240741861,4.6153894897527943,2.5292570734751676,3.3997811403518128,2.8153725550288646,3.1136656587981157,-4.5709617861730196,0.65491898274393034,3.2741192310830503,2.8004898749618259,1.128548338865154,0.98600226954092229,2.9430359442860583]
[null,null,null,null,null,null,null,null,null,null,null,null,null,null,null,499,54.89,-4.5801404242978645,-4.5801404242978645,1.3136644881110997,4.6061950875910362,2.5292874250456747,3.3905721506564603,2.8154063400400853,3.1044532356620502,-4.5801404242978645,0.65492684189746975,3.2649327338046659,2.8005234813780282,1.1193360943241073,0.98601410175747228,2.9338454739446629]
[null,null,null,null,null,null,null,null,null,null,null,null,null,null,null,500,55,-4.5893190624227103,-4.5893190624227103,1.3136697427900708,4.5970111947872194,2.5292975422358435,3.3813833953414463,2.8154176017104922,3.0952633358667976,-4.5893190624227103,0.65492946161531618,3.2557514759619739,2.8005346835167622,1.1101462540605276,0.98601804582965558,2.9246628917476345]
[null,null,null,null,null,null,null,null,null,null,null,null,null,null,null,501,55.11,-4.598497700547556,-4.598497700547556,1.3136644881110997,4.5878378113413447,2.5292874250456747,3.3722148744067688,2.8154063400400853,3.0860959594123587,-4.598497700547556,0.65492684189746975,3.2465754575549743,2.8005234813780282,1.1009788180744158,0.98601410175747228,2.9154881976949714]
[null,null,null,null,null,null,null,null,null,null,null,null,null,null,null,502,55.22,-4.6076763386724009,-4.6076763386724009,1.3136487240741861,4.578674937253413,2.5292570734751676,3.3630665878524315,2.8153725550288646,3.0769511062987345,-4.6076763386724009,0.65491898274393034,3.237404678583669,2.8004898749618259,1.0918337863657728,0.98600226954092229,2.906321391786677]
[null,null,null,null,null,null,null,null,null,null,null,null,null,null,null,503,55.33,-4.6168549767972467,-4.6168549767972467,1.3136224506793304,4.5695225725234225,2.529206487524323,3.3539385356784299,2.8153162466768302,3.0678287765259231,-4.6168549767972467,0.65490588415469797,3.2282391390480552,2.8004338642681552,1.0827111589345977,0.98598254918000561,2.897162474022748]
[null,null,null,null,null,null,null,null,null,null,null,null,null,null,null,504,55.44,-4.6260336149220915,-4.6260336149220915,1.3135856679265323,4.5603807171513768,2.5291356671931404,3.3448307178847685,2.8152374149839825,3.0587289700939255,-4.6260336149220915,0.65488754612977274,3.2190788389481355,2.8003554492970171,1.0736109357808914,0.98595494067472245,2.8880114444031859]
[null,null,null,null,null,null,null,null,null,null,null,null,null,null,null,505,55.55,-4.6352122530469373,-4.6352122530469373,1.3135383758157919,4.5512493711372706,2.5290446124816204,3.3357431344714428,2.8151360599503215,3.0496516870027417,-4.6352122530469373,0.65486396866915464,3.2099237782839083,2.8002546300484106,1.0645331169046521,0.9859194440250727,2.87886830292799]
[null,null,null,null,null,null,null,null,null,null,null,null,null,null,null,506,55.660000000000004,-4.6443908911717831,-4.6443908911717831,1.3134805743471092,4.5421285344811082,2.528933323389762,3.3266757854384554,2.8150121815758462,3.0405969272523707,-4.6443908911717831,0.65483515177284357,3.2007739570553735,2.8001314065223362,1.0554777023058808,0.98587605923105615,2.8697330495971611]
[null,null,null,null,null,null,null,null,null,null,null,null,null,null,null,507,55.77,-4.6535695292966288,-4.6535695292966288,1.3134122635204839,4.5330182071828879,2.5288017999175652,3.3176286707858065,2.8148657798605567,3.0315646908428144,-4.6535695292966288,0.65480109544083953,3.191629375262532,2.799985778718793,1.0464446919845782,0.98582478629267289,2.8606056844106984]
[null,null,null,null,null,null,null,null,null,null,null,null,null,null,null,508,55.88,-4.6627481674214737,-4.6627481674214737,1.3133334433359167,4.5239183892426089,2.5286500420650313,3.308601790513495,2.8146968548044544,3.0225549777740719,-4.6627481674214737,0.65476179967314274,3.1824900329053838,2.7998177466377823,1.0374340859407445,0.98576562520992328,2.8514862073686027]
[null,null,null,null,null,null,null,null,null,null,null,null,null,null,null,509,55.99,-4.6719268055463195,-4.6719268055463195,1.3132441137934068,4.5148290806602747,2.5284780498321591,3.299595144621521,2.8145054064075379,3.0135677880461431,-4.6719268055463195,0.65471726446975276,3.173355929983928,2.7996273102793023,1.0284458841743787,0.98569857598280664,2.842374618470874]
[null,null,null,null,null,null,null,null,null,null,null,null,null,null,null,510,56.1,-4.6811054436711643,-4.6811054436711643,1.3131442748929547,4.5057502814358816,2.5282858232189493,3.2906087331098863,2.814291434669808,3.0046031216590272,-4.6811054436711643,0.65466748983067002,3.1642270664981655,2.7994144696433554,1.0194800866854798,0.98562363861132363,2.8332709177175124]
[null,null,null,null,null,null,null,null,null,null,null,null,null,null,null,511,56.21,-4.6902840817960101,-4.6902840817960101,1.3130339266345603,4.4966819915694298,2.5280733622254012,3.2816425559785891,2.814054939591264,2.995660978612726,-4.6902840817960101,0.65461247575589432,3.1551034424480955,2.7991792247299401,1.0105366934740498,0.98554081309547392,2.824175105108516]
[null,null,null,null,null,null,null,null,null,null,null,null,null,null,null,512,{"$f":"(Rozpeti/1000)*P515","v":56.32},{"$f":"$R$2*Q515","v":-4.699462719920855},-4.699462719920855,{"$f":"($Q515*(Rozpeti-$Q515))/(2*$C$11)","v":1.3129130690182238},4.487624211060921,{"$f":"($Q515*(Rozpeti-$Q515))/(2*$M$11)","v":2.5278406668515156},3.2726966132276294,{"$f":"($Q515*(Rozpeti-$Q515))/(2*$L$11)","v":2.813795921171907},2.9867413589072376,-4.699462719920855,{"$f":"($Q515*(Rozpeti-$Q515))/(2*$C$32)","v":0.65455222224542575},3.1459850578337196,{"$f":"($Q515*(Rozpeti-$Q515))/(2*$M$32)","v":2.7989215755390564},1.0016157045400886,{"$f":"($Q515*(Rozpeti-$Q515))/(2*$L$32)","v":0.98545009943525763},2.8150871806438875]
[null,null,null,null,null,null,null,null,null,null,null,null,null,null,null,513,56.43,-4.7086413580457007,-4.7086413580457007,1.3127817020439447,4.4785769399103552,2.5275877370972921,3.2637709048570072,2.8135143794117359,2.9778442625425638,-4.7086413580457007,0.65448672929926421,3.1368719126550353,2.7986415220707048,0.99271711988359446,0.98535149763067476,2.8060071443236243]
[null,null,null,null,null,null,null,null,null,null,null,null,null,null,null,514,56.54,-4.7178199961705465,{"$f":"$S$3*Q517","v":-4.7178199961705465},1.3126398257117236,{"$f":"$U$3-T517+$S517","v":4.4695401781177297},2.5273145729627307,{"$f":"$W$3-V517+$S517","v":3.2548654308667233},2.813210314310751,{"$f":"$Y$3-X517+$S517","v":2.9689696895187021},{"$f":"$Z$3*Q517","v":-4.7178199961705465},0.65441599691740981,{"$f":"$AB$3-AA517+$Z517","v":3.1277640069120434},2.7983390643248849,{"$f":"$AD$3-AC517+$Z517","v":0.98384093950456819},0.98524500768172507,{"$f":"$AF$3-AE517+$Z517","v":2.7969349961477281}]
[null,null,null,null,null,null,null,null,null,null,null,null,null,null,null,515,56.65,-4.7269986342953914,-4.7269986342953914,1.3124874400215598,4.4605139256830491,2.5270211744478313,3.2459801912567769,2.8128837258689527,2.9601176398356559,-4.7269986342953914,0.65434002509986244,3.1186613406047465,2.798014202301597,0.97498716340301161,0.98513062958840891,2.7878707361161998]
[null,null,null,null,null,null,null,null,null,null,null,null,null,null,null,516,56.76,-4.7361772724202371,-4.7361772724202371,1.3123245449734537,4.4514981826063096,2.5267075415525939,3.237115186027169,2.8125346140863408,2.9512881134934226,-4.7361772724202371,0.6542588138466221,3.1095639137331403,2.7976669360008408,0.96615579157892206,0.98500836335072595,2.7788143642290368]
[null,null,null,null,null,null,null,null,null,null,null,null,null,null,null,517,56.87,-4.745355910545082,-4.745355910545082,1.3121511405674056,4.4424929488875131,2.5263736742770186,3.2282704151778994,2.8121629789629146,2.942481110492003,-4.745355910545082,0.6541723631576889,3.1004717262972292,2.7972972654226167,0.95734682403230131,0.98487820896867639,2.7697658804862417]
[null,null,null,null,null,null,null,null,null,null,null,null,null,null,null,518,56.98,-4.7545345486699278,-4.7545345486699278,1.3119672268034148,4.4334982245266579,2.5260195726211059,3.2194458787089664,2.8117688204986755,2.9336966308313963,-4.7545345486699278,0.65408067303306272,3.0913847782970096,2.7969051905669247,0.94856026076314759,0.98474016644226037,2.7607252848878119]
[null,null,null,null,null,null,null,null,null,null,null,null,null,null,null,519,57.09,-4.7637131867947735,-4.7637131867947735,1.311772803681482,4.4245140095237447,2.5256452365848547,3.2106415766203718,2.8113521386936222,2.9249346745116043,-4.7637131867947735,0.65398374347274368,3.0823030697324825,2.7964907114337638,0.93979610177146267,0.98459423577147753,2.7516925774337491]
[null,null,null,null,null,null,null,null,null,null,null,null,null,null,null,520,57.2,-4.7728918249196193,-4.7728918249196193,1.3115678712016066,4.4155403038787737,2.5252506661682661,3.2018575089121146,2.8109129335477552,2.916195241532626,-4.7728918249196193,0.65388157447673168,3.0732266006036495,2.7960538280231351,0.93105434705724566,0.98444041695632811,2.7426677581240524]
[null,null,null,null,null,null,null,null,null,null,null,null,null,null,null,521,57.31,-4.7820704630444641,-4.7820704630444641,1.3113524293637893,4.4065771075917457,2.5248358613713395,3.1930936755841959,2.8104512050610748,2.9074783318944615,-4.7820704630444641,0.65377416604502681,3.0641553709105089,2.7955945403350384,0.92233499662049745,0.984278709996812,2.7336508269587236]
[null,null,null,null,null,null,null,null,null,null,null,null,null,null,null,522,57.42,-4.7912491011693099,-4.7912491011693099,1.3111264781680292,4.3976244206626607,2.524400822194075,3.1843500766366155,2.8099669532335807,2.8987839455971098,-4.7912491011693099,0.65366151817762885,3.0550893806530617,2.7951128483694738,0.91363805046121627,0.98410911489292929,2.724641783937761]
[null,null,null,null,null,null,null,null,null,null,null,null,null,null,null,523,57.53,-4.8004277392941548,-4.8004277392941548,1.310890017614327,4.3886822430915187,2.5239455486364726,3.1756267120693726,2.8094601780652728,2.8901120826405728,-4.8004277392941548,0.65354363087453815,3.0460286298313068,2.7946087521264404,0.90496350857940477,0.98393163164468,2.7156406290611654]
[null,null,null,null,null,null,null,null,null,null,null,null,null,null,null,524,57.64,-4.8096063774190005,-4.8096063774190005,1.3106430477026825,4.3797505748783161,2.5234700406985322,3.1669235818824673,2.8089308795561512,2.8814627430248487,-4.8096063774190005,0.65342050413575448,3.0369731184452453,2.7940822516059396,0.89631137097506031,0.98374626025206402,2.7066473623289351]
[null,null,null,null,null,null,null,null,null,null,null,null,null,null,null,525,57.75,-4.8187850155438454,-4.8187850155438454,1.3103855684330956,4.3708294160230583,2.5229742983802539,3.1582406860759011,2.8083790577062158,2.8728359267499393,-4.8187850155438454,0.65329213796127794,3.0279228464948762,2.7935333468079704,0.88768163764818375,0.98355300071508145,2.6976619837410727]
[null,null,null,null,null,null,null,null,null,null,null,null,null,null,null,526,57.86,-4.8279636536686912,-4.8279636536686912,1.3101175798055664,4.3619187665257417,2.5224583216816381,3.1495780246496707,2.807804712515467,2.8642316338158418,-4.8279636536686912,0.65315853235110832,3.0188778139802004,2.7929620377325328,0.879074308598776,0.98335185303373218,2.6886844932975764]
[null,null,null,null,null,null,null,null,null,null,null,null,null,null,null,527,57.97,-4.8371422917935369,-4.8371422917935369,1.3098390818200949,4.353018626386369,2.5219221106026839,3.1409355976037787,2.8072078439839041,2.855649864222559,-4.8371422917935369,0.65301968730524584,3.009838020901217,2.7923683243796273,0.87048938382683616,0.98314281720801622,2.6797148909984472]
[null,null,null,null,null,null,null,null,null,null,null,null,null,null,null,528,58.08,-4.8463209299183818,-4.8463209299183818,1.3095500744766813,4.3441289956049376,2.5213656651433922,3.132313404938226,2.8065884521115283,2.8470906179700899,-4.8463209299183818,0.65287560282369062,3.0008034672579278,2.791752206749254,0.86192686333236423,0.98292589323793378,2.6707531768436841]
[null,null,null,null,null,null,null,null,null,null,null,null,null,null,null,529,58.19,-4.8554995680432276,-4.8554995680432276,1.3092505577753251,4.3352498741814474,2.5207889853037622,3.1237114466530107,2.8059465368983378,2.8385538950584346,-4.8554995680432276,0.65272627890644219,2.9917741530503301,2.7911136848414118,0.85338674711536111,0.98270108112348453,2.661799350833288]
[null,null,null,null,null,null,null,null,null,null,null,null,null,null,null,530,58.3,-4.8646782061680724,-4.8646782061680724,1.3089405317160265,4.3263812621159019,2.5201920710837946,3.1151297227481329,2.8052820983443345,2.830039695487593,-4.8646782061680724,0.65257171555350102,2.9827500782784266,2.7904527586561021,0.8448690351758259,0.98246838086466881,2.652853412967259]
[null,null,null,null,null,null,null,null,null,null,null,null,null,null,null,531,58.410000000000004,-4.8738568442929182,-4.8738568442929182,1.3086199962987859,4.3175231594082959,2.5195749224834891,3.1065682332235927,2.804595136449517,2.8215480192575644,-4.8738568442929182,0.65241191276486687,2.9737312429422147,2.7897694281933236,0.83637372751375771,0.98222779246148639,2.6439153632455952]
[null,null,null,null,null,null,null,null,null,null,null,null,null,null,null,532,58.52,-4.883035482417764,-4.883035482417764,1.3082889515236027,4.3086755660586338,2.5189375395028453,3.0980269780793908,2.8038856512138857,2.8130788663683504,-4.883035482417764,0.65224687054053976,2.964717647041696,2.7890636934530773,0.82790082412915922,0.98197931591393717,2.6349852016682984]
[null,null,null,null,null,null,null,null,null,null,null,null,null,null,null,533,58.63,-4.8922141205426097,-4.8922141205426097,1.3079473973904774,4.299838482066912,2.5182799221418644,3.0895059573155255,2.8031536426374415,2.8046322368199483,-4.8922141205426097,0.65207658888051989,2.9557092905768707,2.7883355544353634,0.81945032502202686,0.98172295122202158,2.6260629282353687]
[null,null,null,null,null,null,null,null,null,null,null,null,null,null,null,534,58.74,-4.9013927586674546,-4.9013927586674546,1.3075953338994095,4.291011907433135,2.5176020704005451,3.0810051709320003,2.8023991107201831,2.7962081306123627,-4.9013927586674546,0.65190106778480694,2.9467061735477387,2.7875850111401808,0.81102223019236508,0.98145869838573929,2.617148542946806]
[null,null,null,null,null,null,null,null,null,null,null,null,null,null,null,535,58.85,-4.9105713967923004,-4.9105713967923004,1.3072327610503993,4.282195842157301,2.5169039842788878,3.0725246189288118,2.8016220554621105,2.7878065477455891,-4.9105713967923004,0.65172030725340113,2.9377082959542982,2.7868120635675298,0.80261653964017032,0.9811865574050902,2.6082420458026094]
[null,null,null,null,null,null,null,null,null,null,null,null,null,null,null,536,58.96,-4.9197500349171452,-4.9197500349171452,1.3068596788434472,4.2733902862394082,2.5161856637768931,3.0640643013059616,2.8008224768632251,2.7794274882196301,-4.9197500349171452,0.65153430728630235,2.9287156577965527,2.7860167117174113,0.79423325336544348,0.98090652828007463,2.5993434368027799]
[null,null,null,null,null,null,null,null,null,null,null,null,null,null,null,537,59.07,-4.928928673041991,-4.928928673041991,1.3064760872785526,4.2645952396794566,2.51544710889456,3.055624218063449,2.8000003749235258,2.7710709520344832,-4.928928673041991,0.65134306788351071,2.919728259074498,2.7851989555898244,0.78587237136818455,0.98061861101069236,2.5904527159473165]
[null,null,null,null,null,null,null,null,null,null,null,null,null,null,null,538,59.18,-4.9381073111668359,-4.9381073111668359,1.3060819863557154,4.2558107024774481,2.5146883196318894,3.0472043692012747,2.7991557496430124,2.7627369391901517,-4.9381073111668359,0.65114658904502609,2.9107460997881383,2.7843587951847693,0.77753389364839531,0.9803228055969434,2.5815698832362211]
[null,null,null,null,null,null,null,null,null,null,null,null,null,null,null,539,59.29,-4.9472859492916816,-4.9472859492916816,1.3056773760749361,4.2470366746333825,2.5139092959888805,3.0388047547194379,2.7982886010216852,2.7544254496866332,-4.9472859492916816,0.6509448707708485,2.9017691799374701,2.7834962305022461,0.76921782020607221,0.98001911203882786,2.5726949386694908]
[null,null,null,null,null,null,null,null,null,null,null,null,null,null,null,540,59.4,-4.9564645874165274,-4.9564645874165274,1.3052622564362144,4.2382731561472573,2.513110037965534,3.0304253746179386,2.7973989290595447,2.7461364835239275,-4.9564645874165274,0.65073791306097817,2.8927974995224943,2.7826112615422547,0.76092415104121791,0.97970753033634572,2.5638278822471268]
[null,null,null,null,null,null,null,null,null,null,null,null,null,null,null,541,59.51,-4.9656432255413723,-4.9656432255413723,1.3048366274395504,4.2295201470190769,2.5122905455618501,3.0220662288967777,2.7964867337565908,2.7378700407020364,-4.9656432255413723,0.65052571591541486,2.8838310585432128,2.7817038883047958,0.75265288615383241,0.979388060489497,2.5549687139691306]
[null,null,null,null,null,null,null,null,null,null,null,null,null,null,null,542,59.62,-4.974821863666218,-4.974821863666218,1.3044004890849441,4.2207776472488376,2.5114508187778277,3.0137273175559542,2.7955520151128228,2.7296261212209592,-4.974821863666218,0.65030827933415847,2.8748698569996236,2.780774110789868,0.74440402554391394,0.97906070249828148,2.5461174338355006]
[null,null,null,null,null,null,null,null,null,null,null,null,null,null,null,543,59.73,-4.9840005017910629,-4.9840005017910629,1.3039538413723955,4.2120456568365414,2.5105908576134675,3.0054086405954701,2.7945947731282414,2.7214047250806956,-4.9840005017910629,0.65008560331720933,2.8659138948917278,2.7798219289974724,0.73617756921146427,0.97872545636269948,2.5372740418462376]
[null,null,null,null,null,null,null,null,null,null,null,null,null,null,null,544,59.84,-4.9931791399159087,-4.9931791399159087,1.3034966843019045,4.2033241757821864,2.5097106620687692,2.9971101980153216,2.7936150078028459,2.7132058522812459,-4.9931791399159087,0.64985768786456721,2.8569631722195243,2.7788473429276084,0.72797351715648251,0.97838232208275067,2.5284385380013408]
[null,null,null,null,null,null,null,null,null,null,null,null,null,null,null,545,59.95,-5.0023577780407544,-5.0023577780407544,1.3030290178734711,4.1946132040857753,2.5088102321437331,2.9888319898155125,2.792612719136637,2.705029502822609,-5.0023577780407544,0.64962453297623213,2.8480176889830133,2.7778503525802765,0.71979186937896866,0.97803129965843538,2.5196109223008101]
[null,null,null,null,null,null,null,null,null,null,null,null,null,null,null,546,60.06,-5.0115364161656002,-5.0115364161656002,1.3025508420870957,4.1859127417473045,2.5078895678383595,2.9805740159960399,2.7915879071296148,2.696875676704785,-5.0115364161656002,0.64938613865220418,2.8390774451821956,2.7768309579554762,0.71163262587892362,0.9776723890897534,2.5107911947446464]
[null,null,null,null,null,null,null,null,null,null,null,null,null,null,null,547,60.17,-5.0207150542904451,-5.0207150542904451,1.3020621569427777,4.1772227887667768,2.5069486691526475,2.9723362765569075,2.7905405717817784,2.6887443739277765,-5.0207150542904451,0.64914250489248326,2.8301424408170721,2.775789159053208,0.70349578665634738,0.97730559037670472,2.5019793553328498]
[null,null,null,null,null,null,null,null,null,null,null,null,null,null,null,548,60.28,-5.0298936924152908,-5.0298936924152908,1.3015629624405176,4.168543345144192,2.505987536086598,2.9641187714981108,2.7894707130931282,2.680635594491581,-5.0298936924152908,0.64889363169706937,2.8212126758876401,2.7747249558734715,0.69538135171123727,0.97693090351928946,2.4931754040654202]
[null,null,null,null,null,null,null,null,null,null,null,null,null,null,null,549,60.39,-5.0390723305401357,-5.0390723305401357,1.301053258580315,4.1598744108795502,2.5050061686402105,2.9559215008196533,2.7883783310636647,2.6725493383961991,-5.0390723305401357,0.64863951906596273,2.8122881503939015,2.7736383484162674,0.68728932104359686,0.97654832851750761,2.4843793409423567]
[null,null,null,null,null,null,null,null,null,null,null,null,null,null,null,550,60.5,-5.0482509686649815,-5.0482509686649815,1.3005330453621702,4.1512159859728479,2.5040045668134852,2.9477444645215334,2.787263425693387,2.6644856056416311,-5.0482509686649815,0.64838016699916301,2.8033688643358552,2.7725293366815946,0.67921969465342347,0.97615786537135896,2.4755911659636594]
[null,null,null,null,null,null,null,null,null,null,null,null,null,null,null,551,60.61,-5.0574296067898263,-5.0574296067898263,1.3000023227860829,4.1425680704240904,2.5029827306064218,2.9395876626037518,2.786125996982296,2.6564443962278776,-5.0574296067898263,0.64811557549667043,2.7944548177135031,2.7713979206694539,0.67117247254071977,0.97575951408084383,2.4668108791293299]
[null,null,null,null,null,null,null,null,null,null,null,null,null,null,null,552,60.72,-5.0666082449146721,-5.0666082449146721,1.2994610908520534,4.133930664233274,2.5019406600190206,2.9314510950663077,2.7849660449303912,2.6484257101549371,-5.0666082449146721,0.64784574455848487,2.7855460105268435,2.7702441003798448,0.66314765470548309,0.97535327464596189,2.4580384804393658]
[null,null,null,null,null,null,null,null,null,null,null,null,null,null,null,553,60.83,-5.0757868830395179,-5.0757868830395179,1.2989093495600816,4.1253037674003998,2.5008783550512819,2.9233347619092003,2.7837835695376731,2.6404295474228086,-5.0757868830395179,0.64757067418460657,2.7766424427758754,2.7690678758127678,0.65514524114771433,0.97493914706671359,2.4492739698937687]
[null,null,null,null,null,null,null,null,null,null,null,null,null,null,null,554,60.94,-5.0849655211643627,-5.0849655211643627,1.2983470989101675,4.1166873799254704,2.4997958157032047,2.9152386631324321,2.7825785708041413,2.6324559080314964,-5.0849655211643627,0.64729036437503518,2.7677441144606023,2.7678692469682229,0.64716523186741437,0.97451713134309859,2.4405173474925386]
[null,null,null,null,null,null,null,null,null,null,null,null,null,null,null,555,61.05,-5.0941441592892085,-5.0941441592892085,1.2977743389023111,4.1080815018084804,2.4986930419747897,2.9071627987360023,2.7813510487297952,2.6245047919809963,-5.0941441592892085,0.64700481512977082,2.7588510255810208,2.7666482138462092,0.63920762686458232,0.97408722747511678,2.4317686132356746]
[null,null,null,null,null,null,null,null,null,null,null,null,null,null,null,556,61.160000000000004,-5.1033227974140543,-5.1033227974140543,1.2971910695365121,4.0994861330494343,2.4975700338660372,2.899107168719909,2.7801010033146358,2.6165761992713099,-5.1033227974140543,0.64671402644881359,2.7499631761371317,2.765404776446728,0.63127242613921819,0.97364943546276839,2.4230277671231777]
[null,null,null,null,null,null,null,null,null,null,null,null,null,null,null,557,61.27,-5.1125014355388991,-5.1125014355388991,1.2965972908127712,4.0909012736483295,2.4964267913769467,2.8910717730841533,2.7788284345586627,2.6086701299024382,-5.1125014355388991,0.64641799833216351,2.7410805661289377,2.7641389347697785,0.62335962969132197,0.97320375530605341,2.4142948091550478]
[null,null,null,null,null,null,null,null,null,null,null,null,null,null,null,558,61.38,-5.1216800736637449,-5.1216800736637449,1.2959930027310875,4.0823269236051676,2.4952633145075178,2.8830566118287368,2.7775333424618758,2.6007865838743793,-5.1216800736637449,0.64611673077982046,2.7322031955564343,2.7628506888153606,0.61546923752089455,0.97275018700497173,2.4055697393312832]
[null,null,null,null,null,null,null,null,null,null,null,null,null,null,null,559,61.49,-5.1308587117885907,-5.1308587117885907,1.2953782052914617,4.0737630829199478,2.4940796032577515,2.875061684953657,2.7762157270242751,2.5929255611871342,-5.1308587117885907,0.64581022379178454,2.7233310644196251,2.7615400385834747,0.60760124962793505,0.97228873055952336,2.3968525576518864]
[null,null,null,null,null,null,null,null,null,null,null,null,null,null,null,560,61.6,-5.1400373499134355,-5.1400373499134355,1.2947528984938939,4.0652097515926711,2.4928756576276476,2.8670869924589164,2.7748755882458611,2.5850870618407038,-5.1400373499134355,0.64549847736805566,2.7144641727185084,2.760206984074121,0.59975566601244346,0.97181938596970852,2.3881432641168558]
[null,null,null,null,null,null,null,null,null,null,null,null,null,null,null,561,61.71,-5.1492159880382813,-5.1492159880382813,1.2941170823383834,4.0566669296233355,2.4916514776172054,2.8591325343445133,2.7735129261266329,2.5772710858350854,-5.1492159880382813,0.6451814915086338,2.7056025204530849,2.7588515252872985,0.59193248667442067,0.97134215323552697,2.3794418587261914]
[null,null,null,null,null,null,null,null,null,null,null,null,null,null,null,562,61.82,-5.1583946261631262,-5.1583946261631262,1.2934707568249306,4.048134617011943,2.4904070632264252,2.8511983106104495,2.7721277406665914,2.5694776331702824,-5.1583946261631262,0.64485926621351908,2.6967461076233548,2.7574736622230085,0.58413171161386579,0.97085703235697873,2.3707483414798949]
[null,null,null,null,null,null,null,null,null,null,null,null,null,null,null,563,61.93,-5.1675732642879719,-5.1675732642879719,1.2928139219535357,4.0396128137584917,2.4891424144553076,2.8432843212567196,2.7707200318657366,2.5617067038462915,-5.1675732642879719,0.64453180148271139,2.687894934229317,2.7560733948812501,0.57635334083077794,0.97036402333406402,2.3620627123779645]
[null,null,null,null,null,null,null,null,null,null,null,null,null,null,null,564,62.04,-5.1767519024128168,-5.1767519024128168,1.2921465777241983,4.0311015198629851,2.4878575313038516,2.8353905662833307,2.7692897997240675,2.5539582978631161,-5.1767519024128168,0.64419909731621083,2.6790490002709726,2.7546507232620234,0.56859737432515978,0.9698631261667825,2.3533849714204012]
[null,null,null,null,null,null,null,null,null,null,null,null,null,null,null,565,62.15,-5.1859305405376626,-5.1859305405376626,1.2914687241369187,4.0226007353254181,2.486552413772058,2.8275170456902794,2.7678370442415847,2.5462324152207527,-5.1859305405376626,0.64386115371401731,2.6702083057483206,2.7532056473653288,0.56086381209700864,0.96935434085513439,2.3447151186072031]
[null,null,null,null,null,null,null,null,null,null,null,null,null,null,null,566,62.26,-5.1951091786625083,-5.1951091786625083,1.2907803611916966,4.0141104601457949,2.4852270618599261,2.8196637594775646,2.7663617654182882,2.5385290559192031,-5.1951091786625083,0.64351797067613081,2.661372850661361,2.7517381671911658,0.55315265414632631,0.96883766739911958,2.336053153938372]
[null,null,null,null,null,null,null,null,null,null,null,null,null,null,null,567,62.37,-5.2042878167873532,-5.2042878167873532,1.2900814888885324,4.0056306943241147,2.4838814755674568,2.8118307076451892,2.7648639632541787,2.5308482199584681,-5.2042878167873532,0.64316954820255157,2.6525426350100956,2.7502482827395354,0.545463900473111,0.96831310579873831,2.3273990774139088]
[null,null,null,null,null,null,null,null,null,null,null,null,null,null,null,568,62.48,-5.213466454912199,-5.213466454912199,1.2893721072274256,3.9971614378603757,2.4825156548946494,2.8040178901931512,2.7633436377492546,2.523189907338546,-5.213466454912199,0.64281588629327924,2.6437176587945217,2.7487359940104361,0.53779755107736449,0.96778065605399022,2.3187528890338109]
[null,null,null,null,null,null,null,null,null,null,null,null,null,null,null,569,62.59,-5.2226450930370447,-5.2226450930370447,1.2886522162083767,3.9887026907545788,2.4811295998415042,2.7962253071214516,2.7618007889035177,2.5155541180594376,-5.2226450930370447,0.64245698494831416,2.6348979220146411,2.7472013010038689,0.53015360595908589,0.96724031816487566,2.3101145887980792]
[null,null,null,null,null,null,null,null,null,null,null,null,null,null,null,570,62.7,-5.2318237311618896,-5.2318237311618896,1.2879218158313854,3.980254453006725,2.479723310408021,2.7884529584300894,2.7602354167169665,2.5079408521211439,-5.2318237311618896,0.642092844167656,2.6260834246704547,2.7456442037198339,0.5225320651182761,0.96669209213139429,2.3014841767067162]
[null,null,null,null,null,null,null,null,null,null,null,null,null,null,null,571,62.81,-5.2410023692867354,-5.2410023692867354,1.2871809060964519,3.9718167246168123,2.4782967865942003,2.7807008441190648,2.758647521189602,2.5003501095236631,-5.2410023692867354,0.64172346395130497,2.6172741667619599,2.7440647021583304,0.51493292855493422,0.96613597795354644,2.2928616527597185]
[null,null,null,null,null,null,null,null,null,null,null,null,null,null,null,572,62.92,-5.2501810074115811,-5.2501810074115811,1.286429487003576,3.9633895055848436,2.4768500284000412,2.7729689641883786,2.7570371023214233,2.492781890266996,-5.2501810074115811,0.64134884429926098,2.6084701482891584,2.7424627963193586,0.50735619626906026,0.96557197563133179,2.284247016957087]
[null,null,null,null,null,null,null,null,null,null,null,null,null,null,null,573,63.03,-5.259359645536426,-5.259359645536426,1.2856675585527577,3.9549727959108161,2.4753830358255442,2.7652573186380298,2.7554041601124313,2.4852361943511427,-5.259359645536426,0.64096898521152412,2.5996713692520501,2.7408384862029189,0.49980186826065509,0.96500008516475067,2.2756402692988233]
[null,null,null,null,null,null,null,null,null,null,null,null,null,null,null,574,63.14,-5.2685382836612717,-5.2685382836612717,1.2848951207439971,3.9465665955947316,2.4738958088707097,2.7575659074680186,2.7537486945626255,2.4777130217761023,-5.2685382836612717,0.6405838866880943,2.5908778296506343,2.7391917718090113,0.49226994452971695,0.96442030655380284,2.267041409784925]
[null,null,null,null,null,null,null,null,null,null,null,null,null,null,null,575,63.25,-5.2777169217861166,-5.2777169217861166,1.2841121735772942,3.9381709046365883,2.4723883475355373,2.7498947306783466,2.752070705672006,2.4702123725418774,-5.2777169217861166,0.64019354872897161,2.5820895294849118,2.7375226531376349,0.4847604250762485,0.96383263979848832,2.2584504384153954]
[null,null,null,null,null,null,null,null,null,null,null,null,null,null,null,576,{"$f":"(Rozpeti/1000)*P579","v":63.36},{"$f":"$R$2*Q579","v":-5.2868955599109624},-5.2868955599109624,{"$f":"($Q579*(Rozpeti-$Q579))/(2*$C$11)","v":1.283318717052649},3.929785723036388,{"$f":"($Q579*(Rozpeti-$Q579))/(2*$M$11)","v":2.4708606518200265},2.7422437882690121,{"$f":"($Q579*(Rozpeti-$Q579))/(2*$L$11)","v":2.7503701934405731},2.4627342466484645,-5.2868955599109624,{"$f":"($Q579*(Rozpeti-$Q579))/(2*$C$32)","v":0.63979797133415595},2.5733064687548817,{"$f":"($Q579*(Rozpeti-$Q579))/(2*$M$32)","v":2.735831130188791},0.47727330990024708,{"$f":"($Q579*(Rozpeti-$Q579))/(2*$L$32)","v":0.96323708489880722},2.2498673551902302]
[null,null,null,null,null,null,null,null,null,null,null,null,null,null,null,577,63.47,-5.2960741980358073,-5.2960741980358073,1.2825147511700616,3.9214110507941307,2.4693127217241786,2.7346130802400133,2.7486471578683265,2.4552786440958663,-5.2960741980358073,0.63939715450364742,2.5645286474605449,2.7341172029624787,0.46980859900171446,0.96263364185475953,2.2412921601094329]
[null,null,null,null,null,null,null,null,null,null,null,null,null,null,null,578,63.58,-5.305252836160653,{"$f":"$S$3*Q581","v":-5.305252836160653},1.2817002759295317,{"$f":"$U$3-T581+$S581","v":3.9130468879098146},2.4677445572479924,{"$f":"$W$3-V581+$S581","v":2.7270026065913537},2.7469015989552656,{"$f":"$Y$3-X581+$S581","v":2.4478455648840818},{"$f":"$Z$3*Q581","v":-5.305252836160653},0.63899109823744582,{"$f":"$AB$3-AA581+$Z581","v":2.5557560656019014},2.7323808714586986,{"$f":"$AD$3-AC581+$Z581","v":0.46236629238064886},0.96202231066634514,{"$f":"$AF$3-AE581+$Z581","v":2.2327248531730017}]
[null,null,null,null,null,null,null,null,null,null,null,null,null,null,null,579,63.69,-5.3144314742854988,-5.3144314742854988,1.2808752913310595,3.9046932343834424,2.4661561583914682,2.7194123673230326,2.7451335167013915,2.4404350090131093,-5.3144314742854988,0.63857980253555147,2.5469887231789494,2.73062213567745,0.45494639003705117,0.96140309133356405,2.2241654343809376]
[null,null,null,null,null,null,null,null,null,null,null,null,null,null,null,580,63.8,-5.3236101124103437,-5.3236101124103437,1.2800397973746449,3.8963500902150114,2.4645475251546061,2.7118423624350507,2.7433429111067036,2.4330469764829532,-5.3236101124103437,0.63816326739796403,2.5382266201916925,2.7288409956187332,0.44754889197092318,0.96077598385641638,2.2156139037332396]
[null,null,null,null,null,null,null,null,null,null,null,null,null,null,null,581,63.910000000000004,-5.3327887505351894,-5.3327887505351894,1.2791937940602882,3.8880174554045217,2.462918657537406,2.7042925919274046,2.7415297821712019,2.4256814672936082,-5.3327887505351894,0.63774149282468384,2.5294697566401263,2.7270374512825479,0.44017379818226221,0.96014098823490202,2.2070702612299087]
[null,null,null,null,null,null,null,null,null,null,null,null,null,null,null,582,64.02,-5.3419673886600343,-5.3419673886600343,1.2783372813879892,3.8796953299519767,2.4612695555398685,2.6967630558000977,2.7396941298948869,2.4183384814450788,-5.3419673886600343,0.63731447881571057,2.5207181325242551,2.7252115026688952,0.43282110867107093,0.95949810446902117,2.1985345068709448]
[null,null,null,null,null,null,null,null,null,null,null,null,null,null,null,583,64.13,-5.35114602678488,-5.35114602678488,1.2774702593577478,3.8713837138573712,2.459600219161993,2.6892537540531265,2.7378359542777582,2.4110180189373622,-5.35114602678488,0.63688222537104455,2.5119717478440755,2.7233631497777746,0.4254908234373449,0.95884733255877364,2.1900066406563461]
[null,null,null,null,null,null,null,null,null,null,null,null,null,null,null,584,64.239999999999995,-5.3603246649097249,-5.3603246649097249,1.2765927279695639,3.8630826071207105,2.4579106484037792,2.6817646866864964,2.7359552553198152,2.4037200797704594,-5.3603246649097249,0.63644473249068556,2.5032306025995892,2.7214923926091852,0.41818294248108945,0.9581886725041594,2.1814866625861153]
[null,null,null,null,null,null,null,null,null,null,null,null,null,null,null,585,64.349999999999994,-5.3695033030345707,-5.3695033030345707,1.2757046872234379,3.854792009741991,2.4562008432652278,2.674295853700202,2.7340520330210594,2.3964446639443695,-5.3695033030345707,0.6360020001746336,2.4944946967907962,2.7195992311631279,0.41089746580230102,0.95752212430517858,2.1729745726602507]
[null,null,null,null,null,null,null,null,null,null,null,null,null,null,null,586,64.459999999999994,-5.3786819411594156,-5.3786819411594156,1.2748061371193695,3.8465119217212145,2.4544708037463385,2.666847255094245,2.7321262873814893,2.3891917714590951,-5.3786819411594156,0.63555402842288866,2.4857640304176956,2.7176836654396026,0.40363439340098139,0.95684768796183106,2.1644703708787532]
[null,null,null,null,null,null,null,null,null,null,null,null,null,null,null,587,64.570000000000007,-5.3878605792842622,-5.3878605792842622,1.2738970776573586,3.8382423430583783,2.4527205298471109,2.6594188908686265,2.7301780184011051,2.3819614023146327,-5.3878605792842622,0.63510081723545075,2.4770386034802874,2.7157456954386086,0.39639372527712968,0.95616536347411685,2.1559740572416208]
[null,null,null,null,null,null,null,null,null,null,null,null,null,null,null,588,64.680000000000007,-5.397039217409108,-5.397039217409108,1.2729775088374056,3.8299832737534869,2.4509500215675462,2.6520107610233454,2.728207226079908,2.3747535565109841,-5.397039217409108,0.6346423666123201,2.4683184159785716,2.713785321160147,0.389175461430745,0.95547515084203616,2.1474856317488555]
[null,null,null,null,null,null,null,null,null,null,null,null,null,null,null,589,64.790000000000006,-5.4062178555339528,-5.4062178555339528,1.2720474306595102,3.8217347138065367,2.4491592789076431,2.6446228655584036,2.7262139104178966,2.3675682340481501,-5.4062178555339528,0.63417867655349647,2.4596034679125509,2.7118025426042167,0.38197960186183089,0.95477705006558866,2.1390050944004582]
[null,null,null,null,null,null,null,null,null,null,null,null,null,null,null,590,64.900000000000006,-5.4153964936587986,-5.4153964936587986,1.2711068431236725,3.8134966632175296,2.447348301867402,2.6372552044737994,2.724198071415072,2.360405434926129,-5.4153964936587986,0.63370974705897987,2.4508937592822218,2.7097973597708189,0.37480614657038203,0.95407106114477469,2.1305324451964269]
[null,null,null,null,null,null,null,null,null,null,null,null,null,null,null,591,65.010000000000005,-5.4245751317836444,-5.4245751317836444,1.2701557462298925,3.8052691219864627,2.4455170904468235,2.6299077777695317,2.722159709071434,2.3532651591449216,-5.4245751317836444,0.6332355781287704,2.442189290087585,2.7077697726599528,0.36765509555640286,0.95335718407959402,2.1220676841367618]
[null,null,null,null,null,null,null,null,null,null,null,null,null,null,null,592,65.12,-5.4337537699084892,-5.4337537699084892,1.2691941399781701,3.7970520901133407,2.4436656446459066,2.6225805854456032,2.7200988233869818,2.3461474067045289,-5.4337537699084892,0.63275616976286797,2.4334900603286425,2.7057197812716187,0.36052644881989249,0.95263541887004666,2.1136108112214638]
[null,null,null,null,null,null,null,null,null,null,null,null,null,null,null,593,65.23,-5.442932408033335,-5.442932408033335,1.2682220243685056,3.7888455675981598,2.4417939644646522,2.6152736275020123,2.7180154143617159,2.3390521776049491,-5.442932408033335,0.63227152196127268,2.4247960700053923,2.7036473856058163,0.35342020636084914,0.95190576551613282,2.1051618264505318]
[null,null,null,null,null,null,null,null,null,null,null,null,null,null,null,594,65.34,-5.4521110461581799,-5.4521110461581799,1.2672393994008984,3.780649554440922,2.4399020499030595,2.6079869039387606,2.7159094819956362,2.3319794718461839,-5.4521110461581799,0.63178163472398441,2.4161073191178355,2.7015525856625455,0.3463363681792746,0.95116822401785217,2.0967207298239678]
[null,null,null,null,null,null,null,null,null,null,null,null,null,null,null,595,65.45,-5.4612896842830256,-5.4612896842830256,1.2662462650753494,3.7724640506416254,2.4379899009611297,2.6007204147558447,2.7137810262887436,2.3249292894282307,-5.4612896842830256,0.63128650805100328,2.4074238076659711,2.6994353814418073,0.33927493427516708,0.95042279437520505,2.0882875213417691]
[null,null,null,null,null,null,null,null,null,null,null,null,null,null,null,596,65.56,-5.4704683224078705,-5.4704683224078705,1.2652426213918575,3.7642890562002718,2.4360575176388615,2.593474159953268,2.7116300472410364,2.3179016303510931,-5.4704683224078705,0.63078614194232907,2.3987455356498009,2.6972957729436002,0.33223590464852926,0.94966947658819101,2.0798622010039383]
[null,null,null,null,null,null,null,null,null,null,null,null,null,null,null,597,65.67,-5.4796469605327163,-5.4796469605327163,1.2642284683504237,3.7561245711168594,2.4341048999362553,2.5862481395310288,2.7094565448525163,2.3108964946147674,-5.4796469605327163,0.63028053639796211,2.3900725030693213,2.6951337601679253,0.32521927929935845,0.9489082706568106,2.0714447688104736]
[null,null,null,null,null,null,null,null,null,null,null,null,null,null,null,598,65.78,-5.488825598657562,-5.488825598657562,1.2632038059510475,3.7479705953913909,2.4321320478533113,2.5790423534891262,2.707260519123182,2.3039138822192564,-5.488825598657562,0.62976969141790218,2.3814047099245359,2.6929493431147824,0.31822505822765557,0.9481391765810635,2.0630352247613741]
[null,null,null,null,null,null,null,null,null,null,null,null,null,null,null,599,65.89,-5.4980042367824069,-5.4980042367824069,1.262168634193729,3.7398271290238636,2.4301389613900297,2.5718568018275629,2.7050419700530344,2.2969537931645583,-5.4980042367824069,0.62925360700214938,2.3727421562154438,2.6907425217841712,0.31125324143342148,0.94736219436094982,2.0546335688566435]
[null,null,null,null,null,null,null,null,null,null,null,null,null,null,null,600,66,-5.5071828749072527,-5.5071828749072527,1.261122953078468,3.7316941720142793,2.4281256405464098,2.5646914845463371,2.7028008976420725,2.2900162274506748,-5.5071828749072527,0.62873228315070351,2.3640848419420442,2.6885132961760916,0.30430382891665531,0.94657732399646932,2.0462398010962781]
[null,null,null,null,null,null,null,null,null,null,null,null,null,null,null,601,66.11,-5.5163615130320975,-5.5163615130320975,1.2600667626052648,3.7235717243626381,2.4260920853224524,2.5575464016454506,2.7005373018902974,2.2831011850776051,-5.5163615130320975,0.62820571986356477,2.3554327671043378,2.6862616662905441,0.29737682067735793,0.94578456548762224,2.0378539214802798]
[null,null,null,null,null,null,null,null,null,null,null,null,null,null,null,602,66.22,-5.5255401511569433,-5.5255401511569433,1.2590000627741194,3.715459786068938,2.424038295718157,2.5504215531248997,2.6982511827977085,2.2762086660453482,-5.5255401511569433,0.62767391714073317,2.3467859317023239,2.6839876321275287,0.29047221671552759,0.94498391883440869,2.0294759300086485]
[null,null,null,null,null,null,null,null,null,null,null,null,null,null,null,603,66.33,-5.5347187892817882,-5.5347187892817882,1.2579228535850313,3.707358357133181,2.4219642717335232,2.5433169389846881,2.6959425403643058,2.269338670353906,-5.5347187892817882,0.6271368749822086,2.3381443357360032,2.6816911936870449,0.28359001703116693,0.94417538403682832,2.0211058266813833]
[null,null,null,null,null,null,null,null,null,null,null,null,null,null,null,604,66.44,-5.5438974274066339,-5.5438974274066339,1.2568351350380011,3.6992674375553651,2.419870013368552,2.5362325592248141,2.6936113745900894,2.2624911980032767,-5.5438974274066339,0.62659459338799117,2.329507979205375,2.6793723509690932,0.2767302216242733,0.94335896109488138,2.0127436114984842]
[null,null,null,null,null,null,null,null,null,null,null,null,null,null,null,605,66.55,-5.5530760655314788,-5.5530760655314788,1.2557369071330287,3.6911870273354923,2.4177555206232428,2.5291684138452792,2.6912576854750592,2.255666248993462,-5.5530760655314788,0.62604707235808066,2.320876862110441,2.6770311039736727,0.26989283049484847,0.94253465000856773,2.0043892844599531]
[null,null,null,null,null,null,null,null,null,null,null,null,null,null,null,606,66.66,-5.5622547036563246,-5.5622547036563246,1.2546281698701141,3.6831171264735607,2.4156207934975962,2.5221245028460801,2.6888814730192161,2.2488638233244593,-5.5622547036563246,0.62549431189247751,2.3122509844511976,2.6746674527007852,0.26307784364289066,0.94170245077788761,1.9960428455657881]
[null,null,null,null,null,null,null,null,null,null,null,null,null,null,null,607,66.77,-5.5714333417811703,-5.5714333417811703,1.2535089232492569,3.675057734969573,2.4134658319916111,2.5151008262272176,2.6864827372225588,2.2420839209962713,-5.5714333417811703,0.62493631199118127,2.3036303462276484,2.6722813971504289,0.25628526106840077,0.9408623634028408,1.9877042948159884]
[null,null,null,null,null,null,null,null,null,null,null,null,null,null,null,608,66.88,-5.5806119799060152,-5.5806119799060152,1.2523791672704574,3.6670088528235265,2.4112906361052882,2.5080973839886962,2.6840614780850873,2.235326542008897,-5.5806119799060152,0.62437307265419195,2.2950149474397925,2.6698729373226042,0.24951508277138057,0.94001438788342717,1.9793736322105575]
[null,null,null,null,null,null,null,null,null,null,null,null,null,null,null,609,66.989999999999995,-5.589790618030861,-5.589790618030861,1.2512389019337156,3.658970480035423,2.4090952058386272,2.5011141761305122,2.681617695606803,2.2285916863623356,-5.589790618030861,0.62380459388150988,2.286404788087629,2.6674420732173116,0.24276730875182739,0.93915852421964696,1.9710508577494918]
[null,null,null,null,null,null,null,null,null,null,null,null,null,null,null,610,67.099999999999994,-5.5989692561557058,-5.5989692561557058,1.2500881272390314,3.6509426166052625,2.4068795411916288,2.4941512026526658,2.6791513897877044,2.2218793540565898,-5.5989692561557058,0.62323087567313495,2.2777998681711589,2.6649888048345511,0.23604193900974302,0.93829477241150028,1.9627359714327941]
[null,null,null,null,null,null,null,null,null,null,null,null,null,null,null,611,67.209999999999994,-5.6081478942805516,-5.6081478942805516,1.2489268431864049,3.6429252625330433,2.4046436421642921,2.4872084635551568,2.6766625606277921,2.2151895450916568,-5.6081478942805516,0.62265191802906694,2.2692001876903811,2.6625131321743218,0.22933897354512656,0.93742313245898679,1.9544289732604616]
[null,null,null,null,null,null,null,null,null,null,null,null,null,null,null,612,67.320000000000007,-5.6173265324053983,-5.6173265324053983,1.2477550497758363,3.6349184178187652,2.4023875087566178,2.4802859588379835,2.6741512081270664,2.2085222594675358,-5.6173265324053983,0.62206772094930607,2.2606057466452958,2.6600150552366251,0.22265841235797623,0.93654360436210671,1.9461298632324953]
[null,null,null,null,null,null,null,null,null,null,null,null,null,null,null,613,67.430000000000007,-5.6265051705302431,-5.6265051705302431,1.2465727470073251,3.6269220824624311,2.4001111409686051,2.4733836885011522,2.6716173322855266,2.2018774971842303,-5.6265051705302431,0.62147828443385222,2.2520165450359046,2.6574945740214595,0.21600025544829737,0.93565618812085993,1.9378386413488968]
[null,null,null,null,null,null,null,null,null,null,null,null,null,null,null,614,67.540000000000006,-5.6356838086550889,-5.6356838086550889,1.2453799348808718,3.6189362564640399,2.3978145388002554,2.4665016525446566,2.6690609331031738,2.1952552582417377,-5.6356838086550889,0.62088360848270552,2.2434325828622059,2.6549516885288269,0.20936450281608376,0.93476088373524668,1.9295553076096645]
[null,null,null,null,null,null,null,null,null,null,null,null,null,null,null,615,67.650000000000006,-5.6448624467799338,-5.6448624467799338,1.244176613396476,3.61096093982359,2.3954977022515673,2.4596398509684985,2.6664820105800069,2.1886555426400598,-5.6448624467799338,0.62028369309586595,2.2348538601242005,2.6523863987587255,0.20275115446134073,0.93385769120526674,1.9212798620147993]
[null,null,null,null,null,null,null,null,null,null,null,null,null,null,null,616,67.760000000000005,-5.6540410849047795,-5.6540410849047795,1.2429627825541378,3.6029961325410831,2.3931606313225413,2.4527982837726796,2.6638805647160262,2.1820783503791947,-5.6540410849047795,0.6196785382733333,2.2262803768218875,2.6497987047111558,0.19616021038406473,0.9329466105309201,1.9130123045643002]
[null,null,null,null,null,null,null,null,null,null,null,null,null,null,null,617,67.87,-5.6632197230296253,-5.6632197230296253,1.2417384423538578,3.5950418346165165,2.3908033260131778,2.4459769509571974,2.6612565955112326,2.1755236814591417,-5.6632197230296253,0.6190681440151079,2.2177121329552669,2.6471886063861185,0.18959167058425663,0.93202764171220698,1.9047526352581681]
[null,null,null,null,null,null,null,null,null,null,null,null,null,null,null,618,67.98,-5.6723983611544702,-5.6723983611544702,1.2405035927956352,3.5870980460498947,2.3884257863234759,2.4391758525220544,2.6586101029656248,2.168991535879905,-5.6723983611544702,0.61845251032118953,2.2091491285243405,2.6445561037836125,0.18304553506191734,0.93110078474912705,1.896500854096403]
[null,null,null,null,null,null,null,null,null,null,null,null,null,null,null,619,68.09,-5.6815769992793159,-5.6815769992793159,1.23925823387947,3.5791647668412141,2.3860280122534365,2.4323949884672471,2.6559410870792028,2.1624819136414812,-5.6815769992793159,0.61783163719157819,2.2005913635291057,2.6419011969036386,0.17652180381704508,0.93016603964168054,1.8882569610790032]
[null,null,null,null,null,null,null,null,null,null,null,null,null,null,null,620,68.2,-5.6907556374041608,-5.6907556374041608,1.2380023656053627,3.5712419969904765,2.3836100038030588,2.4256343587927809,2.6532495478519675,2.1559948147438721,-5.6907556374041608,0.61720552462627387,2.192038837969565,2.6392238857461963,0.17002047684964339,0.92922340638986733,1.8800209562059722]
[null,null,null,null,null,null,null,null,null,null,null,null,null,null,null,621,68.31,-5.6999342755290066,-5.6999342755290066,1.2367359879733131,3.5633297364976801,2.3811717609723435,2.4188939634986504,2.6505354852839189,2.1495302391870741,-5.6999342755290066,0.61657417262527681,2.1834915518457167,2.6365241703112865,0.16354155415970695,0.92827288499368754,1.8717928394773056]
[null,null,null,null,null,null,null,null,null,null,null,null,null,null,null,622,68.42,-5.7091129136538514,-5.7091129136538514,1.2354591009833211,3.5554279853628268,2.3787132837612903,2.4121738025848591,2.6477988993750565,2.1430881869710925,-5.7091129136538514,0.61593758118858677,2.1749495051575618,2.6338020505989084,0.1570850357472402,0.92731447545314116,1.8635726108930077]
[null,null,null,null,null,null,null,null,null,null,null,null,null,null,null,623,68.53,-5.7182915517786972,-5.7182915517786972,1.2341717046353868,3.5475367435859164,2.3762345721698992,2.4054738760514036,2.6450397901253799,2.1366686580959229,-5.7182915517786972,0.61529575031620376,2.1664126979050993,2.6310575266090619,0.15065092161224047,0.92634817776822809,1.8553602704530752]
[null,null,null,null,null,null,null,null,null,null,null,null,null,null,null,624,68.64,-5.7274701899035421,-5.7274701899035421,1.2328737989295104,3.5396560111669473,2.3737356261981706,2.3987941838982874,2.64225815753489,2.1302716525615679,-5.7274701899035421,0.61464868000812778,2.15788113008833,2.6282905983417475,0.14423921175471044,0.92537399193894843,1.8471558181575096]
[null,null,null,null,null,null,null,null,null,null,null,null,null,null,null,625,68.75,-5.7366488280283878,-5.7366488280283878,1.2315653838656915,3.5317857881059211,2.3712164458461031,2.3921347261255086,2.6394540016035863,2.1238971703680258,-5.7366488280283878,0.61399637026435894,2.1493548017072532,2.6255012657969647,0.13784990617464743,0.92439191796530207,1.8389592540063102]
[null,null,null,null,null,null,null,null,null,null,null,null,null,null,null,626,68.86,-5.7458274661532336,-5.7458274661532336,1.2302464594439302,3.5239260744028371,2.3686770311136986,2.3854955027330682,2.6366273223314689,2.1175452115152975,-5.7458274661532336,0.61333882108489712,2.1408337127618697,2.6226895289747136,0.13148300487205233,0.92340195584728912,1.830770577999477]
[null,null,null,null,null,null,null,null,null,null,null,null,null,null,null,627,68.97,-5.7550061042780785,-5.7550061042780785,1.2289170256642268,3.5160768700576943,2.3661173820009562,2.3788765137209653,2.6337781197185381,2.1112157760033829,-5.7550061042780785,0.61267603246974245,2.1323178632521786,2.6198553878749951,0.12513850784692604,0.92240410558490959,1.8225897901370116]
[null,null,null,null,null,null,null,null,null,null,null,null,null,null,null,628,69.08,-5.7641847424029242,-5.7641847424029242,1.2275770825265808,3.5082381750704945,2.3635374985078754,2.3722777590891999,2.6309063937647932,2.104908863832283,-5.7641847424029242,0.6120080044188948,2.1238072531781809,2.6169988424978077,0.11881641509926855,0.92139836717816326,1.8144168904189124]
[null,null,null,null,null,null,null,null,null,null,null,null,null,null,null,629,69.19,-5.7733633805277691,-5.7733633805277691,1.2262266300309925,3.5004099894412377,2.3609373806344571,2.3656992388377738,2.6280121444702349,2.098624475001996,-5.7733633805277691,0.61133473693235429,2.1153018825398764,2.6141198928431524,0.11251672662907808,0.92038474062705034,1.8062518788451802]
[null,null,null,null,null,null,null,null,null,null,null,null,null,null,null,630,69.3,-5.7825420186526149,-5.7825420186526149,1.2248656681774621,3.4925923131699239,2.3583170283807009,2.3591409529666851,2.6250953718348633,2.0923626095125218,-5.7825420186526149,0.61065623001012082,2.1068017513372643,2.6112185389110292,0.10623944243635641,0.91936322593157094,1.7980947554158142]
[null,null,null,null,null,null,null,null,null,null,null,null,null,null,null,631,69.41,-5.7917206567774597,-5.7917206567774597,1.2234941969659892,3.4847851462565513,2.3556764417466063,2.352602901475934,2.622156075858677,2.0861232673638632,-5.7917206567774597,0.60997248365219447,2.0983068595703456,2.6082947807014376,9.998456252110266E-2,0.91833382309172473,1.7899455201308152]
[null,null,null,null,null,null,null,null,null,null,null,null,null,null,null,632,69.52,-5.8008992949023055,-5.8008992949023055,1.2221122163965741,3.47698848870112,2.3530156207321742,2.3460850843655203,2.6191942565416779,2.0799064485560166,-5.8008992949023055,0.60928349785857516,2.0898172072391192,2.6053486182143781,9.3752086883315933E-2,0.91729653210751194,1.7818041729901823]
[null,null,null,null,null,null,null,null,null,null,null,null,null,null,null,633,69.63,-5.8100779330271513,-5.8100779330271513,1.2207197264692167,3.4692023405036325,2.3503345653374041,2.339587501635445,2.6162099138838646,2.0737121530889846,-5.8100779330271513,0.60858927262926288,2.0813327943435862,2.6023800514498503,8.7542015522998007E-2,0.91625135297893245,1.7736707139939165]
[null,null,null,null,null,null,null,null,null,null,null,null,null,null,null,634,69.739999999999995,-5.8192565711519961,-5.8192565711519961,1.2193167271839169,3.4614267016640863,2.3476332755622966,2.3331101532857073,2.6132030478852379,2.0675403809627664,-5.8192565711519961,0.60788980796425773,2.0728536208837465,2.5993890804078545,8.1354348440148883E-2,0.91519828570598649,1.7655451431420177]
[null,null,null,null,null,null,null,null,null,null,null,null,null,null,null,635,69.849999999999994,-5.8284352092768419,-5.8284352092768419,1.2179032185406746,3.453661572182483,2.3449117514068507,2.326653039316307,2.6101736585457971,2.061391132177361,-5.8284352092768419,0.60718510386355962,2.0643796868595983,2.59637570508839,7.518908563476856E-2,0.91413733028867361,1.7574274604344842]
[null,null,null,null,null,null,null,null,null,null,null,null,null,null,null,636,69.959999999999994,-5.8376138474016868,-5.8376138474016868,1.2164792005394904,3.4459069520588228,2.3421699928710673,2.3202161597272459,2.6071217458655433,2.0552644067327703,-5.8376138474016868,0.60647516032716864,2.0559109922711443,2.5933399254914584,6.9046227106855262E-2,0.91306848672699437,1.7493176658713185]
[null,null,null,null,null,null,null,null,null,null,null,null,null,null,null,637,70.070000000000007,-5.8467924855265334,-5.8467924855265334,1.2150446731803635,3.4381628412931029,2.3394079999549451,2.3137995145185215,2.604047309844475,2.0491602046289916,-5.8467924855265334,0.60575997735508469,2.0474475371183818,2.5902817416170576,6.292577285640899E-2,0.9119917550209482,1.7412157594525182]
[null,null,null,null,null,null,null,null,null,null,null,null,null,null,null,638,70.180000000000007,-5.8559711236513792,-5.8559711236513792,1.2135996364632944,3.430429239885326,2.3366257726584858,2.3074031036901346,2.6009503504825937,2.0430785258660276,-5.8559711236513792,0.60503955494730777,2.0389893214013135,2.5872011534651893,5.682772288343152E-2,0.91090713517053568,1.7331217411780848]
[null,null,null,null,null,null,null,null,null,null,null,null,null,null,null,639,70.290000000000006,-5.865149761776224,-5.865149761776224,1.212144090388283,3.4227061478354939,2.3338233109816886,2.3010269272420869,2.5978308677798982,2.0370193704438782,-5.865149761776224,0.60431389310383798,2.0305363451199376,2.5840981610358522,5.0752077187923739E-2,0.90981462717575634,1.7250356110480194]
[null,null,null,null,null,null,null,null,null,null,null,null,null,null,null,640,{"$f":"(Rozpeti/1000)*P643","v":70.400000000000006},{"$f":"$R$2*Q643","v":-5.8743283999010698},-5.8743283999010698,{"$f":"($Q643*(Rozpeti-$Q643))/(2*$C$11)","v":1.2106780349553292},3.4149935651436012,{"$f":"($Q643*(Rozpeti-$Q643))/(2*$M$11)","v":2.331000614924553},2.2946709851743767,{"$f":"($Q643*(Rozpeti-$Q643))/(2*$L$11)","v":2.5946888617363895},2.0309827383625407,-5.8743283999010698,{"$f":"($Q643*(Rozpeti-$Q643))/(2*$C$32)","v":0.60358299182467534},2.0220886082742551,{"$f":"($Q643*(Rozpeti-$Q643))/(2*$M$32)","v":2.5809727643290477},4.4698835769882983E-2,{"$f":"($Q643*(Rozpeti-$Q643))/(2*$L$32)","v":0.90871423103661042},1.7169573690623201]
[null,null,null,null,null,null,null,null,null,null,null,null,null,null,null,641,70.510000000000005,-5.8835070380259147,-5.8835070380259147,1.2092014701644331,3.4072914918096515,2.3281576844870804,2.288335277487004,2.5915243323520669,2.024968629622018,-5.8835070380259147,0.60284685110981973,2.0136461108642658,2.5778249633447752,3.8667998629310141E-2,0.90760594675309803,1.708887015220987]
[null,null,null,null,null,null,null,null,null,null,null,null,null,null,null,642,70.62,-5.8926856761507604,{"$f":"$S$3*Q645","v":-5.8926856761507604},1.2077143960155947,{"$f":"$U$3-T645+$S645","v":3.3995999278336448},2.3252945196692689,{"$f":"$W$3-V645+$S645","v":2.2820198041799706},2.5883372796269306,{"$f":"$Y$3-X645+$S645","v":2.0189770442223089},{"$f":"$Z$3*Q645","v":-5.8926856761507604},0.60210547095927114,{"$f":"$AB$3-AA645+$Z645","v":2.0052088528899681},2.5746547580830339,{"$f":"$AD$3-AC645+$Z645","v":3.26595657662061E-2},0.90648977432521871,{"$f":"$AF$3-AE645+$Z645","v":1.7008245495240208}]
[null,null,null,null,null,null,null,null,null,null,null,null,null,null,null,643,70.73,-5.9018643142756062,-5.9018643142756062,1.2062168125088142,3.3919188732155803,2.3224111204711204,2.2757245652532738,2.5851277035609805,2.0130079821634137,-5.9018643142756062,0.60135885137302969,1.9967768343513637,2.5714621485438247,2.6673537180569085E-2,0.90536571375297292,1.6927699719714209]
[null,null,null,null,null,null,null,null,null,null,null,null,null,null,null,644,70.84,-5.9110429524004511,-5.9110429524004511,1.2047087196440911,3.3842483279554569,2.3195074868926335,2.2694495607069163,2.5818956041542171,2.0070614434453313,-5.9110429524004511,0.60060699235109538,1.9883500552484534,2.5682471347271476,2.0709912872400871E-2,0.90423376503636055,1.6847232825631879]
[null,null,null,null,null,null,null,null,null,null,null,null,null,null,null,645,70.95,-5.9202215905252968,-5.9202215905252968,1.2031901174214259,3.3765882920532766,2.3165836189338092,2.2631947905408945,2.5786409814066396,2.0011374280680636,-5.9202215905252968,0.5998498938934681,1.9799285155812347,2.5650097166330021,1.4768692841701458E-2,0.90309392817538148,1.676684481299322]
[null,null,null,null,null,null,null,null,null,null,null,null,null,null,null,646,71.06,-5.9294002286501417,-5.9294002286501417,1.2016610058408181,3.3689387655090393,2.3136395165946464,2.2569602547552119,2.5753638353182486,1.9952359360316096,-5.9294002286501417,0.59908755600014785,1.9715122153497102,2.5617498942613888,8.8498770884690714E-3,0.90194620317003582,1.6686535681798222]
[null,null,null,null,null,null,null,null,null,null,null,null,null,null,null,647,71.17,-5.9385788667749875,-5.9385788667749875,1.2001213849022683,3.3612997483227449,2.3106751798751461,2.2507459533498668,2.5720641658890444,1.9893569673359686,-5.9385788667749875,0.59831997867113473,1.9631011545538781,2.5584676676123075,2.9534656127054859E-3,0.90079059002032347,1.6606305432046895]
[null,null,null,null,null,null,null,null,null,null,null,null,null,null,null,648,71.28,-5.9477575048998323,-5.9477575048998323,1.1985712546057761,3.3536712404943918,2.307690608775308,2.2445518863248592,2.568741973119026,1.9835005219811412,-5.9477575048998323,0.59754716190642865,1.9546953331937393,2.5551630366857578,-2.9205415855901862E-3,0.89962708872624453,1.6526154063739229]
[null,null,null,null,null,null,null,null,null,null,null,null,null,null,null,649,71.39,-5.9569361430246781,-5.9569361430246781,1.1970106149513415,3.3460532420239799,2.3046858032951318,2.2383780536801892,2.5653972570081938,1.9776665999671286,-5.9569361430246781,0.5967691057060297,1.9462947512692921,2.5518360014817398,-8.7721445064179449E-3,0.89845569928779889,1.6446081576875233]
[null,null,null,null,null,null,null,null,null,null,null,null,null,null,null,650,71.5,-5.966114781149523,-5.966114781149523,1.1954394659389644,3.3384457529115128,2.3016607634346178,2.2322244554158583,2.5620300175565478,1.9718552012939288,-5.966114781149523,0.59598581006993767,1.937899408780539,2.5484865620002535,-1.4601343149776014E-2,0.89727642170498656,1.6366087971454908]
[null,null,null,null,null,null,null,null,null,null,null,null,null,null,null,651,71.61,-5.9752934192743687,-5.9752934192743687,1.1938578075686452,3.3308487731569869,2.2986154891937658,2.226091091531865,2.5586402547640885,1.9660663259615427,-5.9752934192743687,0.59519727499815289,1.9295093057274784,2.5451147182412992,-2.0408137515667946E-2,0.89608925597780764,1.6286173247478235]
[null,null,null,null,null,null,null,null,null,null,null,null,null,null,null,652,71.72,-5.9844720573992145,-5.9844720573992145,1.1922656398403837,3.3232623027604014,2.2955499805725759,2.2199779620282101,2.5552279686308155,1.9602999739699705,-5.9844720573992145,0.59440350049067514,1.9211244421101101,2.541720470204877,-2.6192527604091964E-2,0.89489420210626214,1.6206337404945232]
[null,null,null,null,null,null,null,null,null,null,null,null,null,null,null,653,71.83,-5.9936506955240594,-5.9936506955240594,1.1906629627541798,3.3156863417217606,2.292464237571048,2.2138850669048926,2.5517931591567287,1.954556145319212,-5.9936506955240594,0.59360448654750442,1.9127448179284361,2.5383038178909865,-3.1954513415045405E-2,0.89369126009034994,1.6126580443855909]
[null,null,null,null,null,null,null,null,null,null,null,null,null,null,null,654,71.94,-6.0028293336489051,-6.0028293336489051,1.1890497763100336,3.308120890041061,2.2893582601891826,2.2078124061619127,2.5483358263418281,1.9488348400092663,-6.0028293336489051,0.59280023316864083,1.9043704331824545,2.534864761299628,-3.7694094948533596E-2,0.89248042993007115,1.6046902364210238]
[null,null,null,null,null,null,null,null,null,null,null,null,null,null,null,655,72.05,-6.01200797177375,-6.01200797177375,1.1874260805079451,3.3005659477183045,2.2862320484269789,2.201759979799272,2.5448559701861138,1.9431360580401362,-6.01200797177375,0.59199074035408428,1.8960012878721653,2.5314033004308016,-4.341127220455121E-2,0.89126171162542567,1.5967303166008247]
[null,null,null,null,null,null,null,null,null,null,null,null,null,null,null,656,72.16,-6.0211866098985958,-6.0211866098985958,1.1857918753479142,3.2930215147534909,2.2830856022844377,2.195727787816967,2.5413535906895861,1.9374597994118181,-6.0211866098985958,0.59117600810383486,1.8876373819975694,2.5279194352845065,-4.9106045183101799E-2,0.8900351051764136,1.5887782849249907]
[null,null,null,null,null,null,null,null,null,null,null,null,null,null,null,657,72.27,-6.0303652480234406,-6.0303652480234406,1.184147160829941,3.2854875911466186,2.2799189217615585,2.1897158302150013,2.5378286878522447,1.9318060641243147,-6.0303652480234406,0.59035603641789247,1.8792787155586668,2.5244131658607434,-5.4778413884183585E-2,0.88880061058303483,1.5808341413935247]
[null,null,null,null,null,null,null,null,null,null,null,null,null,null,null,658,72.38,-6.0395438861482864,-6.0395438861482864,1.1824919369540257,3.2779641768976875,2.2767320068583414,2.1837241069933713,2.5342812616740895,1.9261748521776241,-6.0395438861482864,0.58953082529625722,1.8709252885554566,2.5208844921595124,-6.0428378307798347E-2,0.88755822784528959,1.572897886006424]
[null,null,null,null,null,null,null,null,null,null,null,null,null,null,null,659,72.489999999999995,-6.0487225242731322,-6.0487225242731322,1.1808262037201678,3.2704512720067003,2.2735248575747864,2.1777526181520814,2.5307113121551206,1.9205661635717473,-6.0487225242731322,0.588700374738929,1.8625771009879388,2.5173334141808135,-6.6055938453945195E-2,0.88630795696317755,1.5649695187636903]
[null,null,null,null,null,null,null,null,null,null,null,null,null,null,null,660,72.599999999999994,-6.057901162397977,-6.057901162397977,1.1791499611283678,3.2629488764736561,2.2702974739108934,2.1718013636911291,2.5271188392953379,1.9149799983066851,-6.057901162397977,0.58786468474590781,1.8542341528561153,2.5137599319246458,-7.1661094322623242E-2,0.88504979793669891,1.5570490396653245]
[null,null,null,null,null,null,null,null,null,null,null,null,null,null,null,661,72.709999999999994,-6.0670798005228228,-6.0670798005228228,1.1774632091786252,3.2554569902985513,2.2670498558666625,2.1658703436105142,2.5235038430947414,1.9094163563824358,-6.0670798005228228,0.58702375531719375,1.8458964441599832,2.5101640453910101,-7.7243845913832487E-2,0.88378375076585358,1.5491364487113239]
[null,null,null,null,null,null,null,null,null,null,null,null,null,null,null,662,72.820000000000007,-6.0762584386476695,-6.0762584386476695,1.1757659478709401,3.2479756134813913,2.2637820034420932,2.1599595579102369,2.5198663235533312,1.9038752377989994,-6.0762584386476695,0.58617758645278661,1.8375639748995436,2.5065457545799061,-8.2804193227575595E-2,0.88250981545064144,1.5412317459016895]
[null,null,null,null,null,null,null,null,null,null,null,null,null,null,null,663,72.930000000000007,-6.0854370767725143,-6.0854370767725143,1.1740581772053131,3.2405047460221716,2.2604939166371869,2.1540690065902979,2.5162062806711076,1.8983566425563776,-6.0854370767725143,0.58532617815268673,1.8292367450747991,2.5029050594913342,-8.8342136263849014E-2,0.88122799199106294,1.5333349312364231]
[null,null,null,null,null,null,null,null,null,null,null,null,null,null,null,664,73.040000000000006,-6.0946157148973601,-6.0946157148973601,1.1723398971817438,3.2330443879208968,2.2571855954519426,2.1481986896506964,2.5125237144480703,1.8928605706545696,-6.0946157148973601,0.58446953041689398,1.820914754685746,2.4992419601252949,-9.3857675022654519E-2,0.87993828038711785,1.5254460047155218]
[null,null,null,null,null,null,null,null,null,null,null,null,null,null,null,665,73.150000000000006,-6.103794353022205,-6.103794353022205,1.1706111078002321,3.2255945391775631,2.25385703988636,2.1423486070914359,2.5088186248842193,1.8873870220935762,-6.103794353022205,0.58360764324540826,1.8125980037323872,2.4955564564817867,-9.9350809503991222E-2,0.87864068063880607,1.5175649663389885]
[null,null,null,null,null,null,null,null,null,null,null,null,null,null,null,666,73.260000000000005,-6.1129729911470507,-6.1129729911470507,1.1688718090607781,3.2181551997921707,2.2505082499404399,2.1365187589125094,2.5050910119795549,1.881935996873394,-6.1129729911470507,0.58274051663822957,1.8042864922147199,2.4918485485608106,-0.1048215397078609,0.87733519274612759,1.5096918161068213]
[null,null,null,null,null,null,null,null,null,null,null,null,null,null,null,667,73.37,-6.1221516292718956,-6.1221516292718956,1.1671220009633816,3.210726369764723,2.2471392256141818,2.1307091451139222,2.5013408757340763,1.8765074949940281,-6.1221516292718956,0.5818681505953579,1.7959802201327468,2.4881182363623662,-0.11026986563426178,0.87602181670908241,1.5018265540190221]
[null,null,null,null,null,null,null,null,null,null,null,null,null,null,null,668,73.48,-6.1313302673967414,-6.1313302673967414,1.1653616835080429,3.2033080490952166,2.2437499669075858,2.1249197656956724,2.4975682161477843,1.8711015164554752,-6.1313302673967414,0.58099054511679338,1.7876791874864653,2.4843655198864538,-0.11569578728319563,0.87470055252767076,1.4939691800755881]
[null,null,null,null,null,null,null,null,null,null,null,null,null,null,null,669,73.59,-6.1405089055215862,-6.1405089055215862,1.1635908566947619,3.1959002377836514,2.2403404738206518,2.1191506206577619,2.4937730332206787,1.8657180612577351,-6.1405089055215862,0.58010770020253599,1.7793833942758779,2.4805903991330731,-0.1210993046546589,0.87337140020189241,1.4861196942765211]
[null,null,null,null,null,null,null,null,null,null,null,null,null,null,null,670,73.7,-6.149687543646432,-6.149687543646432,1.1618095205235386,3.1885029358300292,2.2369107463533799,2.1134017100001872,2.4899553269527592,1.8603571294008079,-6.149687543646432,0.57921961585258563,1.771092840500982,2.4767928741022245,-0.12648041774865693,0.87203435973174737,1.4782780966218203]
[null,null,null,null,null,null,null,null,null,null,null,null,null,null,null,671,73.81,-6.1588661817712778,-6.1588661817712778,1.1600176749943729,3.1811161432343491,2.2334607845057706,2.1076730337229526,2.486115097344026,1.8550187208846962,-6.1588661817712778,0.5783262920669423,1.7628075261617804,2.4729729447939075,-0.13183912656518526,0.87068943111723573,1.4704443871114865]
[null,null,null,null,null,null,null,null,null,null,null,null,null,null,null,672,73.92,-6.1680448198961226,-6.1680448198961226,1.1582153201072649,3.173739859996612,2.2299905882778224,2.1019645918260554,2.4822523443944791,1.8497028357093992,-6.1680448198961226,0.57742772884560611,1.7545274512582711,2.4691306112081222,-0.13717543110424479,0.86933661435835741,1.4626185657455197]
[null,null,null,null,null,null,null,null,null,null,null,null,null,null,null,673,74.03,-6.1772234580209684,-6.1772234580209684,1.1564024558622148,3.1663740861168161,2.2265001576695376,2.096276384309494,2.4783670681041188,1.8444094738749133,-6.1772234580209684,0.57652392618857706,1.7462526157904543,2.4652658733448698,-0.14248933136583819,0.8679759094551126,1.4548006325239191]
[null,null,null,null,null,null,null,null,null,null,null,null,null,null,null,674,74.14,-6.1864020961458133,-6.1864020961458133,1.1545790822592219,3.1590188215949651,2.2229894926809139,2.0906084111732737,2.4744592684729443,1.839138635381242,-6.1864020961458133,0.57561488409585493,1.7379830197583317,2.4613787312041482,-0.14778082734996101,0.86660731640750088,1.4469905874466855]
[null,null,null,null,null,null,null,null,null,null,null,null,null,null,null,675,74.25,-6.195580734270659,-6.195580734270659,1.1527451992982871,3.1516740664310534,2.2194585933119528,2.084960672417389,2.4705289455009569,1.8338903202283836,-6.195580734270659,0.57470060256743993,1.7297186631619015,2.4574691847859587,-0.15304991905661769,0.8652308352155228,1.4391884305138181]
[null,null,null,null,null,null,null,null,null,null,null,null,null,null,null,676,74.36,-6.2047593723955039,-6.2047593723955039,1.1509008069794098,3.1443398206250865,2.2159074595626538,2.0793331680418419,2.4665760991881553,1.8286645284163399,-6.2047593723955039,0.57378108160333208,1.7214595460011637,2.4535372340903012,-0.15829660648580557,0.8638464658791779,1.4313941617253185]
[null,null,null,null,null,null,null,null,null,null,null,null,null,null,null,677,74.47,-6.2139380105203497,-6.2139380105203497,1.1490459053025903,3.1370160841770609,2.2123360914330168,2.073725898046634,2.46260072953454,1.8234612599451108,-6.2139380105203497,0.57285632120353125,1.7132056682761192,2.4495828791171759,-0.16352088963752553,0.86245420839846643,1.4236077810811842]
[null,null,null,null,null,null,null,null,null,null,null,null,null,null,null,678,74.58,-6.2231166486451954,-6.2231166486451954,1.1471804942678283,3.1297028570869756,2.2087444889230414,2.0681388624317627,2.4586028365401109,1.8182805148146937,-6.2231166486451954,0.57192632136803745,1.7049570299867671,2.4456061198665817,-0.16872276851177759,0.86105406277338825,1.4158292885814161]
[null,null,null,null,null,null,null,null,null,null,null,null,null,null,null,679,74.69,-6.2322952867700403,-6.2322952867700403,1.1453045738751242,3.1224001393548351,2.205132652032729,2.0625720611972307,2.4545824202048685,1.8131222930250912,-6.2322952867700403,0.57099108209685079,1.6967136311331092,2.4416069563385197,-0.17390224310855995,0.85964602900394349,1.4080586842260159]
[null,null,null,null,null,null,null,null,null,null,null,null,null,null,null,680,74.8,-6.2414739248948861,-6.2414739248948861,1.1434181441244777,3.1151079309806358,2.2015005807620782,2.0570254943430362,2.4505394805288123,1.8079865945763016,-6.2414739248948861,0.57005060338997116,1.6884754717151429,2.4375853885329897,-0.17905931342787529,0.85823010709013225,1.4002959680149818]
[null,null,null,null,null,null,null,null,null,null,null,null,null,null,null,681,74.91,-6.2506525630197309,-6.2506525630197309,1.1415212050158889,3.1078262319643795,2.1978482751110899,2.0514991618691791,2.4464740175119428,1.8028734194683267,-6.2506525630197309,0.56910488524739877,1.6802425517328707,2.4335414164499918,-0.18419397946972271,0.85680629703195432,1.3925411399483147]
[null,null,null,null,null,null,null,null,null,null,null,null,null,null,null,682,75.02,-6.2598312011445767,-6.2598312011445767,1.1396137565493578,3.1005550423060662,2.1941757350797637,2.0459930637756596,2.4423860311542591,1.7977827677011646,-6.2598312011445767,0.56815392766913331,1.6720148711862901,2.4294750400895255,-0.18930624123410222,0.85537459882940958,1.3847942000260138]
[null,null,null,null,null,null,null,null,null,null,null,null,null,null,null,683,75.13,-6.2690098392694216,-6.2690098392694216,1.1376957987248841,3.0932943620056941,2.1904829606680991,2.0405072000624793,2.4382755214557617,1.7927146392748172,-6.2690098392694216,0.56719773065517487,1.6637924300754037,2.4253862594515909,-0.19439609872101205,0.85393501248249826,1.37705514824808]
[null,null,null,null,null,null,null,null,null,null,null,null,null,null,null,684,75.239999999999995,-6.2781884773942673,-6.2781884773942673,1.1357673315424683,3.086044191063265,2.1867699518760966,2.0350415707296365,2.4341424884164504,1.7876690341892827,-6.2781884773942673,0.56623629420552357,1.6555752284002088,2.421275074536188,-0.19946355193045573,0.85248753799122023,1.3693239846145122]
[null,null,null,null,null,null,null,null,null,null,null,null,null,null,null,685,75.349999999999994,-6.2873671155191122,-6.2873671155191122,1.1338283550021102,3.0788045294787771,2.1830367087037565,2.0295961757771313,2.4299869320363259,1.7826459524445628,-6.2873671155191122,0.56526961832017941,1.6473632661607081,2.4171414853433175,-0.20450860086242972,0.85103217535557574,1.3616007091253124]
[null,null,null,null,null,null,null,null,null,null,null,null,null,null,null,686,75.459999999999994,-6.296545753643958,-6.296545753643958,1.1318788691038097,3.0715753772522323,2.179283231151079,2.0241710152049635,2.4258088523153876,1.777645394040654,-6.296545753643958,0.56429770299914228,1.6391565433568998,2.4129854918729787,-0.20953124551693669,0.84956892457556454,1.3538853217804778]
[null,null,null,null,null,null,null,null,null,null,null,null,null,null,null,687,75.570000000000007,-6.3057243917688046,-6.3057243917688046,1.1299188738475667,3.0643567343836287,2.1755095192180627,2.0187660890131331,2.421608249253635,1.7726673589775599,-6.3057243917688046,0.56332054824241218,1.630955059988783,2.4088070941251711,-0.21453148589397575,0.84809778565118654,1.3461778225800085]
[null,null,null,null,null,null,null,null,null,null,null,null,null,null,null,688,75.680000000000007,-6.3149030298936504,-6.3149030298936504,1.1279483692333818,3.057148600872968,2.1717155729047088,2.0133813972016403,2.4173851228510697,1.7677118472552804,-6.3149030298936504,0.56233815404998921,1.6227588160563604,2.4046062920998961,-0.219509321993546,0.84661875858244207,1.3384782115239071]
[null,null,null,null,null,null,null,null,null,null,null,null,null,null,null,689,75.790000000000006,-6.3240816680184953,-6.3240816680184953,1.1259673552612541,3.0499509767202504,2.1679013922110171,2.0080169397704868,2.4131394731076901,1.7627788588738138,-6.3240816680184953,0.56135052042187328,1.6145678115596311,2.4003830857971526,-0.22446475381564746,0.84513184336933089,1.3307864886121736]
[null,null,null,null,null,null,null,null,null,null,null,null,null,null,null,690,75.900000000000006,-6.333260306143341,-6.333260306143341,1.1239758319311843,3.042763861925474,2.1640669771369874,2.0026727167196725,2.4088713000234967,1.7578683938331618,-6.333260306143341,0.56035764735806448,1.6063820464985943,2.3961374752169413,-0.22939778136028188,0.84363704001185313,1.3231026538448063]
[null,null,null,null,null,null,null,null,null,null,null,null,null,null,null,691,76.010000000000005,-6.3424389442681859,-6.3424389442681859,1.1219737992431724,3.0355872564886424,2.1602123276826202,1.9973487280491939,2.40458060359849,1.7529804521333245,-6.3424389442681859,0.55935953485856271,1.5982015208732516,2.3918694603592621,-0.23430840462744751,0.84213434851000879,1.3154267072218051]
[null,null,null,null,null,null,null,null,null,null,null,null,null,null,null,692,76.12,-6.3516175823930316,-6.3516175823930316,1.1199612571972182,3.0284211604097502,2.156337443847915,1.9920449737590529,2.40026738383267,1.7481150337742983,-6.3516175823930316,0.55835618292336808,1.5900262346836005,2.3875790412241145,-0.23919662361714611,0.84062376886379786,1.30775864874317]
[null,null,null,null,null,null,null,null,null,null,null,null,null,null,null,693,76.23,-6.3607962205178765,-6.3607962205178765,1.1179382057933214,3.0212655736888028,2.152442325632872,1.9867614538492511,2.3959316407260358,1.7432721387560868,-6.3607962205178765,0.55734759155248048,1.5818561879296427,2.3832662178114985,-0.24406243832937502,0.83910530107322023,1.3000984784089029]
[null,null,null,null,null,null,null,null,null,null,null,null,null,null,null,694,76.34,-6.3699748586427223,-6.3699748586427223,1.1159046450314822,3.0141204963257948,2.1485269730374905,1.9814981683197868,2.3915733742785874,1.7384517670786899,-6.3699748586427223,0.55633376074589991,1.5736913806113781,2.3789309901214146,-0.24890584876413691,0.8375789451382758,1.2924461962190019]
[null,null,null,null,null,null,null,null,null,null,null,null,null,null,null,695,76.45,-6.3791534967675672,-6.3791534967675672,1.113860574911701,3.0069859283207316,2.1445913860617716,1.9762551171706617,2.3871925844903261,1.7336539187421076,-6.3791534967675672,0.55531469050362658,1.565531812728806,2.3745733581538628,-0.25372685492142999,0.836044701058965,1.284801802173468]
[null,null,null,null,null,null,null,null,null,null,null,null,null,null,null,696,76.56,-6.3883321348924129,-6.3883321348924129,1.1118059954339774,2.9998618696736097,2.1406355647057151,1.9710323004018724,2.3827892713612511,1.7288785937463365,-6.3883321348924129,0.55429038082566029,1.5573774842819263,2.3701933219088427,-0.25852545680125605,0.83450256883528739,1.2771652962723001]
[null,null,null,null,null,null,null,null,null,null,null,null,null,null,null,697,76.67,-6.3975107730172587,-6.3975107730172587,1.1097409065983113,2.9927483203844298,2.1366595089693199,1.9658297180134214,2.3783634348913618,1.7241257920913791,-6.3975107730172587,0.55326083171200091,1.5492283952707409,2.3657908813863537,-0.26330165440361242,0.83295254846724309,1.2695366785154985]
[null,null,null,null,null,null,null,null,null,null,null,null,null,null,null,698,76.78,-6.4066894111421036,-6.4066894111421036,1.1076653084047032,2.985645280453193,2.1326632188525876,1.960647370005308,2.3739150750806597,1.7193955137772363,-6.4066894111421036,0.55222604316264878,1.5410845456952478,2.3613660365863978,-0.26805544772850176,0.83139463995483232,1.2619159489030638]
[null,null,null,null,null,null,null,null,null,null,null,null,null,null,null,699,76.89,-6.4158680492669493,-6.4158680492669493,1.1055792008531524,2.9785527498798974,2.1286466943555169,1.9554852563775338,2.3694441919291434,1.7146877588039064,-6.4158680492669493,0.55118601517760357,1.5329459355554471,2.3569187875089725,-0.27278683677592142,0.82982884329805473,1.2543031074349962]
[null,null,null,null,null,null,null,null,null,null,null,null,null,null,null,700,77,-6.4250466873917942,-6.4250466873917942,1.1034825839436595,2.9714707286645465,2.1246099354781087,1.9503433771300971,2.3649507854368133,1.710002527171393,-6.4250466873917942,0.55014074775686561,1.5248125648513406,2.3524491341540803,-0.27749582154587404,0.82825515849691067,1.2466981541112956]
[null,null,null,null,null,null,null,null,null,null,null,null,null,null,null,701,77.11,-6.4342253255166399,-6.4342253255166399,1.1013754576762242,2.9643992168071351,2.1205529422203622,1.9452217322629979,2.3604348556036698,1.7053398188796907,-6.4342253255166399,0.54909024090043457,1.5166844335829257,2.3479570765217193,-0.28218240203835965,0.82667358555139991,1.2391010889319602]
[null,null,null,null,null,null,null,null,null,null,null,null,null,null,null,702,77.22,-6.4434039636414848,-6.4434039636414848,1.0992578220508467,2.9573382143076685,2.1164757145822781,1.9401203217762362,2.3558964024297127,1.700699633928803,-6.4434039636414848,0.54803449460831077,1.5085615417502041,2.3434426146118903,-0.28684657825337467,0.82508412446152246,1.2315119118969928]
[null,null,null,null,null,null,null,null,null,null,null,null,null,null,null,703,77.33,-6.4525826017663306,-6.4525826017663306,1.097129677067527,2.9502877211661431,2.1123782525638561,1.9350391456698137,2.3513354259149417,1.6960819723187281,-6.4525826017663306,0.54697350888049401,1.5004438893531757,2.3389057484245934,-0.29148835019092445,0.82348677522727853,1.2239306230063907]
[null,null,null,null,null,null,null,null,null,null,null,null,null,null,null,704,{"$f":"(Rozpeti/1000)*P707","v":77.44},{"$f":"$R$2*Q707","v":-6.4617612398911763},-6.4617612398911763,{"$f":"($Q707*(Rozpeti-$Q707))/(2*$C$11)","v":1.0949910227262647},2.9432477373825581,{"$f":"($Q707*(Rozpeti-$Q707))/(2*$M$11)","v":2.1082605561650962},1.9299782039437279,{"$f":"($Q707*(Rozpeti-$Q707))/(2*$L$11)","v":2.346751926059357},1.6914868340494671,-6.4617612398911763,{"$f":"($Q707*(Rozpeti-$Q707))/(2*$C$32)","v":0.54590728371698427},1.4923314763918398,{"$f":"($Q707*(Rozpeti-$Q707))/(2*$M$32)","v":2.3343464779598282},-0.29610771785100454,{"$f":"($Q707*(Rozpeti-$Q707))/(2*$L$32)","v":0.82188153784866791},1.2163572222601555]
[null,null,null,null,null,null,null,null,null,null,null,null,null,null,null,705,77.55,-6.4709398780160212,-6.4709398780160212,1.0928418590270599,2.9362182629569196,2.1041226253859984,1.9249374965979813,2.3421459028629585,1.6869142191210207,-6.4709398780160212,0.54483581911778156,1.4842243028661972,2.3297648032175946,-0.30070468123361582,0.82026841232569048,1.2087917096582883]
[null,null,null,null,null,null,null,null,null,null,null,null,null,null,null,706,77.66,-6.480118516140867,{"$f":"$S$3*Q709","v":-6.480118516140867},1.0906821859699132,{"$f":"$U$3-T709+$S709","v":2.9291992978892205},2.0999644602265626,{"$f":"$W$3-V709+$S709","v":1.9199170236325704},2.3375173563257468,{"$f":"$Y$3-X709+$S709","v":1.6823641275333854},{"$f":"$Z$3*Q709","v":-6.480118516140867},0.54375911508288599,{"$f":"$AB$3-AA709+$Z709","v":1.476122368776247},2.3251607241978931,{"$f":"$AD$3-AC709+$Z709","v":-0.30527924033876008},0.81864739865834657,{"$f":"$AF$3-AE709+$Z709","v":1.2012340852007863}]
[null,null,null,null,null,null,null,null,null,null,null,null,null,null,null,707,77.77,-6.4892971542657119,-6.4892971542657119,1.0885120035548239,2.9221908421794645,2.0957860606867893,1.9149167850474988,2.3328662864477208,1.6778365592865665,-6.4892971542657119,0.54267717161229745,1.468025674121991,2.3205342409007232,-0.30983139516643554,0.81701849684663597,1.1936843488876523]
[null,null,null,null,null,null,null,null,null,null,null,null,null,null,null,708,77.88,-6.4984757923905576,-6.4984757923905576,1.0863313117817925,2.9151928958276496,2.0915874267666776,1.9099367808427647,2.3281926932288814,1.6733315143805605,-6.4984757923905576,0.54158998870601616,1.4599342189034266,2.3158853533260859,-0.31436114571664397,0.81538170689055878,1.1861425007188835]
[null,null,null,null,null,null,null,null,null,null,null,null,null,null,null,709,77.989999999999995,-6.5076544305154025,-6.5076544305154025,1.0841401106508186,2.9082054588337796,2.0873685584662285,1.9049770110183699,2.3234965766692284,1.6688489928153691,-6.5076544305154025,0.54049756636404178,1.4518480031205554,2.3112140614739798,-0.31886849198938183,0.81373702879011489,1.1786085406944826]
[null,null,null,null,null,null,null,null,null,null,null,null,null,null,null,710,78.099999999999994,-6.5168330686402482,-6.5168330686402482,1.0819384001619026,2.901228531197849,2.083129455785441,1.9000374755743108,2.3187779367687615,1.6643889945909907,-6.5168330686402482,0.53939990458637443,1.4437670267733775,2.3065203653444057,-0.32335343398465444,0.81208446254530442,1.171082468814447]
[null,null,null,null,null,null,null,null,null,null,null,null,null,null,null,711,78.209999999999994,-6.5260117067650931,-6.5260117067650931,1.079726180315044,2.8942621129198631,2.0788701187243155,1.8951181745105909,2.3140367735274809,1.6599515197074268,-6.5260117067650931,0.53829700337301423,1.435691289861893,2.3018042649373633,-0.32781597170245647,0.81042400815612725,1.1635642850787793]
[null,null,null,null,null,null,null,null,null,null,null,null,null,null,null,712,78.320000000000007,-6.5351903448899398,-6.5351903448899398,1.0775034511102428,2.8873062039998176,2.0745905472828521,1.8902191078272077,2.3092730869453861,1.655536568164675,-6.5351903448899398,0.53718886272396105,1.4276207923860991,2.2970657602528521,-0.33225610514279236,0.80875566562258328,1.1560539894874768]
[null,null,null,null,null,null,null,null,null,null,null,null,null,null,null,713,78.430000000000007,-6.5443689830147855,-6.5443689830147855,1.0752702125474998,2.8803608044377151,2.0702907414610512,1.8853402755241637,2.3044868770224785,1.651144139962736,-6.5443689830147855,0.53607548263921501,1.4195555343459993,2.2923048512908739,-0.33667383430565945,0.80707943494467282,1.1485515820405414]
[null,null,null,null,null,null,null,null,null,null,null,null,null,null,null,714,78.540000000000006,-6.5535476211396304,-6.5535476211396304,1.0730264646268144,2.8734259142335556,2.0659707012589128,1.8804816776014572,2.299678143758757,1.6467742351016117,-6.5535476211396304,0.5349568631187761,1.4114955157415938,2.2875215380514273,-0.34106915919105774,0.8053953161223959,1.1410570627379739]
[null,null,null,null,null,null,null,null,null,null,null,null,null,null,null,715,78.650000000000006,-6.5627262592644762,-6.5627262592644762,1.0707722073481867,2.8665015333873374,2.061630426676436,1.8756433140590882,2.2948468871542218,1.642426853581302,-6.5627262592644762,0.53383300416264412,1.4034407365728798,2.2827158205345128,-0.345442079798989,0.80370330915575217,1.1335704315797717]
[null,null,null,null,null,null,null,null,null,null,null,null,null,null,null,716,78.760000000000005,-6.5719048973893219,-6.5719048973893219,1.0685074407116166,2.8595876618990612,2.0572699177136213,1.8708251848970558,2.2899931072088733,1.6381019954018043,-6.5719048973893219,0.53270390577081939,1.3953911968398582,2.27788769874013,-0.34979259612945235,0.80200341404474185,1.1260916885659364]
[null,null,null,null,null,null,null,null,null,null,null,null,null,null,null,717,78.87,-6.5810835355141668,-6.5810835355141668,1.066232164717104,2.8526842997687298,2.0528891743704687,1.8660272901153645,2.2851168039227105,1.6337996605631231,-6.5810835355141668,0.53156956794330157,1.3873468965425317,2.2730371726682788,-0.35412070818244512,0.80029563078936483,1.1186208336964683]
[null,null,null,null,null,null,null,null,null,null,null,null,null,null,null,718,78.98,-6.5902621736390126,-6.5902621736390126,1.0639463793646493,2.8457914469963379,2.0484881966469786,1.8612496297140089,2.2802179772957341,1.6295198490652529,-6.5902621736390126,0.530429990680091,1.3793078356808968,2.2681642423189596,-0.35842641595797264,0.79857995938962123,1.1111578669713662]
[null,null,null,null,null,null,null,null,null,null,null,null,null,null,null,719,79.09,-6.5994408117638574,-6.5994408117638574,1.0616500846542525,2.8389091035818907,2.0440669845431501,1.8564922036929925,2.2752966273279442,1.6252625609081992,-6.5994408117638574,0.52928517398118746,1.3712740142549551,2.2632689076921721,-0.36270971945602959,0.79685639984551104,1.1037027883906312]
[null,null,null,null,null,null,null,null,null,null,null,null,null,null,null,720,79.2,-6.6086194498887032,-6.6086194498887032,1.0593432805859129,2.832037269525383,2.0396255380589841,1.8517550120523119,2.2703527540193407,1.6210277960919566,-6.6086194498887032,0.52813511784659084,1.3632454322647058,2.2583511687879168,-0.36697061867661951,0.79512495215703416,1.0962555979542623]
[null,null,null,null,null,null,null,null,null,null,null,null,null,null,null,721,79.31,-6.6177980880135481,-6.6177980880135481,1.0570259671596314,2.8251759448268201,2.0351638571944801,1.8470380547919723,2.2653863573699233,1.6168155546165286,-6.6177980880135481,0.52697982227630147,1.3552220897101508,2.253411025606193,-0.37120911361974063,0.79338561632419058,1.0888162956622613]
[null,null,null,null,null,null,null,null,null,null,null,null,null,null,null,722,79.42,-6.6269767261383938,-6.6269767261383938,1.0546981443754073,2.8183251294861984,2.0306819419496382,1.8423413319119684,2.2603974373796922,1.6126258364819135,-6.6269767261383938,0.52581928727031912,1.3472039865912873,2.2484484781470018,-0.37542520428539561,0.79163839234698052,1.0813848815146256]
[null,null,null,null,null,null,null,null,null,null,null,null,null,null,null,723,79.53,-6.6361553642632396,-6.6361553642632396,1.0523598122332409,2.8114848235035188,2.0261797923244584,1.8376648434123011,2.2553859940486478,1.6084586416881121,-6.6361553642632396,0.52465351282864392,1.3391911229081161,2.2434635264103417,-0.3796188906735809,0.78988328022540366,1.073961355511357]
[null,null,null,null,null,null,null,null,null,null,null,null,null,null,null,724,79.64,-6.6453340023880845,-6.6453340023880845,1.0500109707331324,2.8046550268787822,2.0216574083189407,1.8330085892929748,2.2503520273767892,1.6043139702351272,-6.6453340023880845,0.52348249895127574,1.3311834986606401,2.2384561703962138,-0.38379017278429828,0.78812027995946032,1.0665457176524553]
[null,null,null,null,null,null,null,null,null,null,null,null,null,null,null,725,79.75,-6.6545126405129302,-6.6545126405129302,1.0476516198750816,2.7978357396119886,2.0171147899330855,1.8283725695539843,2.2452955373641177,1.6001918221229516,-6.6545126405129302,0.52230624563821471,1.3231811138488547,2.233426410104618,-0.38793905061754863,0.78634939154915029,1.0591379679379198]
[null,null,null,null,null,null,null,null,null,null,null,null,null,null,null,726,79.86,-6.6636912786377751,-6.6636912786377751,1.0452817596590882,2.7910269617031362,2.0125519371668918,1.823756784195333,2.2402165240106315,1.5960921973515942,-6.6636912786377751,0.52112475288946059,1.3151839684727644,2.2283742455355533,-0.39206552417332841,0.78457061499447356,1.0517381063677513]
[null,null,null,null,null,null,null,null,null,null,null,null,null,null,null,727,79.97,-6.6728699167626209,-6.6728699167626209,1.0429013900851527,2.7842286931522269,2.0079688500203603,1.8191612332170193,2.2351149873163325,1.5920150959210462,-6.6728699167626209,0.51993802070501371,1.3071920625323656,2.2232996766890212,-0.39616959345164204,0.78278395029543024,1.044346132941949]
[null,null,null,null,null,null,null,null,null,null,null,null,null,null,null,728,80.08,-6.6820485548874657,-6.6820485548874657,1.0405105111532749,2.7774409339592587,2.0033655284934913,1.814585916619043,2.2299909272812193,1.5879605178313145,-6.6820485548874657,0.51874604908487387,1.2992053960276602,2.2182027035650211,-0.40025125845248688,0.78098939745202034,1.0369620476605137]
[null,null,null,null,null,null,null,null,null,null,null,null,null,null,null,729,80.19,-6.6912271930123115,-6.6912271930123115,1.0381091228634545,2.7706636841242336,1.9987419725862843,1.8100308344014042,2.2248443439052927,1.5839284630823958,-6.6912271930123115,0.51754883802904106,1.2912239689586471,2.2130833261635523,-0.4043105191758638,0.77918695646424374,1.0295858505234445]
[null,null,null,null,null,null,null,null,null,null,null,null,null,null,null,730,80.3,-6.7004058311371564,-6.7004058311371564,1.035697225215692,2.7638969436471514,1.9940981822987394,1.8054959865641047,2.2196752371885524,1.5799189316742916,-6.7004058311371564,0.51634638753751538,1.2832477813253282,2.2079415444846155,-0.40834737562177192,0.77737662733210056,1.0222175415307433]
[null,null,null,null,null,null,null,null,null,null,null,null,null,null,null,731,80.41,-6.7095844692620021,-6.7095844692620021,1.0332748182099871,2.7571407125280105,1.9894341576308563,1.8009813731071409,2.2144836071309979,1.5759319236070004,-6.7095844692620021,0.51513869761029663,1.2752768331277009,2.2027773585282104,-0.41236182779021302,0.77555841005559056,1.0148571206824073]
[null,null,null,null,null,null,null,null,null,null,null,null,null,null,null,732,80.52,-6.7187631073868479,-6.7187631073868479,1.0308419018463397,2.7503949907668117,1.9847498985826355,1.7964869940305173,2.2092694537326301,1.5719674388805212,-6.7187631073868479,0.51392576824738512,1.2673111243657669,2.1975907682943374,-0.41635387568118531,0.7737323046347141,1.0075045879784383]
[null,null,null,null,null,null,null,null,null,null,null,null,null,null,null,733,80.63,-6.7279417455116928,-6.7279417455116928,1.0283984761247504,2.7436597783635577,1.980045405154077,1.7920128493342311,2.2040327769934489,1.5680254774948583,-6.7279417455116928,0.51270759944878064,1.2593506550395261,2.1923817737829965,-0.42032351929468881,0.77189831106947093,1.0001599434188364]
[null,null,null,null,null,null,null,null,null,null,null,null,null,null,null,734,80.739999999999995,-6.7371203836365385,-6.7371203836365385,1.0259445410452184,2.7369350753182431,1.9753206773451804,1.7875589390182807,2.1987735769134535,1.5641060394500084,-6.7371203836365385,0.51148419121448319,1.2513954251489778,2.1871503749941872,-0.42427075863072616,0.77005642935986107,0.99282318700360062]
[null,null,null,null,null,null,null,null,null,null,null,null,null,null,null,735,80.849999999999994,-6.7462990217613834,-6.7462990217613834,1.0234800966077442,2.7302208816308715,1.9705757151559458,1.7831252630826713,2.1934918534926444,1.5602091247459713,-6.7462990217613834,0.51025554354449287,1.2434454346941237,2.1818965719279095,-0.42819559368929294,0.76820665950588474,0.98549431873273186]
[null,null,null,null,null,null,null,null,null,null,null,null,null,null,null,736,80.959999999999994,-6.7554776598862292,-6.7554776598862292,1.0210051428123279,2.7235171973014429,1.9658105185863737,1.7787118215273976,2.188187606731022,1.5563347333827489,-6.7554776598862292,0.5090216564388097,1.2355006836749611,2.176620364584164,-0.43209802447039269,0.76634900150754171,0.97817333860622924]
[null,null,null,null,null,null,null,null,null,null,null,null,null,null,null,737,81.070000000000007,-6.7646562980110758,-6.7646562980110758,1.0185196796589688,2.7168240223299556,1.961025087636463,1.7743186143524614,2.1828608366285853,1.5524828653603393,-6.7646562980110758,0.50778252989743333,1.227561172091491,2.17132175296295,-0.43597805097402542,0.76448345536483175,0.97086024662409276]
[null,null,null,null,null,null,null,null,null,null,null,null,null,null,null,738,81.180000000000007,-6.7738349361359207,-6.7738349361359207,1.0160237071476677,2.7101413567164121,1.956219422306215,1.7699456415578636,2.1775115431853354,1.5486535206787435,-6.7738349361359207,0.50653816392036422,1.219626899943715,2.1660007370642682,-0.43983567320018846,0.76261002107775544,0.9635550427863242]
[null,null,null,null,null,null,null,null,null,null,null,null,null,null,null,739,81.290000000000006,-6.7830135742607665,-6.7830135742607665,1.0135172252784241,2.7034692004608099,1.9513935225956287,1.7655929031436051,2.1721397264012716,1.5448466993379624,-6.7830135742607665,0.50528855850760224,1.2116978672316314,2.160657316888118,-0.44367089114888447,0.76072869864631243,0.9562577270929209]
[null,null,null,null,null,null,null,null,null,null,null,null,null,null,null,740,81.400000000000006,-6.7921922123856113,-6.7921922123856113,1.0110002340512383,2.6968075535631506,1.9465473885047049,1.761260399109684,2.1667453862763941,1.5410624013379941,-6.7921922123856113,0.50403371365914718,1.2037740739552412,2.1552914924344999,-0.44748370482011168,0.75883948807050272,0.94896829954388551]
[null,null,null,null,null,null,null,null,null,null,null,null,null,null,null,741,81.510000000000005,-6.8013708505104571,-6.8013708505104571,1.0084727334661103,2.6901564160234326,1.9416810200334431,1.7569481294561005,2.1613285228107033,1.5373006266788405,-6.8013708505104571,0.50277362937499936,1.1958555201145433,2.1499032637034134,-0.45127411421387009,0.75694238935032654,0.94168676013921626]
[null,null,null,null,null,null,null,null,null,null,null,null,null,null,null,742,81.62,-6.8105494886353029,-6.8105494886353029,1.00593472352304,2.6835157878416567,1.9367944171818436,1.7526560941828535,2.1558891360041992,1.5335613753604989,-6.8105494886353029,0.50150830565515869,1.1879422057095388,2.1444926306948595,-0.45504211933016236,0.75503740248578366,0.93441310887891316]
[null,null,null,null,null,null,null,null,null,null,null,null,null,null,null,743,81.73,-6.8197281267601477,-6.8197281267601477,1.0033862042220272,2.6768856690178255,1.931887579949906,1.7483842932899458,2.1504272258568804,1.5298446473829719,-6.8197281267601477,0.50023774249962494,1.1800341307402276,2.1390595934088368,-0.45878772016898406,0.75312452747687419,0.92714734576297797]
[null,null,null,null,null,null,null,null,null,null,null,null,null,null,null,744,81.84,-6.8289067648849935,-6.8289067648849935,1.0008271755630722,2.6702660595519339,1.9269605083376309,1.7441327267773756,2.1449427923687487,1.5261504427462578,-6.8289067648849935,0.49896193990839832,1.1721312952066087,2.1336041518453461,-0.46251091673033962,0.75120376432359803,0.91988947079140804]
[null,null,null,null,null,null,null,null,null,null,null,null,null,null,null,745,81.95,-6.8380854030098384,-6.8380854030098384,0.99825763754617469,2.6636569594439869,1.9220132023450174,1.7399013946451447,2.1394358355398029,1.5224787614503583,-6.8380854030098384,0.49768089788147873,1.1642336991086832,2.1281263060043876,-0.46621170901422637,0.74927511302595518,0.91263948396420602]
[null,null,null,null,null,null,null,null,null,null,null,null,null,null,null,746,82.06,-6.8472640411346841,-6.8472640411346841,0.99567759017133506,2.6570583686939813,1.9170456619720662,1.7356902968932495,2.1339063553700433,1.5188296034952717,-6.8472640411346841,0.49639461641886623,1.1563413424464493,2.1226260558859602,-0.46989009702064433,0.74733857358394573,0.90539738528137015]
[null,null,null,null,null,null,null,null,null,null,null,null,null,null,null,747,82.17,-6.856442679259529,-6.856442679259529,0.99308703343855309,2.6504702873019186,1.9120578872187772,1.7314994335216936,2.1283543518594703,1.5152029688809998,-6.856442679259529,0.49510309552056087,1.1484542252199104,2.1171034014900654,-0.47354608074959437,0.7453941459975697,0.8981631747429013]
[null,null,null,null,null,null,null,null,null,null,null,null,null,null,null,748,82.28,-6.8656213173843748,-6.8656213173843748,0.99048596734782868,2.6438927152677971,1.9070498780851501,1.7273288045304751,2.1227798250080836,1.5115988576075408,-6.8656213173843748,0.49380633518656253,1.140572347429063,2.1115583428167022,-0.47717966020107649,0.74344183026682698,0.8909368523487986]
[null,null,null,null,null,null,null,null,null,null,null,null,null,null,null,749,82.39,-6.8747999555092205,-6.8747999555092205,0.98787439189916204,2.6373256525916178,1.9020216345711853,1.723178409919595,2.1171827748158831,1.5080172696748955,-6.8747999555092205,0.49250433541687128,1.132695709073908,2.1059908798658711,-0.4807908353750916,0.74148162639171755,0.88371841809906204]
[null,null,null,null,null,null,null,null,null,null,null,null,null,null,null,750,82.5,-6.8839785936340654,-6.8839785936340654,0.98525230709255318,2.6307690992733814,1.8969731566768826,1.7190482496890525,2.1115632012828689,1.5044582050830648,-6.8839785936340654,0.49119709621148711,1.1248243101544482,2.1004010126375716,-0.48437960627163701,0.73951353437224165,0.8765078719936934]
[null,null,null,null,null,null,null,null,null,null,null,null,null,null,null,751,82.61,-6.8931572317589112,-6.8931572317589112,0.98261971292800177,2.6242230553130863,1.8919044444022419,1.7149383238388474,2.1059211044090413,1.5009216638320471,-6.8931572317589112,0.48988461757041002,1.1169581506706781,2.0947887411318038,-0.4879459728907154,0.73753755420839895,0.86930521403269001]
[null,null,null,null,null,null,null,null,null,null,null,null,null,null,null,752,82.72,-6.902335869883756,-6.902335869883756,0.97997660940550824,2.617687520710736,1.8868154977472635,1.7108486323689798,2.1002564841943996,1.4974076459218439,-6.902335869883756,0.48856689949364002,1.1090972306226048,2.0891540653485681,-0.49148993523232409,0.73555368590018977,0.86211044421605454]
[null,null,null,null,null,null,null,null,null,null,null,null,null,null,null,753,82.83,-6.9115145080086018,-6.9115145080086018,0.97732299652507237,2.6111624954663251,1.8817063167119472,1.7067791752794514,2.094569340638945,1.4939161513524537,-6.9115145080086018,0.4872439419811771,1.1012415500102213,2.0834969852878644,-0.49501149329646577,0.73356192944761389,0.85492356254378432]
[null,null,null,null,null,null,null,null,null,null,null,null,null,null,null,754,82.94,-6.9206931461334467,-6.9206931461334467,0.97465887428669407,2.6046479795798589,1.876576901296293,1.7027299525702606,2.0888596737426757,1.4904471801238781,-6.9206931461334467,0.48591574503302126,1.0933911088335329,2.0778175009496924,-0.49851064708313864,0.73156228485067132,0.84774456901588202]
[null,null,null,null,null,null,null,null,null,null,null,null,null,null,null,755,83.05,-6.9298717842582924,-6.9298717842582924,0.97198424269037353,2.598143973051334,1.8714272515003008,1.6987009642414073,2.0831274835055935,1.4870007322361136,-6.9298717842582924,0.48458230864917251,1.0855459070925342,2.0721156123340525,-0.50198739659234448,0.72955475210936227,0.84057346363234497]
[null,null,null,null,null,null,null,null,null,null,null,null,null,null,null,756,83.16,-6.9390504223831373,-6.9390504223831373,0.96929910173611056,2.5916504758807521,1.8662573673239706,1.6946922102928914,2.0773727699276967,1.4835768076891656,-6.9390504223831373,0.48324363282963073,1.0777059447872324,2.0663913194409442,-0.50544174182408153,0.7275393312236863,0.83341024639317673]
[null,null,null,null,null,null,null,null,null,null,null,null,null,null,null,757,83.27,-6.9482290605079831,-6.9482290605079831,0.96660345142390547,2.5851674880681115,1.861067248767303,1.6907036907247148,2.0715955330089875,1.4801754064830286,-6.9482290605079831,0.4818997175743962,1.0698712219176203,2.060644622270368,-0.50887368277835154,0.72551602219364397,0.82625491729837286]
[null,null,null,null,null,null,null,null,null,null,null,null,null,null,null,758,83.38,-6.9574076986328288,-6.9574076986328288,0.96389729175375782,2.5786950096134129,1.855856895830297,1.6867354055368748,2.0657957727494636,1.4767965286177072,-6.9574076986328288,0.48055056288346859,1.0620417384837024,2.0548755208223231,-0.51228321945515187,0.72348482501923483,0.81910747634793601]
[null,null,null,null,null,null,null,null,null,null,null,null,null,null,null,759,83.49,-6.9665863367576737,-6.9665863367576737,0.96118062272566807,2.5722330405166591,1.8506263085129535,1.6827873547293724,2.0599734891491264,1.4734401740932004,-6.9665863367576737,0.47919616875684817,1.0542174944854779,2.049084015096811,-0.51567035185448518,0.72144573970045922,0.81196792354186709]
[null,null,null,null,null,null,null,null,null,null,null,null,null,null,null,760,83.6,-6.9757649748825195,-6.9757649748825195,0.95845344433963586,2.5657815807778448,1.8453754868152719,1.6788595383022091,2.0541286822079754,1.4701063429095047,-6.9757649748825195,0.47783653519453478,1.0463984899229466,2.0432701050938302,-0.51903507997634968,0.7193987662373168,0.80483625888016341]
[null,null,null,null,null,null,null,null,null,null,null,null,null,null,null,761,83.71,-6.9849436130073643,-6.9849436130073643,0.95571575659566144,2.5593406303969735,1.8401044307372525,1.6749519562553834,2.0482613519260111,1.4667950350666237,-6.9849436130073643,0.47647166219652848,1.0385847247961069,2.0374337908133815,-0.52237740382074538,0.7173439046298079,0.79771248236282766]
[null,null,null,null,null,null,null,null,null,null,null,null,null,null,null,762,83.820000000000007,-6.994122251132211,-6.994122251132211,0.95296755949374412,2.5529101893740442,1.8348131402788943,1.6710646085888943,2.0423714983032317,1.4635062505645564,-6.994122251132211,0.47510154976282903,1.0307761991049595,2.0315750722554631,-0.52569732338767405,0.71528115487793187,0.79059659398985715]
[null,null,null,null,null,null,null,null,null,null,null,null,null,null,null,763,83.93,-7.0033008892570567,-7.0033008892570567,0.95020885303388503,2.546490257709058,1.8295016154401991,1.6671974953027444,2.0364591213396395,1.4602399894033038,-7.0033008892570567,0.4737261978934369,1.0229729128495055,2.0256939494200781,-0.52899483867713482,0.71321051698168969,0.78348859376125368]
[null,null,null,null,null,null,null,null,null,null,null,null,null,null,null,764,84.04,-7.0124795273819016,-7.0124795273819016,0.9474396372160836,2.5400808354020148,1.8241698562211659,1.663350616396932,2.0305242210352339,1.4569962515828641,-7.0124795273819016,0.47234560658835184,1.0151748660297466,2.0197904223072252,-0.53226994968912678,0.71113199094108082,0.77638848167701724]
[null,null,null,null,null,null,null,null,null,null,null,null,null,null,null,765,84.15,-7.0216581655067474,-7.0216581655067474,0.94465991204033983,2.5336819224529128,1.8188178626217948,1.6595239718714572,2.0245667973900145,1.4537750371032372,-7.0216581655067474,0.47095977584757381,1.0073820586456792,2.0138644909169034,-0.53552265642365082,0.70904557675610524,0.76929625773714694]
[null,null,null,null,null,null,null,null,null,null,null,null,null,null,null,766,84.26,-7.0308368036315922,-7.0308368036315922,0.94186967750665374,2.5272935188617538,1.813445634642086,1.6557175617263216,2.0185868504039814,1.4505763459644267,-7.0308368036315922,0.46956870567110287,0.9995944906973051,2.0079161552491138,-0.53875295888070607,0.70695127442676309,0.76221192194164455]
[null,null,null,null,null,null,null,null,null,null,null,null,null,null,null,767,84.37,-7.040015441756438,-7.040015441756438,0.93906893361502519,2.520915624628536,1.808053172282039,1.6519313859615234,2.0125843800771346,1.4474001781664274,-7.040015441756438,0.46817239605893896,0.99181216218462254,2.0019454153038558,-0.54196085706029429,0.70484908395305412,0.75513547429050831]
[null,null,null,null,null,null,null,null,null,null,null,null,null,null,null,768,{"$f":"(Rozpeti/1000)*P771","v":84.48},{"$f":"$R$2*Q771","v":-7.0491940798812838},-7.0491940798812838,{"$f":"($Q771*(Rozpeti-$Q771))/(2*$C$11)","v":0.93625768036545465},2.5145482397532621,{"$f":"($Q771*(Rozpeti-$Q771))/(2*$M$11)","v":1.8026404755416545},1.6481654445770619,{"$f":"($Q771*(Rozpeti-$Q771))/(2*$L$11)","v":2.0065593864094744},1.4442465337092418,-7.0491940798812838,{"$f":"($Q771*(Rozpeti-$Q771))/(2*$C$32)","v":0.46677084701108229},0.98403507310763416,{"$f":"($Q771*(Rozpeti-$Q771))/(2*$M$32)","v":1.9959522710811304},-0.54514635096241371,{"$f":"($Q771*(Rozpeti-$Q771))/(2*$L$32)","v":0.70273900533497879},0.74806691478373732]
[null,null,null,null,null,null,null,null,null,null,null,null,null,null,null,769,84.59,-7.0583727180061286,-7.0583727180061286,0.93343591775794144,2.5081913642359295,1.7972075444209317,1.6444197375729397,2.000511869401,1.4411154125928709,-7.0583727180061286,0.46536405852753249,0.97626322346633909,1.9899367225809361,-0.54830944058706432,0.70062103857253655,0.74100624342133514]
[null,null,null,null,null,null,null,null,null,null,null,null,null,null,null,770,84.7,-7.0675513561309744,{"$f":"$S$3*Q773","v":-7.0675513561309744},0.93060364579248611,{"$f":"$U$3-T773+$S773","v":2.5018449980765398},1.7917543789198715,{"$f":"$W$3-V773+$S773","v":1.6406942649491532},1.9944418290517125,{"$f":"$Y$3-X773+$S773","v":1.4380068148173129},{"$f":"$Z$3*Q773","v":-7.0675513561309744},0.46395203060828993,{"$f":"$AB$3-AA773+$Z773","v":0.96849661326073555},1.9838987698032742,{"$f":"$AD$3-AC773+$Z773","v":-0.5514501259342488},0.69849518366572794,{"$f":"$AF$3-AE773+$Z773","v":0.73395346020329733}]
[null,null,null,null,null,null,null,null,null,null,null,null,null,null,null,771,84.81,-7.0767299942558193,-7.0767299942558193,0.92776086446908834,2.4955091412750932,1.786280979038473,1.6369890267057077,1.9883492653616111,1.4349207403825694,-7.0767299942558193,0.46253476325335441,0.96073524249082709,1.9778384127481439,-0.5545684070039627,0.69636144061455252,0.72690856512962831]
[null,null,null,null,null,null,null,null,null,null,null,null,null,null,null,772,84.92,-7.085908632380665,-7.085908632380665,0.92490757378774846,2.4891837938315859,1.7807873447767368,1.6333040228425979,1.9822341783306958,1.4318571892886389,-7.085908632380665,0.46111225646272597,0.95297911115660838,1.9717556514155457,-0.55766428379621047,0.69421980941901063,0.71987155820032456]
[null,null,null,null,null,null,null,null,null,null,null,null,null,null,null,773,85.03,-7.0950872705055099,-7.0950872705055099,0.92204377374846602,2.4828689557460235,1.7752734761346627,1.6296392533598274,1.9760965679589668,1.428816161535523,-7.0950872705055099,0.45968451023640455,0.94522821925808476,1.9656504858054789,-0.56073775631098854,0.69207029007910192,0.71284243941538783]
[null,null,null,null,null,null,null,null,null,null,null,null,null,null,null,774,85.14,-7.1042659086303557,-7.1042659086303557,0.91916946435124136,2.4765646270184023,1.7697393731122506,1.6259947182573944,1.9699364342464243,1.42579765712322,-7.1042659086303557,0.45825152457439022,0.93748256679525444,1.9595229159179444,-0.56378882454829959,0.68991288259482664,0.70582120877481724]
[null,null,null,null,null,null,null,null,null,null,null,null,null,null,null,775,85.25,-7.1134445467552005,-7.1134445467552005,0.91628464559607437,2.4702708076487259,1.7641850357095008,1.6223704175352989,1.9637537771930682,1.4228016760517317,-7.1134445467552005,0.45681329947668303,0.92974215376811564,1.9533729417529415,-0.56681748850814184,0.68774758696618477,0.69880786627861458]
[null,null,null,null,null,null,null,null,null,null,null,null,null,null,null,776,85.36,-7.1226231848800463,-7.1226231848800463,0.91338931748296504,2.4639874976369889,1.7586104639264131,1.6187663511935408,1.9575485967988981,1.4198282183210562,-7.1226231848800463,0.45536983494328287,0.92200698017667015,1.9472005633104705,-0.56982374819051707,0.6855744031931762,0.69180241192677716]
[null,null,null,null,null,null,null,null,null,null,null,null,null,null,null,777,85.47,-7.1318018230048921,-7.1318018230048921,0.91048348001191337,2.457714696983194,1.7530156577629874,1.6151825192321212,1.9513208930639148,1.4168772839311927,-7.1318018230048921,0.45392113097418979,0.91427704602091886,1.9410057805905314,-0.57280760359542349,0.68339333127580093,0.68480484571930678]
[null,null,null,null,null,null,null,null,null,null,null,null,null,null,null,778,85.58,-7.1409804611297369,-7.1409804611297369,0.90756713318291959,2.4514524056873439,1.747400617219224,1.611618921651039,1.9450706659881176,1.4139488728821457,-7.1409804611297369,0.45246718756940385,0.90655235130085909,1.9347885935931246,-0.57576905472286111,0.68120437121405919,0.67781516765620342]
[null,null,null,null,null,null,null,null,null,null,null,null,null,null,null,779,85.69,-7.1501590992545827,-7.1501590992545827,0.90464027699598326,2.4452006237494333,1.7417653422951225,1.6080755584502944,1.9387979155715065,1.4110429851739115,-7.1501590992545827,0.45100800472892488,0.89883289601649263,1.928549002318249,-0.5787081015728317,0.67900752300795075,0.67083337773746621]
[null,null,null,null,null,null,null,null,null,null,null,null,null,null,null,780,85.8,-7.1593377373794276,-7.1593377373794276,0.9017029114511047,2.4389593511694674,1.7361098329906832,1.604552429629889,1.9325026418140818,1.4081596208064902,-7.1593377373794276,0.44954358245275305,0.89111868016781948,1.9222870067659057,-0.58162474414533349,0.67680278665747562,0.66385947596309691]
[null,null,null,null,null,null,null,null,null,null,null,null,null,null,null,781,85.91,-7.1685163755042733,-7.1685163755042733,0.89875503654828381,2.4327285879474427,1.730434089305906,1.6010495351898211,1.9261848447158438,1.4052987797798835,-7.1685163755042733,0.44807392074088831,0.88340970375483785,1.9160026069360943,-0.58451898244036737,0.6745901621626339,0.65689346233309287]
[null,null,null,null,null,null,null,null,null,null,null,null,null,null,null,782,86.02,-7.1776950136291182,-7.1776950136291182,0.89579665228752059,2.4265083340833611,1.7247381112407909,1.5975668751300907,1.9198445242767916,1.4024604620940897,-7.1776950136291182,0.44659901959333065,0.8757059667775513,1.9096958028288145,-0.58739081645793245,0.67236964952342559,0.64993533684745586]
[null,null,null,null,null,null,null,null,null,null,null,null,null,null,null,783,86.13,-7.186873651753964,-7.186873651753964,0.89282775866881514,2.4202985895772207,1.7190218987953381,1.5941044494506977,1.9134816804969261,1.3996446677491106,-7.186873651753964,0.44511887901008002,0.86800746923595629,1.9033665944440668,-0.5902402461980305,0.67014124873985059,0.64298509950618499]
[null,null,null,null,null,null,null,null,null,null,null,null,null,null,null,784,86.24,-7.1960522898788097,-7.1960522898788097,0.88984835569216714,2.4140993544290223,1.7132854519695471,1.5906622581516432,1.9070963133762466,1.3968513967449434,-7.1960522898788097,0.44363349899113647,0.86031421113005369,1.8970149817818505,-0.59306727166066064,0.66790495981190889,0.63604275030928115]
[null,null,null,null,null,null,null,null,null,null,null,null,null,null,null,785,86.35,-7.2052309280036546,-7.2052309280036546,0.88685844335757702,2.4079106286387688,1.7075287707634184,1.5872403012329279,1.9006884229147536,1.3940806490815909,-7.2052309280036546,0.44214287953650006,0.85262619245984617,1.8906409648421665,-0.59587189284582109,0.66566078273960061,0.62910828925674522]
[null,null,null,null,null,null,null,null,null,null,null,null,null,null,null,786,86.46,-7.2144095661285004,-7.2144095661285004,0.88385802166504446,2.4017324122064547,1.7017518551769517,1.5838385786945484,1.8942580091124468,1.3913324247590531,-7.2144095661285004,0.44064702064617067,0.8449434132253284,1.8842445436250141,-0.59865410975351452,0.66340871752292563,0.62218171634857367]
[null,null,null,null,null,null,null,null,null,null,null,null,null,null,null,787,86.570000000000007,-7.223588204253347,-7.223588204253347,0.88084709061456923,2.3955647051320836,1.6959547052101465,1.5804570905365063,1.8878050719693256,1.3886067237773281,-7.223588204253347,0.43914592232014815,0.83726587342650571,1.877825718130393,-0.60141392238374003,0.66114876416188384,0.61526303158476914]
[null,null,null,null,null,null,null,null,null,null,null,null,null,null,null,788,86.68,-7.2327668423781919,-7.2327668423781919,0.87782565020615211,2.3894075074156564,1.6901373208630039,1.5770958367588044,1.8813296114853915,1.3859035461364169,-7.2327668423781919,0.43763958455843294,0.82959357306337544,1.8713844883583044,-0.60415133073649585,0.65888092265647558,0.60835223496533253]
[null,null,null,null,null,null,null,null,null,null,null,null,null,null,null,789,86.79,-7.2419454805030377,-7.2419454805030377,0.87479370043979265,2.3832608190571705,1.6842997021355237,1.5737548173614382,1.8748316276606436,1.3832228918363185,-7.2419454805030377,0.43612800736102481,0.8219265121359367,1.8649208543087477,-0.60686633481178553,0.65660519300670073,0.60144932649026117]
[null,null,null,null,null,null,null,null,null,null,null,null,null,null,null,790,86.9,-7.2511241186278825,-7.2511241186278825,0.87175124131549087,2.3771246400566275,1.6784418490277055,1.5704340323444113,1.8683111204950822,1.3805647608770348,-7.2511241186278825,0.43461119072792376,0.81426469064419305,1.858434815981723,-0.60955893460960553,0.65432157521255929,0.59455430615955773]
[null,null,null,null,null,null,null,null,null,null,null,null,null,null,null,791,87.01,-7.2603027567527283,-7.2603027567527283,0.86869827283324674,2.3709989704140257,1.6725637615395494,1.5671334817077218,1.861768089988707,1.377929153258564,-7.2603027567527283,0.43308913465912974,0.80660810858814269,1.8519263733772302,-0.6122291301299585,0.65203006927405116,0.58766717397322044]
[null,null,null,null,null,null,null,null,null,null,null,null,null,null,null,792,87.12,-7.2694813948775732,-7.2694813948775732,0.86563479499306029,2.364883810129367,1.6666654396710554,1.5638531654513717,1.8552025361415183,1.3753160689809079,-7.2694813948775732,0.43156183915464286,0.79895676596778387,1.8453955264952691,-0.61487692137284178,0.64973067519117644,0.58078792993125017]
[null,null,null,null,null,null,null,null,null,null,null,null,null,null,null,793,87.23,-7.2786600330024189,-7.2786600330024189,0.86256080779493161,2.3587791592026495,1.6607468834222237,1.5605930835753572,1.8486144589535158,1.3727255080440646,-7.2786600330024189,0.430029304214463,0.79131066278311835,1.83884227533584,-0.61750230833825892,0.64742339296393514,0.57391657403364604]
[null,null,null,null,null,null,null,null,null,null,null,null,null,null,null,794,87.34,-7.2878386711272638,-7.2878386711272638,0.85947631123886048,2.3526850176338749,1.6548080927930537,1.557353236079682,1.8420038584246994,1.3701574704480359,-7.2878386711272638,0.42849152983859023,0.78366979903414613,1.8322666198989426,-0.62010529102620637,0.64510822259232703,0.56705310628040895]
[null,null,null,null,null,null,null,null,null,null,null,null,null,null,null,795,87.45,-7.2970173092521096,-7.2970173092521096,0.85638130532484702,2.3466013854230434,1.6488490677835461,1.5541336229643443,1.8353707345550696,1.3676119561928202,-7.2970173092521096,0.42694851602702455,0.77603417472086544,1.825668560184577,-0.6226858694366868,0.64278516407635233,0.56019752667153799]
[null,null,null,null,null,null,null,null,null,null,null,null,null,null,null,796,87.56,-7.3061959473769553,-7.3061959473769553,0.85327579005289145,2.340528262570154,1.6428698083937008,1.5509342442293432,1.8287150873446261,1.3650889652784182,-7.3061959473769553,0.425400262779766,0.76840378984327895,1.8190480961927435,-0.62524404356969843,0.64045421741601116,0.55334983520703318]
[null,null,null,null,null,null,null,null,null,null,null,null,null,null,null,797,87.67,-7.3153745855018002,-7.3153745855018002,0.85015976542299332,2.3344656490752058,1.6368703146235173,1.5477550998746832,1.8220369167933688,1.3625884977048308,-7.3153745855018002,0.42384677009681443,0.76077864440138576,1.8124052279234417,-0.62777981342524214,0.63811538261130318,0.54651003188689629]
[null,null,null,null,null,null,null,null,null,null,null,null,null,null,null,798,87.78,-7.324553223626646,-7.324553223626646,0.84703323143515297,2.3284135449382006,1.6308505864729961,1.5445961899003589,1.8153362229012979,1.3601105534720563,-7.324553223626646,0.42228803797816999,0.7531587383951841,1.8057399553766718,-0.63029317900331794,0.63576865966222862,0.53967811671112553]
[null,null,null,null,null,null,null,null,null,null,null,null,null,null,null,799,87.89,-7.3337318617514908,-7.3337318617514908,0.84389618808937039,2.3223719501591384,1.6248106239421369,1.541457514306372,1.8086130056684133,1.3576551325800965,-7.3337318617514908,0.42072406642383264,0.74554407182467575,1.7990522785524341,-0.63278414030392494,0.63341404856878747,0.53285408967972181]
[null,null,null,null,null,null,null,null,null,null,null,null,null,null,null,800,88,-7.3429104998763366,-7.3429104998763366,0.84074863538564537,2.3163408647380175,1.6187504270309399,1.5383390730927244,1.801867265094715,1.3552222350289478,-7.3429104998763366,0.41915485543380238,0.7379346446898607,1.7923421974507279,-0.63525269732706402,0.63105154933097951,0.52603795079268423]
[null,null,null,null,null,null,null,null,null,null,null,null,null,null,null,801,88.11,-7.3520891380011815,-7.3520891380011815,0.83759057332397802,2.3103202886748413,1.6126699957394051,1.5352408662594126,1.795099001180203,1.3528118608186155,-7.3520891380011815,0.41758040500807914,0.73033045699073895,1.7856097120715535,-0.63769885007273519,0.62868116194880508,0.51922970005001368]
[null,null,null,null,null,null,null,null,null,null,null,null,null,null,null,802,88.22,-7.3612677761260272,-7.3612677761260272,0.83442200190436844,2.3043102219696046,1.6065693300675321,1.53216289380644,1.7883082139248774,1.3504240099490961,-7.3612677761260272,0.41600071514666304,0.72273150872731051,1.7788548224149112,-0.64012259854093845,0.62630288642226395,0.51242933745170838]
[null,null,null,null,null,null,null,null,null,null,null,null,null,null,null,803,88.33,-7.370446414250873,-7.370446414250873,0.83124292112681641,2.2983106646223099,1.6004484300153214,1.5291051557338058,1.7814949033287379,1.3480586824203886,-7.370446414250873,0.41441578584955396,0.71513779989957271,1.7720775284808006,-0.64252394273167379,0.62391672275135623,0.505636862997771]
[null,null,null,null,null,null,null,null,null,null,null,null,null,null,null,804,88.44,-7.3796250523757179,-7.3796250523757179,0.82805333099132217,2.2923216166329601,1.5943072955827728,1.5260676520415091,1.774659069391785,1.3457158782324976,-7.3796250523757179,0.41282561711675198,0.70754933050752999,1.765277830269222,-0.64490288264493945,0.62152267093608182,0.49885227668820065]
[null,null,null,null,null,null,null,null,null,null,null,null,null,null,null,805,88.55,-7.3888036905005636,-7.3888036905005636,0.82485323149788559,2.2863430780015515,1.5881459267698863,1.5230503827295498,1.7678007121140182,1.3433955973854177,-7.3888036905005636,0.41123020894825707,0.6999661005511788,1.7584557277801751,-0.64725941828073896,0.61912073097644083,0.49207557852299555]
[null,null,null,null,null,null,null,null,null,null,null,null,null,null,null,806,88.66,-7.3979823286254085,-7.3979823286254085,0.82164262264650667,2.2803750487280841,1.5819643235766621,1.5200533477979299,1.7609198314954377,1.3410978398791542,-7.3979823286254085,0.40962956134406925,0.6923881100305227,1.7516112210136603,-0.64959354963906879,0.61671090287243313,0.48530676850215837]
[null,null,null,null,null,null,null,null,null,null,null,null,null,null,null,807,88.77,-7.4071609667502543,-7.4071609667502543,0.81842150443718542,2.2744175288125597,1.5757624860030996,1.5170765472466456,1.7540164275360437,1.3388226057137018,-7.4071609667502543,0.40802367430418846,0.68481535894555812,1.7447443099696771,-0.65190527671993159,0.61429318662405874,0.47854584662568733]
[null,null,null,null,null,null,null,null,null,null,null,null,null,null,null,808,88.88,-7.4163396048750991,-7.4163396048750991,0.81518987686992184,2.2684705182549783,1.5695404140491995,1.5141199810757007,1.7470905002358359,1.3365698948890659,-7.4163396048750991,0.4064125478286148,0.67724784729628684,1.737854994648226,-0.6541945995233247,0.61186758223131787,0.47179281289358332]
[null,null,null,null,null,null,null,null,null,null,null,null,null,null,null,809,88.99,-7.4255182429999449,-7.4255182429999449,0.81194773994471592,2.2625340170553399,1.5632981077149615,1.5111836492850932,1.7401420495948143,1.334339707405241,-7.4255182429999449,0.40479618191734823,0.6696855750827071,1.7309432750493066,-0.65646151804925168,0.60943408969421031,0.46504766730584457]
[null,null,null,null,null,null,null,null,null,null,null,null,null,null,null,810,89.1,-7.4346968811247907,-7.4346968811247907,0.80869509366156778,2.2566080252136418,1.5570355670003855,1.5082675518748241,1.7331710756129792,1.3321320432622299,-7.4346968811247907,0.40317457657038869,0.66212854230481977,1.724009151172919,-0.65870603229770985,0.60699270901273605,0.45831040986247285]
[null,null,null,null,null,null,null,null,null,null,null,null,null,null,null,811,89.21,-7.4438755192496355,-7.4438755192496355,0.8054319380204773,2.2506925427298867,1.5507527919054718,1.5053716888448925,1.7261775782903306,1.3299469024600334,-7.4438755192496355,0.40154773178773628,0.65457674896262752,1.7170526230190635,-0.66092814226869923,0.60454344018689521,0.45158104056346904]
[null,null,null,null,null,null,null,null,null,null,null,null,null,null,null,812,89.320000000000007,-7.4530541573744822,-7.4530541573744822,0.80215827302144405,2.2447875696040738,1.5444497824302195,1.5024960601952975,1.7191615576268671,1.3277842849986508,-7.4530541573744822,0.39991564756939074,0.64703019505612769,1.7100736905877389,-0.66312784796222157,0.60208628321668745,0.44485955940883048]
[null,null,null,null,null,null,null,null,null,null,null,null,null,null,null,813,89.43,-7.4622327954993279,-7.4622327954993279,0.7988740986644689,2.2388931058362038,1.5381265385746297,1.4996406659260417,1.7121230136225909,1.3256441908780809,-7.4622327954993279,0.39827832391535245,0.63948888058531939,1.7030723538789472,-0.66530514937827512,0.59962123810211332,0.43814596639855896]
[null,null,null,null,null,null,null,null,null,null,null,null,null,null,null,814,89.54,-7.4714114336241728,-7.4714114336241728,0.79557941494955131,2.2330091514262751,1.5317830603387022,1.4968055060371253,1.705061946277501,1.3235266200983258,-7.4714114336241728,0.39663576082562119,0.63195280555020616,1.696048612892687,-0.66746004651685986,0.59714830484317249,0.43144026153265447]
[null,null,null,null,null,null,null,null,null,null,null,null,null,null,null,815,89.65,-7.4805900717490186,-7.4805900717490186,0.7922742218766915,2.2271357063742894,1.5254193477224369,1.4939905805285445,1.6979783555915975,1.3214315726593835,-7.4805900717490186,0.39498795830019712,0.62442196995078447,1.689002467628959,-0.66959253937797758,0.59466748343986509,0.42474244481111612]
[null,null,null,null,null,null,null,null,null,null,null,null,null,null,null,816,89.76,-7.4897687098738635,-7.4897687098738635,0.78895851944588946,2.2212727706802466,1.5190354007258338,1.491195889400303,1.6908722415648803,1.3193590485612559,-7.4897687098738635,0.39333491633908008,0.61689637378705608,1.6819339180877626,-0.6717026279616265,0.59217877389219109,0.41805251623394568]
[null,null,null,null,null,null,null,null,null,null,null,null,null,null,null,817,89.87,-7.4989473479987092,-7.4989473479987092,0.78563230765714498,2.2154203443441451,1.5126312193488924,1.488421432652399,1.6837436041973493,1.3173090478039411,-7.4989473479987092,0.39167663494227006,0.609376017059021,1.6748429642690981,-0.6737903122678075,0.5896821762001504,0.4113704758011405]
[null,null,null,null,null,null,null,null,null,null,null,null,null,null,null,818,89.98,-7.5081259861235541,-7.5081259861235541,0.78229558651045827,2.2095784273659884,1.5062068035916136,1.4856672102848325,1.6765924434890047,1.315281570387441,-7.5081259861235541,0.39001311410976719,0.60186089976667922,1.6677296061729656,-0.6758555922965197,0.58717769036374312,0.40469632351270235]
[null,null,null,null,null,null,null,null,null,null,null,null,null,null,null,819,90.09,-7.5173046242483998,-7.5173046242483998,0.77894835600582912,2.2037470197457711,1.4997621534539967,1.4829332222976035,1.6694187594398464,1.3132766163117537,-7.5173046242483998,0.3883443538415714,0.59435102191002898,1.660593843799365,-0.67789846804776488,0.58466531638296915,0.39803005936863123]
[null,null,null,null,null,null,null,null,null,null,null,null,null,null,null,820,90.2,-7.5264832623732447,-7.5264832623732447,0.77559061614325775,2.1979261214834969,1.493297268936042,1.4802194686907137,1.6622225520498743,1.3112941855768812,-7.5264832623732447,0.38667035413768264,0.58684638348907203,1.6534356771482963,-0.67991893952154125,0.58214505425782859,0.39137168336892625]
[null,null,null,null,null,null,null,null,null,null,null,null,null,null,null,821,90.31,-7.5356619004980905,-7.5356619004980905,0.77222236692274393,2.1921157325791656,1.4868121500377491,1.4775259494641597,1.6550038213190887,1.3093342781828214,-7.5356619004980905,0.38499111499810096,0.57934698450380839,1.6462551062197592,-0.68191700671784972,0.57961690398832133,0.3847211955135883]
[null,null,null,null,null,null,null,null,null,null,null,null,null,null,null,822,90.42,-7.5448405386229362,-7.5448405386229362,0.768843608344288,2.1863158530327764,1.4803067967591186,1.4748526646179458,1.6477625672474894,1.3073968941295737,-7.5448405386229362,0.38330663642282636,0.57185282495423717,1.6390521310137542,-0.68389266963669026,0.57708086557444749,0.37807859580261649]
[null,null,null,null,null,null,null,null,null,null,null,null,null,null,null,823,90.53,-7.5540191767477811,-7.5540191767477811,0.76545434040788962,2.1805264828443285,1.4737812091001501,1.4721996141520695,1.6404987898350762,1.3054820334171424,-7.5540191767477811,0.38161691841185885,0.56436390484035925,1.6318267515302809,-0.68584592827806201,0.57453693901620695,0.37144388423601171]
[null,null,null,null,null,null,null,null,null,null,null,null,null,null,null,824,90.64,-7.5631978148726269,-7.5631978148726269,0.76205456311354891,2.1747476220138235,1.4672353870608439,1.4695667980665288,1.6332124890818496,1.303589696045524,-7.5631978148726269,0.37992196096519842,0.55688022416217464,1.6245789677693396,-0.68777678264196673,0.57198512431359982,0.36481706081377308]
[null,null,null,null,null,null,null,null,null,null,null,null,null,null,null,825,90.75,-7.5723764529974718,-7.5723764529974718,0.75864427646126587,2.1689792705412616,1.4606693306411997,1.4669542163613292,1.6259036649878091,1.3017198820147184,-7.5723764529974718,0.37822176408284508,0.54940178291968333,1.6173087797309302,-0.68968523272840176,0.56942542146662611,0.35819812553590236]
[null,null,null,null,null,null,null,null,null,null,null,null,null,null,null,826,90.86,-7.5815550911223175,-7.5815550911223175,0.7552234804510406,2.1632214284266427,1.4540830398412177,1.4643618690364653,1.6185723175529552,1.2998725913247275,-7.5815550911223175,0.37651632776479882,0.54192858111288356,1.6100161874150525,-0.69157127853736977,0.56685783047528571,0.35158707840239689]
[null,null,null,null,null,null,null,null,null,null,null,null,null,null,null,827,90.97,-7.5907337292471624,-7.5907337292471624,0.75179217508287288,2.157474095669965,1.4474765146608977,1.4617897560919406,1.6112184467772874,1.2980478239755495,-7.5907337292471624,0.37480565201105964,0.53446061874177886,1.6027011908217068,-0.69343492006886898,0.5642823513395786,0.34498391941325934]
[null,null,null,null,null,null,null,null,null,null,null,null,null,null,null,828,91.08,-7.5999123673720081,-7.5999123673720081,0.74835036035676294,2.1517372722712285,1.4408497551002397,1.4592378775277517,1.6038420526608059,1.2962455799671861,-7.5999123673720081,0.37308973682162749,0.52699789580636391,1.5953637899508928,-0.69527615732290116,0.56169898405950491,0.33838864856848705]
[null,null,null,null,null,null,null,null,null,null,null,null,null,null,null,829,91.19,-7.6090910054968539,-7.6090910054968539,0.74489803627271067,2.1460109582304359,1.4342027611592438,1.4567062333439029,1.5964431352035107,1.2944658592996348,-7.6090910054968539,0.37136858219650243,0.51954041230664316,1.5880039848026108,-0.69709499029946453,0.55910772863506464,0.33180126586808179]
[null,null,null,null,null,null,null,null,null,null,null,null,null,null,null,830,91.3,-7.6182696436216988,-7.6182696436216988,0.74143520283071607,2.1402951535475845,1.4275355328379102,1.4541948235403916,1.5890216944054019,1.2927086619728998,-7.6182696436216988,0.3696421881356845,0.51208816824261749,1.5806217753768608,-0.69889141899855911,0.55650858506625767,0.32522177131204355]
[null,null,null,null,null,null,null,null,null,null,null,null,null,null,null,831,91.41,-7.6274482817465445,-7.6274482817465445,0.73796186003077913,2.1345898582226761,1.4208480701362387,1.4517036481172161,1.5815777302664793,1.2909739879869759,-7.6274482817465445,0.3679105546391736,0.50464116361428157,1.5732171616736423,-0.70066544342018666,0.553901553353084,0.31865016490037146]
[null,null,null,null,null,null,null,null,null,null,null,null,null,null,null,832,{"$f":"(Rozpeti/1000)*P835","v":91.52},{"$f":"$R$2*Q835","v":-7.6366269198713894},-7.6366269198713894,{"$f":"($Q835*(Rozpeti-$Q835))/(2*$C$11)","v":0.73447800787289985},2.1288950722557107,{"$f":"($Q835*(Rozpeti-$Q835))/(2*$M$11)","v":1.4141403730542292},1.4492327070743816,{"$f":"($Q835*(Rozpeti-$Q835))/(2*$L$11)","v":1.5741112427867432},1.2892618373418667,-7.6366269198713894,{"$f":"($Q835*(Rozpeti-$Q835))/(2*$C$32)","v":0.36617368170696979},0.49719939842164074,{"$f":"($Q835*(Rozpeti-$Q835))/(2*$M$32)","v":1.565790143692956},-0.70241706356434541,{"$f":"($Q835*(Rozpeti-$Q835))/(2*$L$32)","v":0.55128663349554385},0.31208644663306639]
[null,null,null,null,null,null,null,null,null,null,null,null,null,null,null,833,91.63,-7.6458055579962352,-7.6458055579962352,0.73098364635707835,2.1232107956466866,1.4074124415918821,1.4467820004118828,1.5666222319661935,1.2875722100375722,-7.6458055579962352,0.36443156933907306,0.48976287266469143,1.5583407214348015,-0.70414627943103625,0.54866382549363701,0.30553061651012747]
[null,null,null,null,null,null,null,null,null,null,null,null,null,null,null,834,91.74,-7.6549841961210801,{"$f":"$S$3*Q837","v":-7.6549841961210801},0.72747877548331441,{"$f":"$U$3-T837+$S837","v":2.1175370283956054},1.4006642757491967,{"$f":"$W$3-V837+$S837","v":1.4443515281297232},1.5591106978048299,{"$f":"$Y$3-X837+$S837","v":1.2859051060740905},{"$f":"$Z$3*Q837","v":-7.6549841961210801},0.36268421753548341,{"$f":"$AB$3-AA837+$Z837","v":0.4823315863434372},1.5508688948991789,{"$f":"$AD$3-AC837+$Z837","v":-0.70585309102025917},0.54603312934736348,{"$f":"$AF$3-AE837+$Z837","v":0.29898267453155647}]
[null,null,null,null,null,null,null,null,null,null,null,null,null,null,null,835,91.85,-7.6641628342459258,-7.6641628342459258,0.72396339525160813,2.1118737705024655,1.3938958755261737,1.4419412902279012,1.5515766403026525,1.2842605254514217,-7.6641628342459258,0.36093162629620079,0.47490553945787273,1.5433746640860879,-0.70753749833201329,0.54339454505672324,0.29244262069735072]
[null,null,null,null,null,null,null,null,null,null,null,null,null,null,null,836,91.96,-7.6733414723707707,-7.6733414723707707,0.72043750566195963,2.1062210219672703,1.3871072409228127,1.4395512867064166,1.5440200594596616,1.2826384681695675,-7.6733414723707707,0.35917379562122531,0.46748473200800333,1.535858028995529,-0.7091995013662995,0.54074807262171654,0.28591045500751289]
[null,null,null,null,null,null,null,null,null,null,null,null,null,null,null,837,92.070000000000007,-7.6825201104956173,-7.6825201104956173,0.71690110671436835,2.1005787827900138,1.3802983719391129,1.4371815175652705,1.536440955275856,1.2810389342285271,-7.6825201104956173,0.35741072551055664,0.46006916399382636,1.5283189896275009,-0.7108391001231178,0.53809371204234269,0.27938617746204031]
[null,null,null,null,null,null,null,null,null,null,null,null,null,null,null,838,92.18,-7.6916987486204631,-7.6916987486204631,0.71335419840883518,2.0949470529707019,1.3734692685750765,1.43483198280446,1.528839327751238,1.2794619236282996,-7.6916987486204631,0.35564241596419538,0.45265883541534091,1.5207575459820057,-0.71245629460246906,0.5354314633186027,0.27286978806093387]
[null,null,null,null,null,null,null,null,null,null,null,null,null,null,null,839,92.29,-7.700877386745308,-7.700877386745308,0.70979678074535968,2.0893258325093331,1.3666199308307017,1.4325026824239906,1.5212151768858058,1.2779074363688867,-7.700877386745308,0.35386886698214104,0.44525374627255054,1.5131736980590424,-0.71405108480435064,0.53276132645049601,0.26636128680419624]
[null,null,null,null,null,null,null,null,null,null,null,null,null,null,null,840,92.4,-7.7100560248701537,-7.7100560248701537,0.70622885372394184,2.0837151214059038,1.3597503587059891,1.4301936164238569,1.5135685026795602,1.2763754724502867,-7.7100560248701537,0.35209007856439389,0.43785389656545171,1.505567445858611,-0.7156234707287652,0.53008330143802274,0.25986067369182386]
[null,null,null,null,null,null,null,null,null,null,null,null,null,null,null,841,92.51,-7.7192346629949995,-7.7192346629949995,0.70265041734458178,2.0781149196604183,1.3528605522009387,1.4279047848040616,1.5058993051325007,1.2748660318725005,-7.7192346629949995,0.35030605071095378,0.43045928629404706,1.4979387893807112,-0.71717345237571095,0.52739738828118266,0.25336794872381763]
[null,null,null,null,null,null,null,null,null,null,null,null,null,null,null,842,92.62,-7.7284133011198444,-7.7284133011198444,0.69906147160727938,2.0725252272728758,1.3459505113155505,1.4256361875646055,1.4982075842446279,1.2733791146355271,-7.7284133011198444,0.34851678342182074,0.42306991545833572,1.4902877286253438,-0.7187010297451879,0.5247035869799761,0.24688311190017931]
[null,null,null,null,null,null,null,null,null,null,null,null,null,null,null,843,92.73,-7.7375919392446901,-7.7375919392446901,0.69546201651203454,2.0669460442432745,1.3390202360498242,1.4233878247054852,1.490493340015941,1.2719147207393684,-7.7375919392446901,0.34672227669699479,0.41568578405831591,1.4826142635925077,-0.72020620283719783,0.52200189753440285,0.24040616322090713]
[null,null,null,null,null,null,null,null,null,null,null,null,null,null,null,844,92.84,-7.746770577369535,-7.746770577369535,0.69185205205884737,2.0613773705716181,1.3320697264037602,1.4211596962267041,1.4827565724464407,1.2704728501840243,-7.746770577369535,0.34492253053647587,0.4083068920939894,1.4749183942822035,-0.72168897165173895,0.51929231994446301,0.23393710268600199]
[null,null,null,null,null,null,null,null,null,null,null,null,null,null,null,845,92.95,-7.7559492154943808,-7.7559492154943808,0.68823157824771797,2.055819206257901,1.3250989823773582,1.4189518021282606,1.4749972815361265,1.2690535029694932,-7.7559492154943808,0.34311754494026409,0.40093323956535443,1.4672001206944314,-0.72314933618881216,0.51657485421015648,0.22747593029546298]
[null,null,null,null,null,null,null,null,null,null,null,null,null,null,null,846,93.06,-7.7651278536192256,-7.7651278536192256,0.68460059507864623,2.0502715513021288,1.3181080039706183,1.4167641424101562,1.4672154672849989,1.2676566790957748,-7.7651278536192256,0.34130731990835939,0.39356482647241453,1.4594594428291912,-0.72458729644841657,0.51384950033148336,0.221022646049291]
[null,null,null,null,null,null,null,null,null,null,null,null,null,null,null,847,93.17,-7.7743064917440714,-7.7743064917440714,0.68095910255163228,2.044734405704296,1.3110967911835407,1.4145967170723877,1.4594111296930574,1.2662823785628712,-7.7743064917440714,0.33949185544076171,0.38620165281516616,1.4516963606864828,-0.72600285243055396,0.51111625830844354,0.21457724994748517]
[null,null,null,null,null,null,null,null,null,null,null,null,null,null,null,848,93.28,-7.7834851298689172,-7.7834851298689172,0.67730710066667588,2.0392077694644071,1.3040653440161252,1.4124495261149574,1.4515842687603022,1.2649306013707813,-7.7834851298689172,0.33767115153747118,0.37884371859361199,1.4439108742663063,-0.72739600413522343,0.50837512814103714,0.20813974199004548]
[null,null,null,null,null,null,null,null,null,null,null,null,null,null,null,849,93.39,-7.792663767993762,-7.792663767993762,0.67364458942377714,2.0336916425824612,1.2970136624683715,1.4103225695378665,1.4437348844867335,1.2636013475195043,-7.792663767993762,0.33584520819848762,0.37149102380775112,1.4361029835686614,-0.72876675156242321,0.50562610982926404,0.20171012217697371]
[null,null,null,null,null,null,null,null,null,null,null,null,null,null,null,850,93.5,-7.8018424061186078,-7.8018424061186078,0.66997156882293618,2.0281860250584565,1.2899417465402803,1.4082158473411113,1.435862976872351,1.2622946170090419,-7.8018424061186078,0.33401402542381126,0.36414356845758178,1.4282726885935486,-0.73011509471215597,0.50286920337312435,0.19528839050826807]
[null,null,null,null,null,null,null,null,null,null,null,null,null,null,null,851,93.61,-7.8110210442434527,-7.8110210442434527,0.66628803886415278,2.0226909168923948,1.2828495962318509,1.4061293595246971,1.4279685459171547,1.2610104098393924,-7.8110210442434527,0.33217760321344192,0.35680135254310574,1.4204199893409677,-0.73144103358441992,0.50010440877261797,0.18887454698392947]
[null,null,null,null,null,null,null,null,null,null,null,null,null,null,null,852,93.72,-7.8201996823682984,-7.8201996823682984,0.66259399954742715,2.0172063180842743,1.2757372115430838,1.4040631060886168,1.4200515916211449,1.2597487260105558,-7.8201996823682984,0.33033594156737967,0.34946437606432124,1.4125448858109186,-0.73274456817921685,0.497331726027745,0.18246859160395612]
[null,null,null,null,null,null,null,null,null,null,null,null,null,null,null,853,93.83,-7.8293783204931433,-7.8293783204931433,0.65888945087275919,2.0117322286340968,1.2686045924739788,1.4020170870328776,1.4121121139843216,1.2585095655225356,-7.8293783204931433,0.32848904048562449,0.34213263902123181,1.4046473780034014,-0.73402569849654498,0.49455115513850545,0.17607052436835069]
[null,null,null,null,null,null,null,null,null,null,null,null,null,null,null,854,93.94,-7.8385569586179891,-7.8385569586179891,0.65517439284014889,2.0062686485418624,1.2614517390245359,1.3999913023574742,1.4041501130066842,1.2572929283753265,-7.8385569586179891,0.32663689996817641,0.33480614141383391,1.3967274659184161,-0.73528442453640519,0.4917626961048992,0.1696803452771114]
[null,null,null,null,null,null,null,null,null,null,null,null,null,null,null,855,94.05,-7.8477355967428339,-7.8477355967428339,0.65144882544959626,2.0008155778075691,1.254278651194755,1.3979857520624117,1.3961655886882334,1.256098814568932,-7.8477355967428339,0.32477952001503535,0.3274848832421311,1.3887851495559627,-0.7365207462987966,0.48896634892692631,0.16329805433024003]
[null,null,null,null,null,null,null,null,null,null,null,null,null,null,null,856,94.16,-7.8569142348676797,-7.8569142348676797,0.64771274870110129,1.9953730164312189,1.2470853289846364,1.3960004361476832,1.3881585410289687,1.2549272241033522,-7.8569142348676797,0.32291690062620138,0.32016886450611981,1.3808204289160408,-0.7377346637837201,0.48616211360458672,0.15692365152773302]
[null,null,null,null,null,null,null,null,null,null,null,null,null,null,null,857,94.27,-7.8660928729925255,-7.8660928729925255,0.6439661625946641,1.9899409644128108,1.2398717723941799,1.3940353546132949,1.3801289700288906,1.2537781569785844,-7.8660928729925255,0.32104904180167454,0.31285808520579916,1.3728333039986513,-0.73892617699117658,0.4833499901378806,0.15055713686959304]
[null,null,null,null,null,null,null,null,null,null,null,null,null,null,null,858,94.38,-7.8752715111173703,-7.8752715111173703,0.64020906713028447,1.9845194217523456,1.2326379814233854,1.392090507459244,1.3720768756879984,1.2526516131946313,-7.8752715111173703,0.31917594354145473,0.30555254534117537,1.3648237748037935,-0.74009528592116425,0.48052997852680779,0.14419851035582276]
[null,null,null,null,null,null,null,null,null,null,null,null,null,null,null,859,94.49,-7.8844501492422161,-7.8844501492422161,0.6364414623079625,1.9791083884498217,1.225383956072253,1.3901658946855306,1.3640022580062927,1.251547592751491,-7.8844501492422161,0.31729760584554201,0.29825224491224134,1.3567918413314672,-0.74124199057368312,0.47770207877136833,0.13784777198641507]
[null,null,null,null,null,null,null,null,null,null,null,null,null,null,null,860,94.6,-7.893628787367061,-7.893628787367061,0.63266334812769831,1.9737078645052408,1.2181096963407825,1.3882615162921565,1.3559051169837735,1.2504660956491653,-7.893628787367061,0.31541402871393637,0.29095718391900238,1.3487375035816731,-0.74236629094873408,0.47486629087156224,0.13150492176137707]
[null,null,null,null,null,null,null,null,null,null,null,null,null,null,null,861,94.71,-7.9028074254919067,-7.9028074254919067,0.62887472458949178,1.9683178499186011,1.2108152022289744,1.3863773722791182,1.3477854526204405,1.2494071218876526,-7.9028074254919067,0.31352521214663781,0.28366736236145496,1.3406607615544108,-0.74346818704631712,0.47202261482738955,0.12516995968070344]
[null,null,null,null,null,null,null,null,null,null,null,null,null,null,null,862,94.820000000000007,-7.9119860636167534,-7.9119860636167534,0.62507559169334237,1.9629383446899045,1.2035004737368276,1.3845134626464191,1.3396432649162926,1.2483706714669545,-7.9119860636167534,0.31163115614364606,0.27638278023960083,1.3325616152496793,-0.74454767886643225,0.46917105063884984,0.11884288574439594]
[null,null,null,null,null,null,null,null,null,null,null,null,null,null,null,863,94.93,-7.9211647017415983,-7.9211647017415983,0.62126594943925129,1.9575693488191499,1.1961655108643436,1.3826697873940583,1.3314785538713323,1.2473567443870701,-7.9211647017415983,0.30973186070496167,0.26910343755344091,1.3244400646674808,-0.74560476640907947,0.46631159830594388,0.11252369995245726]
[null,null,null,null,null,null,null,null,null,null,null,null,null,null,null,864,95.04,-7.930343339866444,-7.930343339866444,0.61744579782721765,1.9522108623063383,1.1888103136115218,1.3808463465220333,1.3232913194855582,1.2463653406479969,-7.930343339866444,0.30782732583058431,0.26182933430297251,1.3162961098078141,-0.74663944967425788,0.46344425782867121,0.10621240230488471]
[null,null,null,null,null,null,null,null,null,null,null,null,null,null,null,865,95.15,-7.9395219779912889,-7.9395219779912889,0.61361513685724189,1.9468628851514698,1.1814348819783622,1.3790431400303493,1.3150815617589704,1.24539646024974,-7.9395219779912889,0.30591755152051409,0.25456047048819741,1.308129750670679,-0.7476517286619675,0.46056902920703197,9.9908992801678309E-2]
[null,null,null,null,null,null,null,null,null,null,null,null,null,null,null,866,95.26,-7.9487006161161347,-7.9487006161161347,0.6097739665293237,1.9415254173545424,1.1740392159648645,1.3772601679190011,1.306849280691569,1.2444501031922961,-7.9487006161161347,0.30400253777475089,0.24729684610911384,1.2999409872560761,-0.74864160337221097,0.45768591244102602,9.3613471442839824E-2]
[null,null,null,null,null,null,null,null,null,null,null,null,null,null,null,867,95.37,-7.9578792542409804,-7.9578792542409804,0.60592228684346328,1.9361984589155572,1.1666233155710291,1.3754974301879912,1.2985944762833539,1.2435262694756659,-7.9578792542409804,0.30208228459329484,0.24003846116572447,1.2917298195640052,-0.74960907380498565,0.45479490753065355,8.7325838228366592E-2]
[null,null,null,null,null,null,null,null,null,null,null,null,null,null,null,868,95.48,-7.9670578923658253,-7.9670578923658253,0.60206009779966052,1.930882009834515,1.1591871807968559,1.3737549268373188,1.2903171485343252,1.2426249590998504,-7.9670578923658253,0.30015679197614581,0.2327853156580284,1.283496247594466,-0.75055413996029152,0.45189601447591438,8.1046093158259502E-2]
[null,null,null,null,null,null,null,null,null,null,null,null,null,null,null,869,95.59,-7.9762365304906711,-7.9762365304906711,0.59818739939791543,1.925576070111414,1.1517308116423446,1.3720326578669839,1.2820172974444828,1.2417461720648459,-7.9762365304906711,0.29822605992330387,0.22553740958602564,1.2752402713474587,-0.75147680183812948,0.44898923327680856,7.477423623252033E-2]
[null,null,null,null,null,null,null,null,null,null,null,null,null,null,null,870,95.7,-7.9854151686155159,-7.9854151686155159,0.5943041916382279,1.920280639746256,1.1442542081074953,1.3703306232769883,1.2736949230138264,1.2408899083706579,-7.9854151686155159,0.29629008843476901,0.2182947429497144,1.2669618908229829,-0.75237705943849864,0.44607456393333611,6.85102674511473E-2]
[null,null,null,null,null,null,null,null,null,null,null,null,null,null,null,871,95.81,-7.9945938067403617,-7.9945938067403617,0.59041047452059825,1.9149957187390392,1.1367573701923086,1.3686488230673302,1.2653500252423566,1.240056168017281,-7.9945938067403617,0.29434887751054123,0.21105731574909647,1.2586611060210395,-0.75325491276140077,0.44315200644549702,6.2254186814140411E-2]
[null,null,null,null,null,null,null,null,null,null,null,null,null,null,null,872,95.92,-8.0037724448652074,-8.0037724448652074,0.58650624804502616,1.9097213070897663,1.1292402978967837,1.3669872572380086,1.2569826041300731,1.2392449510047197,-8.0037724448652074,0.29240242715062054,0.20382512798417274,1.2503379169416278,-0.75411036180683499,0.44022156081329133,5.6005994321500552E-2]
[null,null,null,null,null,null,null,null,null,null,null,null,null,null,null,873,96.03,-8.0129510829900514,-8.0129510829900514,0.58259151221151173,1.9044574047984373,1.1217029912209209,1.3653459257890272,1.2485926596769759,1.238456257332972,-8.0129510829900514,0.29045073735500687,0.19659817965494142,1.2419923235847476,-0.75494340657479952,0.43728322703671896,4.9765689973229499E-2]
[null,null,null,null,null,null,null,null,null,null,null,null,null,null,null,874,96.14,-8.0221297211148972,-8.0221297211148972,0.57866626702005497,1.8992040118650486,1.1141454501647201,1.3637248287203825,1.2401801918830648,1.2376900870020382,-8.0221297211148972,0.28849380812370029,0.18937647076140252,1.2336243259503996,-0.75575404706529703,0.43433700511577994,4.3533273769323699E-2]
[null,null,null,null,null,null,null,null,null,null,null,null,null,null,null,875,96.25,-8.031308359239743,-8.031308359239743,0.57473051247065599,1.8939611282896003,1.1065676747281816,1.3621239660320761,1.2317452007483403,1.2369464400119163,-8.031308359239743,0.28653163945670085,0.18216000130355603,1.2252339240385834,-0.75654228327832662,0.43138289505047428,3.7308745709783153E-2]
[null,null,null,null,null,null,null,null,null,null,null,null,null,null,null,876,96.36,-8.0404869973645887,-8.0404869973645887,0.57078424856331467,1.8887287540720958,1.0989696649113052,1.3605433377241063,1.2232876862728019,1.23622531636261,-8.0404869973645887,0.28456423135400843,0.17494877128140374,1.2168211178492991,-0.7573081152138883,0.42842089684080203,3.1092105794609637E-2]
[null,null,null,null,null,null,null,null,null,null,null,null,null,null,null,877,96.47,-8.0496656354894345,-8.0496656354894345,0.5668274752980309,1.8835068892125353,1.0913514207140906,1.3589829437964749,1.2148076484564501,1.2355267160541157,-8.0496656354894345,0.2825915838156231,0.16774278069494208,1.2083859073825467,-0.75805154287198118,0.42545101048676309,2.488335402380315E-2]
[null,null,null,null,null,null,null,null,null,null,null,null,null,null,null,878,96.58,-8.0588442736142785,-8.0588442736142785,0.56286019267480503,1.8782955337109168,1.0837129421365386,1.3574427842491836,1.2063050872992844,1.2348506390864369,-8.0588442736142785,0.28061369684154486,0.1605420295441764,1.1999282926383261,-0.75877256625260436,0.42247323598835756,1.8682490397363694E-2]
[null,null,null,null,null,null,null,null,null,null,null,null,null,null,null,879,96.69,-8.0680229117391242,-8.0680229117391242,0.55888240069363671,1.8730946875672387,1.0760542291786486,1.3559228590822272,1.197780002801305,1.2341970854595701,-8.0680229117391242,0.27863057043177369,0.15334651782910136,1.1914482736166374,-0.75947118535576141,0.4194875733455854,1.2489514915291267E-2]
[null,null,null,null,null,null,null,null,null,null,null,null,null,null,null,880,96.8,-8.07720154986397,-8.07720154986397,0.55489409935452605,1.8679043507815045,1.0683752818404204,1.3544231682956092,1.1892323949625121,1.233566055173517,-8.07720154986397,0.27664220458630961,0.14615624554972051,1.1829458503174806,-0.76014740018145055,0.41649402255844659,6.304427577584093E-3]
[null,null,null,null,null,null,null,null,null,null,null,null,null,null,null,881,96.91,-8.0863801879888157,-8.0863801879888157,0.55089528865747317,1.8627245233537106,1.0606761001218548,1.3529437118893295,1.1806622637829056,1.2329575482282777,-8.0863801879888157,0.27464859930515262,0.13897121270603208,1.1744210227408556,-0.76080121072967088,0.41349258362694113,1.2722838424394922E-4]
[null,null,null,null,null,null,null,null,null,null,null,null,null,null,null,882,97.02,-8.0955588261136615,-8.0955588261136615,0.54688596860247773,1.8575552052838606,1.052956684022951,1.3514844898633882,1.1720696092624849,1.232371564623854,-8.0955588261136615,0.27264975458830265,0.13179141929803606,1.1658737908867625,-0.76143261700042419,0.41048325655106899,-6.0420826647309411E-3]
[null,null,null,null,null,null,null,null,null,null,null,null,null,null,null,883,97.13,-8.1047374642385055,-8.1047374642385055,0.54286613918954019,1.8523963965719545,1.0452170335437092,1.3500455022177853,1.1634544314012509,1.231808104360244,-8.1047374642385055,0.27064567043575977,0.12461686532573424,1.1573041547552012,-0.76204161899370693,0.40746604133083025,-1.2203505569335249E-2]
[null,null,null,null,null,null,null,null,null,null,null,null,null,null,null,884,97.24,-8.1139161023633513,-8.1139161023633513,0.5388358004186603,1.8472480972179888,1.0374571486841297,1.348626748952519,1.1548167301992034,1.231267167437446,-8.1139161023633513,0.26863634684752402,0.11744755078912483,1.1487121143461718,-0.76262821670952263,0.40444093796622499,-1.835704032957608E-2]
[null,null,null,null,null,null,null,null,null,null,null,null,null,null,null,885,97.35,-8.123094740488197,-8.123094740488197,0.53479495228983798,1.8421103072219651,1.0296770294442124,1.3472282300675911,1.1461565056563416,1.2307487538554618,-8.123094740488197,0.2666217838235953,0.11028347568820784,1.1400976696596743,-0.76319241014787131,0.40140794645725292,-2.4502686945449881E-2]
[null,null,null,null,null,null,null,null,null,null,null,null,null,null,null,886,97.46,-8.1322733786130428,-8.1322733786130428,0.53074359480307343,1.8369830265838836,1.021876675823957,1.3458499455629997,1.1374737577726666,1.2302528636142913,-8.1322733786130428,0.26460198136397367,0.10312464002298327,1.1314608206957086,-0.76373419930875119,0.39836706680391426,-3.0640445416956652E-2]
[null,null,null,null,null,null,null,null,null,null,null,null,null,null,null,887,97.570000000000007,-8.1414520167378885,-8.1414520167378885,0.5266817279583661,1.8318662553037459,1.0140560878233629,1.3444918954387486,1.1287684865481769,1.2297794967139346,-8.1414520167378885,0.2625769394686589,9.5971043793452893E-2,1.1228015674542737,-0.76425358419216227,0.39531829900620863,-3.6770315744096393E-2]
[null,null,null,null,null,null,null,null,null,null,null,null,null,null,null,888,97.68,-8.1506306548627343,-8.1506306548627343,0.52260935175571688,1.8267599933815486,1.0062152654424317,1.343154079694834,1.1200406919828743,1.2293286531543917,-8.1506306548627343,0.26054665813765138,8.882268699961493E-2,1.1141199099353718,-0.76475056479810632,0.39226164306413669,-4.2892297926870881E-2]
[null,null,null,null,null,null,null,null,null,null,null,null,null,null,null,889,97.79,-8.1598092929875801,-8.1598092929875801,0.51852646619512532,1.8216642408172952,0.99835420868116276,1.3418364983312578,1.1112903740767581,1.2289003329356625,-8.1598092929875801,0.25851113737095099,8.1679569641469385E-2,1.1054158481390017,-0.76522514112658158,0.38919709897769811,-4.900639196527834E-2]
[null,null,null,null,null,null,null,null,null,null,null,null,null,null,null,890,97.9,-8.1689879311124241,-8.1689879311124241,0.51443307127659155,1.8165789976109838,0.99047291753955591,1.34053915134802,1.1025175328298282,1.2284945360577471,-8.1689879311124241,0.25647037716855769,7.4541691719018033E-2,1.0966893820651635,-0.76567731317758714,0.38612466674689294,-5.5112597859316992E-2]
[null,null,null,null,null,null,null,null,null,null,null,null,null,null,null,891,98.01,-8.1781665692372698,-8.1781665692372698,0.51032916700011544,1.8115042637626146,0.98257139201761134,1.3392620387451188,1.0937221682420848,1.2281112625206454,-8.1781665692372698,0.25442437753047148,6.7409053232259097E-2,1.0879405117138574,-0.76610708095112745,0.38304434637172119,-6.1210915608990391E-2]
[null,null,null,null,null,null,null,null,null,null,null,null,null,null,null,892,98.12,-8.1873452073621156,-8.1873452073621156,0.50621475336569688,1.8064400392721875,0.97464963211532851,1.338005160522556,1.0849042803135276,1.2277505123243575,-8.1873452073621156,0.25237313845669229,6.0281654181192579E-2,1.0791692370850827,-0.76651444444719807,0.37995613785218263,-6.7301345214298536E-2]
[null,null,null,null,null,null,null,null,null,null,null,null,null,null,null,893,98.23,-8.1965238454869613,-8.1965238454869613,0.5020898303733361,1.8013863241397026,0.96670763783270808,1.3367685166803298,1.0760638690441566,1.2274122854688816,-8.1965238454869613,0.25031665994722024,5.3159494565818477E-2,1.0703755581788403,-0.76689940366580167,0.37686004118827754,-7.3383886675239651E-2]
[null,null,null,null,null,null,null,null,null,null,null,null,null,null,null,894,98.34,-8.2057024836118071,-8.2057024836118071,0.49795439802303293,1.7963431183651597,0.95874540916974971,1.3355521072184438,1.0672009344339719,1.2270965819542212,-8.2057024836118071,0.24825494200205522,4.6042574386136792E-2,1.0615594749951296,-0.76726195860693647,0.37375605638000581,-7.9458539991813737E-2]
[null,null,null,null,null,null,null,null,null,null,null,null,null,null,null,895,98.45,-8.2148811217366511,-8.2148811217366511,0.49380845631478759,1.7913104219485607,0.95076294612645351,1.3343559321368961,1.0583154764829739,1.2268034017803746,-8.2148811217366511,0.24618798462119731,3.8930893642151077E-2,1.0527209875339507,-0.76760210927060157,0.37064418342736749,-8.5525305164019017E-2]
[null,null,null,null,null,null,null,null,null,null,null,null,null,null,null,896,{"$f":"(Rozpeti/1000)*P899","v":98.56},{"$f":"$R$2*Q899","v":-8.2240597598614968},-8.2240597598614968,{"$f":"($Q899*(Rozpeti-$Q899))/(2*$C$11)","v":0.48965200524859975},1.7862882348899038,{"$f":"($Q899*(Rozpeti-$Q899))/(2*$M$11)","v":0.94276024870281916},1.3331799914356832,{"$f":"($Q899*(Rozpeti-$Q899))/(2*$L$11)","v":1.0494074951911618},1.2265327449473418,-8.2240597598614968,{"$f":"($Q899*(Rozpeti-$Q899))/(2*$C$32)","v":0.24411578780464643},3.1824452333856001E-2,{"$f":"($Q899*(Rozpeti-$Q899))/(2*$M$32)","v":1.0438600957953037},-0.76791985565680054,{"$f":"($Q899*(Rozpeti-$Q899))/(2*$L$32)","v":0.36752442233036242},-9.1584182191859043E-2]
[null,null,null,null,null,null,null,null,null,null,null,null,null,null,null,897,98.67,-8.2332383979863426,-8.2332383979863426,0.48548504482446964,1.7812765571891873,0.93473731689884709,1.3320242851148105,1.040476990558536,1.2262846114551209,-8.2332383979863426,0.24203835155240266,2.472325046125512E-2,1.0349767997791885,-0.7682151977655316,0.36439677308899077,-9.7635171075333815E-2]
[null,null,null,null,null,null,null,null,null,null,null,null,null,null,null,898,98.78,-8.2424170361111884,{"$f":"$S$3*Q901","v":-8.2424170361111884},0.4813075750423973,{"$f":"$U$3-T901+$S901","v":1.7762753888464147},0.92669415071453731,{"$f":"$W$3-V901+$S901","v":1.3308888131742744},1.0315239625850969,{"$f":"$Y$3-X901+$S901","v":1.2260590013037138},{"$f":"$Z$3*Q901","v":-8.2424170361111884},0.23995567586446601,{"$f":"$AB$3-AA901+$Z901","v":1.7627288024344878E-2},1.0260710994856055,{"$f":"$AD$3-AC901+$Z901","v":-0.76848813559679385},0.36126123570325253,{"$f":"$AF$3-AE901+$Z901","v":-0.10367827181444156}]
[null,null,null,null,null,null,null,null,null,null,null,null,null,null,null,899,98.89,-8.2515956742360324,-8.2515956742360324,0.47711959590238251,1.7712847298615859,0.91863075014988937,1.3297735756140785,1.0225484112708438,1.225855914493124,-8.2515956742360324,0.23786776074083635,1.0536565023130606E-2,1.0171429949145538,-0.76873866915058642,0.35811781017314753,-0.1097134844091805]
[null,null,null,null,null,null,null,null,null,null,null,null,null,null,null,900,99,-8.2607743123608781,-8.2607743123608781,0.4729211074044255,1.7663045802346957,0.91054711520490372,1.3286785724342174,1.0135503366157772,1.2256753510233445,-8.2607743123608781,0.23577460618151383,3.4510814576087512E-3,1.0081924860660343,-0.76896679842691285,0.35496649649867601,-0.11574080885955418]
[null,null,null,null,null,null,null,null,null,null,null,null,null,null,null,901,99.11,-8.2699529504857239,-8.2699529504857239,0.4687121095485261,1.7613349399657494,0.90244324587958002,1.3276038036346964,1.0045297386198968,1.2255173108943787,-8.2699529504857239,0.23367621218649837,-3.6291626722224635E-3,0.99921957294004671,-0.76917252342577047,0.35180729467983779,-0.12176024516556083]
[null,null,null,null,null,null,null,null,null,null,null,null,null,null,null,902,99.22,-8.2791315886105696,-8.2791315886105696,0.46449260233468448,1.7563758090547452,0.89431914217391872,1.3265492692155121,0.99548661728320287,1.2253817941062284,-8.2791315886105696,0.23157257875578999,-1.0704167366359485E-2,0.99022425553659099,-0.76935584414716018,0.34864020471663298,-0.12777179332720223]
[null,null,null,null,null,null,null,null,null,null,null,null,null,null,null,903,99.33,-8.2883102267354154,-8.2883102267354154,0.46026258576290041,1.7514271875016849,0.88617480408791915,1.3255149691766661,0.98642097260569495,1.2252688006588901,-8.2883102267354154,0.22946370588938866,-1.777393262480409E-2,0.98120653385566692,-0.76951676059108198,0.34546522660906148,-0.1337754533444766]
[null,null,null,null,null,null,null,null,null,null,null,null,null,null,null,904,99.44,-8.2974888648602594,-8.2974888648602594,0.45602205983317406,1.7464890753065667,0.87801023162158187,1.3245009035181585,0.97733280458737348,1.2251783305523674,-8.2974888648602594,0.22734959358729442,-2.4838458447554501E-2,0.97216640789727493,-0.76965527275753409,0.34228236035712334,-0.13977122521738217]
[null,null,null,null,null,null,null,null,null,null,null,null,null,null,null,905,99.55,-8.3066675029851051,-8.3066675029851051,0.4517710245455055,1.7415614724693889,0.86982542477490687,1.3235070722399875,0.96822211322823859,1.2251103837866566,-8.3066675029851051,0.22523024184950732,-3.1897744834612496E-2,0.96310387766141481,-0.76977138064652006,0.33909160596081867,-0.14575910894592425]
[null,null,null,null,null,null,null,null,null,null,null,null,null,null,null,906,99.66,-8.3158461411099509,-8.3158461411099509,0.44750947989989448,1.7366443789901549,0.86162038354789372,1.3225334753421549,0.95908889852828971,1.2250649603617596,-8.3158461411099509,0.2231056506760272,-3.8951791785978074E-2,0.95401894314808644,-0.76986508425803724,0.33589296342014724,-0.15173910453009753]
[null,null,null,null,null,null,null,null,null,null,null,null,null,null,null,907,99.77,-8.3250247792347967,-8.3250247792347967,0.44323742589634124,1.7317377948688613,0.85339510794054285,1.3215801128246607,0.94993316048752718,1.2250420602776764,-8.3250247792347967,0.22097582006685421,-4.6000599301651235E-2,0.94491160435728994,-0.76993638359208649,0.33268643273510923,-0.15771121196990556]
[null,null,null,null,null,null,null,null,null,null,null,null,null,null,null,908,99.88,-8.3342034173596407,-8.3342034173596407,0.43895486253484561,1.7268417201055133,0.84514959795285405,1.3206469846875049,0.940754899105951,1.2250416835344087,-8.3342034173596407,0.2188407500219883,-5.3044167381628426E-2,0.9357818612890253,-0.76998527864866606,0.32947201390570457,-0.16367543126534478]
[null,null,null,null,null,null,null,null,null,null,null,null,null,null,null,909,99.99,-8.3433820554844864,-8.3433820554844864,0.43466178981540765,1.7219561547001057,0.83688385358482731,1.3197340909306856,0.93155411438356128,1.225063830131953,-8.3433820554844864,0.21670044054142945,-6.0082496025916754E-2,0.92662971394329263,-0.7700117694277786,0.32624970693193328,-0.16963176241642053]
[null,null,null,null,null,null,null,null,null,null,null,null,null,null,null,910,100.1,-8.3525606936093322,-8.3525606936093322,0.43035820773802741,1.7170810986526401,0.82859787483646274,1.3188414315542047,0.92233080632035769,1.225108500070311,-8.3525606936093322,0.21455489162517768,-6.7115585234509112E-2,0.91745516232009172,-0.77001585592942412,0.32301951181379529,-0.17558020542312747]
[null,null,null,null,null,null,null,null,null,null,null,null,null,null,null,911,100.21,-8.3617393317341779,-8.3617393317341779,0.42604411630270483,1.7122165519631167,0.82029166170776024,1.3179690065580623,0.91308497491634044,1.2251756933494811,-8.3617393317341779,0.212404103273233,-7.4143435007410829E-2,0.90825820641942268,-0.76999753815360084,0.31978142855129071,-0.18152076028546915]
[null,null,null,null,null,null,null,null,null,null,null,null,null,null,null,912,100.32000000000001,-8.3709179698590237,-8.3709179698590237,0.42171951550943942,1.7073625146315372,0.81196521419871892,1.3171168159422582,0.90381662017150843,1.2252654099694684,-8.3709179698590237,0.21024807548559513,-8.1166045344618354E-2,0.89903884624128449,-0.76995681610030786,0.31653545714441916,-0.18745342700344203]
[null,null,null,null,null,null,null,null,null,null,null,null,null,null,null,913,100.43,-8.3800966079838695,-8.3800966079838695,0.41738440535823224,1.702518986657898,0.80361853230934066,1.3162848597067907,0.89452574208586388,1.225377649930266,-8.3800966079838695,0.20808680826226458,-8.8183416246133461E-2,0.88979708178567918,-0.76989368976954875,0.3132815975931813,-0.19337820557705143]
[null,null,null,null,null,null,null,null,null,null,null,null,null,null,null,914,100.54,-8.3892752461087152,-8.3892752461087152,0.41303878584908266,1.6976859680422027,0.79525161603962446,1.3154731378516598,0.88521234065940557,1.2255124132318791,-8.3892752461087152,0.20592030160324112,-9.5195547711956152E-2,0.88053291305260573,-0.76980815916132084,0.3100198498975768,-0.19929509600629203]
[null,null,null,null,null,null,null,null,null,null,null,null,null,null,null,915,100.65,-8.398453884233561,-8.398453884233561,0.40868265698199086,1.6928634587844478,0.78686446538957056,1.314681650376869,0.87587641589213372,1.225669699874306,-8.398453884233561,0.20374855550852475,-0.10220243974208643,0.87124634004206425,-0.76970022427562501,0.30675021405760566,-0.20520409829116737]
[null,null,null,null,null,null,null,null,null,null,null,null,null,null,null,916,100.76,-8.407632522358405,-8.407632522358405,0.40431601875695661,1.6880514588846385,0.7784570803591786,1.3139103972824167,0.86651796778404799,1.2258495098575466,-8.407632522358405,0.20157156997811543,-0.10920409233652073,0.86193736275405453,-0.7695698851124595,0.30347269007326788,-0.21110521243167213]
[null,null,null,null,null,null,null,null,null,null,null,null,null,null,null,917,100.87,-8.4168111604832507,-8.4168111604832507,0.39993887117398014,1.6832499683427695,0.77002946094844882,1.3131593785683009,0.85713699633514873,1.226051843181601,-8.4168111604832507,0.19938934501201325,-0.11620050549526439,0.85260598118857678,-0.76941714167182784,0.30018727794456351,-0.21699843842781341]
[null,null,null,null,null,null,null,null,null,null,null,null,null,null,null,918,100.98,-8.4259897986080965,-8.4259897986080965,0.39555121423306133,1.6784589871588427,0.76158160715738121,1.3124285942345217,0.8477335015454357,1.2262766998464674,-8.4259897986080965,0.19720188061021809,-0.12319167921831387,0.84325219534563089,-0.76924199395372739,0.2968939776714925,-0.22288377627958944]
[null,null,null,null,null,null,null,null,null,null,null,null,null,null,null,919,101.09,-8.4351684367329423,-8.4351684367329423,0.39115304793420019,1.6736785153328579,0.75311351898597556,1.3117180442810827,0.83830748341490902,1.2265240798521493,-8.4351684367329423,0.19500917677273003,-0.1301776135056727,0.83387600522521677,-0.76904444195815902,0.2935927892540548,-0.22876122598699666]
[null,null,null,null,null,null,null,null,null,null,null,null,null,null,null,920,101.2,-8.444347074857788,-8.444347074857788,0.38674437227739672,1.6689085528648153,0.74462519643423208,1.3110277287079803,0.82885894194356857,1.2267939831986432,-8.444347074857788,0.19281123349954901,-0.13715830835733733,0.8244774108273345,-0.76882448568512274,0.29028371269225051,-0.23463078755003863]
[null,null,null,null,null,null,null,null,null,null,null,null,null,null,null,921,101.31,-8.453525712982632,-8.453525712982632,0.38232518726265097,1.6641490997547166,0.73611663950215078,1.3103576475152181,0.81938787713141459,1.2270864098859526,-8.453525712982632,0.19060805079067511,-0.14413376377330778,0.81505641215198421,-0.76858212513461588,0.28696674798607957,-0.2404924609687118]
[null,null,null,null,null,null,null,null,null,null,null,null,null,null,null,922,101.42,-8.4627043511074778,-8.4627043511074778,0.37789549288996288,1.65940015600256,0.72758784818973155,1.3097078007027907,0.80989428897844684,1.2274013599140758,-8.4627043511074778,0.18839962864610829,-0.1511039797535858,0.80561300919916567,-0.76831736030664377,0.283641895135542,-0.24634624624301971]
[null,null,null,null,null,null,null,null,null,null,null,null,null,null,null,923,101.53,-8.4718829892323235,-8.4718829892323235,0.37345528915933246,1.6546617216083437,0.71903882249697448,1.3090781882707017,0.80037817748466544,1.227738833283011,-8.4718829892323235,0.18618596706584853,-0.15806895629817141,0.79614720196887911,-0.76803019120120286,0.28030915414063778,-0.25219214337296059]
[null,null,null,null,null,null,null,null,null,null,null,null,null,null,null,924,101.64,-8.4810616273571693,-8.4810616273571693,0.3690045760707597,1.6499337965720713,0.71046956242387949,1.308468810218951,0.79083954265007039,1.22809882999276,-8.4810616273571693,0.18396706604989585,-0.16502869340706461,0.78665899046112442,-0.76772061781829404,0.27696852500136693,-0.25803015235853621]
[null,null,null,null,null,null,null,null,null,null,null,null,null,null,null,925,101.75,-8.4902402654820133,-8.4902402654820133,0.36454335362424467,1.6452163808937428,0.70188006797044655,1.3078796665475405,0.78127838447466158,1.2284813500433245,-8.4902402654820133,0.18174292559825023,-0.17198319108026361,0.77714837467590148,-0.76738864015791464,0.27362000771772943,-0.26386027319974303]
[null,null,null,null,null,null,null,null,null,null,null,null,null,null,null,926,101.86,-8.499418903606859,-8.499418903606859,0.36007162181978725,1.6405094745733528,0.6932703391366758,1.3073107572564648,0.771694702958439,1.2288863934347027,-8.499418903606859,0.17951354571091171,-0.17893244931777019,0.7676153546132104,-0.7670342582200691,0.27026360228972529,-0.2696825058965846]
[null,null,null,null,null,null,null,null,null,null,null,null,null,null,null,927,101.97,-8.5085975417317048,-8.5085975417317048,0.3555893806573876,1.6358130776109068,0.68464037592256721,1.3067620823457275,0.762088498101403,1.229313960166893,-8.5085975417317048,0.17727892638788029,-0.18587646811958436,0.75805993027305141,-0.76665747200475654,0.26689930871735451,-0.27549685044905914]
[null,null,null,null,null,null,null,null,null,null,null,null,null,null,null,928,102.08,-8.5177761798565506,-8.5177761798565506,0.35109663013704556,1.6311271900064046,0.67599017832812058,1.3062336418153286,0.75245976990355312,1.229764050239897,-8.5177761798565506,0.17503906762915589,-0.19281524748570611,0.74848210165542406,-0.76625828151197428,0.26352712700061709,-0.28130330685716842]
[null,null,null,null,null,null,null,null,null,null,null,null,null,null,null,929,102.19,-8.5269548179813963,-8.5269548179813963,0.34659337025876119,1.6264518117598428,0.66731974635333613,1.3057254356652681,0.74280851836488959,1.2302366636537148,-8.5269548179813963,0.1727939694347386,-0.19974878741613544,0.73888186876032869,-0.765836686741725,0.26014705713951308,-0.2871018751209089]
[null,null,null,null,null,null,null,null,null,null,null,null,null,null,null,930,102.3,-8.5361334561062403,-8.5361334561062403,0.34207960102253454,1.6217869428712248,0.65862907999821385,1.305237463895546,0.73313474348541241,1.2307318004083481,-8.5361334561062403,0.17054363180462839,-0.20667708791086881,0.72925923158776507,-0.76539268769400515,0.25675909913404238,-0.29289255524028235]
[null,null,null,null,null,null,null,null,null,null,null,null,null,null,null,931,102.41,-8.5453120942310861,-8.5453120942310861,0.33755532242836556,1.617132583340549,0.64991817926275364,1.3047697265061604,0.72343844526512147,1.2312494605037934,-8.5453120942310861,0.16828805473882524,-0.21360014896991153,0.71961419013773342,-0.76492628436881915,0.25336325298420509,-0.29867534721529054]
[null,null,null,null,null,null,null,null,null,null,null,null,null,null,null,932,102.52,-8.5544907323559318,-8.5544907323559318,0.33302053447625429,1.6124887331678135,0.6411870441469556,1.3043222234971132,0.71371962370401698,1.2317896439400506,-8.5544907323559318,0.16602723823732918,-0.22051797059326184,0.70994674441023364,-0.76443747676616525,0.2499595186900011,-0.30445025104593348]
[null,null,null,null,null,null,null,null,null,null,null,null,null,null,null,933,102.63,-8.5636693704807776,-8.5636693704807776,0.3284752371662007,1.6078553923530219,0.63243567465081962,1.3038949548684027,0.70397827880209873,1.2323523507171235,-8.5636693704807776,0.16376118230014022,-0.22743055278091795,0.70025689440526573,-0.76392626488604343,0.24654789625143056,-0.31021726673220762]
[null,null,null,null,null,null,null,null,null,null,null,null,null,null,null,934,102.74,-8.5728480086056216,-8.5728480086056216,0.32391943049820471,1.6032325608961742,0.62366407077434582,1.3034879206200323,0.69421441055936683,1.2329375808350118,-8.5728480086056216,0.16148988692725832,-0.23433789553287987,0.69054464012282968,-0.76339264872845103,0.24312838566849332,-0.31597639427411472]
[null,null,null,null,null,null,null,null,null,null,null,null,null,null,null,935,102.85,-8.5820266467304673,-8.5820266467304673,0.31935311447226644,1.5986202387972668,0.61487223251753398,1.3031011207519985,0.68442801897582106,1.2335453342937122,-8.5820266467304673,0.15921335211868348,-0.24123999884915115,0.68080998156292538,-0.76283662829339249,0.23970098694118944,-0.32172763367165658]
[null,null,null,null,null,null,null,null,null,null,null,null,null,null,null,936,102.96,-8.5912052848553131,-8.5912052848553131,0.31477628908838584,1.5940184260563015,0.60606015988038431,1.302734555264303,0.67461910405146175,1.2341756110932245,-8.5912052848553131,0.15693157787441572,-0.24813686272972824,0.67105291872555295,-0.76225820358086605,0.23626570006951891,-0.3274709849248314]
[null,null,null,null,null,null,null,null,null,null,null,null,null,null,null,937,103.07000000000001,-8.6003839229801589,-8.6003839229801589,0.31018895434656235,1.5894271226732783,0.5972278528628957,1.302388224156946,0.66478766578628756,1.2348284112335541,-8.6003839229801589,0.15464456419445477,-0.25502848717461291,0.66127345161071127,-0.76165737459086991,0.23282252505348136,-0.33320644803364097]
[null,null,null,null,null,null,null,null,null,null,null,null,null,null,null,938,103.18,-8.6095625611050046,-8.6095625611050046,0.30559111024679714,1.5848463286481991,0.58837531146507027,1.3020621274299256,0.65493370418030084,1.235503734714694,-8.6095625611050046,0.15235231107880115,-0.26191487218380516,0.65147158021840268,-0.76103414132340763,0.22937146189307756,-0.33893402299808173]
[null,null,null,null,null,null,null,null,null,null,null,null,null,null,null,939,103.29,-8.6187411992298504,-8.6187411992298504,0.30098275678908959,1.5802760439810601,0.57950253568690702,1.3017562650832435,0.64505721923350057,1.2362015815366494,-8.6187411992298504,0.15005481852745464,-0.26879601775730499,0.64164730454862584,-0.76038850377847655,0.22591251058830716,-0.34465370981815724]
[null,null,null,null,null,null,null,null,null,null,null,null,null,null,null,940,103.4,-8.6279198373546961,-8.6279198373546961,0.29636389397343976,1.5757162686718633,0.57060952552840583,1.301470637116898,0.63515821094588654,1.2369219516994168,-8.6279198373546961,0.14775208654041522,-0.27567192389511064,0.63180062460138109,-0.75972046195607756,0.22244567113917013,-0.35036550849386572]
[null,null,null,null,null,null,null,null,null,null,null,null,null,null,null,941,103.51,-8.6370984754795419,-8.6370984754795419,0.29173452179984755,1.5711670027206104,0.56169628098956681,1.301205243530891,0.62523667931745885,1.2376648452029997,-8.6370984754795419,0.14544411511768285,-0.28254259059722564,0.62193154037666809,-0.75903001585620977,0.21897094354566643,-0.35606941902520894]
[null,null,null,null,null,null,null,null,null,null,null,null,null,null,null,942,103.62,-8.6462771136043859,-8.6462771136043859,0.28709464026831305,1.5666282461273013,0.55276280207038986,1.300960084325224,0.61529262434821741,1.2384302620473964,-8.6462771136043859,0.14313090425925756,-0.2894080178636429,0.61204005187448685,-0.75831716547887318,0.21548832780779609,-0.36176544141218159]
[null,null,null,null,null,null,null,null,null,null,null,null,null,null,null,943,103.73,-8.6554557517292317,-8.6554557517292317,0.28244424937883622,1.5620999988919326,0.54380908877087497,1.3007351594998937,0.60532604603816231,1.2392182022326068,-8.6554557517292317,0.14081245396513936,-0.29626820569437129,0.60212615909483758,-0.75758191082406956,0.21199782392555913,-0.36745357565479075]
[null,null,null,null,null,null,null,null,null,null,null,null,null,null,null,944,103.84,-8.6646343898540774,-8.6646343898540774,0.27778334913141706,1.557582261014506,0.53483514109102226,1.3005304690549,0.59533694438729357,1.2400286657586292,-8.6646343898540774,0.13848876423532822,-0.30312315408940549,0.59218986203772017,-0.75682425189179803,0.20849943189895553,-0.37313382175303289]
[null,null,null,null,null,null,null,null,null,null,null,null,null,null,null,945,103.95,-8.6738130279789232,-8.6738130279789232,0.27311193952605561,1.5530750324950215,0.52584095903083161,1.3003460129902447,0.58532531939561105,1.2408616526254654,-8.6738130279789232,0.13615983506982415,-0.30997286304874727,0.58223116070313452,-0.75604418868205769,0.2049931517279853,-0.378806179706908]
[null,null,null,null,null,null,null,null,null,null,null,null,null,null,null,946,104.06,-8.6829916661037689,-8.6829916661037689,0.26843002056275184,1.5485783133334792,0.51682654259030314,1.3001817913059277,0.57529117106311489,1.2417171628331154,-8.6829916661037689,0.1338256664686272,-0.31681733257239664,0.57225005509108096,-0.75524172119484945,0.20147898341264842,-0.38447064951641785]
[null,null,null,null,null,null,null,null,null,null,null,null,null,null,null,947,104.17,-8.6921703042286129,-8.6921703042286129,0.26373759224150567,1.5440921035298807,0.50779189176943673,1.3000378040019509,0.56523449938980508,1.2425951963815827,-8.6921703042286129,0.13148625843173728,-0.32365656266035003,0.56224654520155903,-0.75441684943017151,0.19795692695294489,-0.39012723118155712]
[null,null,null,null,null,null,null,null,null,null,null,null,null,null,null,948,104.28,-8.7013489423534587,-8.7013489423534587,0.25903465456231728,1.5396164030842243,0.49873700656823244,1.2999140510783089,0.5551553043756815,1.2434957532708601,-8.7013489423534587,0.12914161095915447,-0.33049055331261279,0.55222063103456909,-0.75356957338802744,0.19442698234887476,-0.39577592470233292]
[null,null,null,null,null,null,null,null,null,null,null,null,null,null,null,949,104.39,-8.7105275804783044,-8.7105275804783044,0.25432120752518655,1.5351512119965083,0.48966188698669033,1.2998105325350053,0.54505358602074439,1.2444188335009514,-8.7105275804783044,0.12679172405087874,-0.33731930452918313,0.54217231259011101,-0.75269989306841545,0.19088914960043799,-0.40141673007874168]
[null,null,null,null,null,null,null,null,null,null,null,null,null,null,null,950,104.5,-8.7197062186031502,-8.7197062186031502,0.24959725113011347,1.5306965302667361,0.48056653302481028,1.2997272483720401,0.53492934432499351,1.2453644370718564,-8.7197062186031502,0.12443659770691007,-0.34414281631006105,0.53210158986818479,-0.75180780847133466,0.18734342870763457,-0.40704964731078519]
[null,null,null,null,null,null,null,null,null,null,null,null,null,null,null,951,104.61,-8.7288848567279942,-8.7288848567279942,0.24486278537709807,1.5262523578949079,0.47145094468259235,1.2996641985894133,0.52478257928842897,1.2463325639835769,-8.7288848567279942,0.12207623192724849,-0.350961088655243,0.52200846286879043,-0.75089331959678418,0.18378981967046451,-0.41267467639845812]
[null,null,null,null,null,null,null,null,null,null,null,null,null,null,null,952,104.72,-8.73806349485284,-8.73806349485284,0.24011781026614037,1.52181869488102,0.46231512196003655,1.2996213831871231,0.51461329091105068,1.2473232142361095,-8.73806349485284,0.11971062671189397,-0.35777412156473432,0.51189293159192795,-0.74995642644476757,0.18022832248892781,-0.41829181734176757]
[null,null,null,null,null,null,null,null,null,null,null,null,null,null,null,953,104.83,-8.7472421329776857,-8.7472421329776857,0.23536232579724034,1.5173955412250741,0.45315906485714286,1.2995988021651712,0.50442147919285885,1.2483363878294558,-8.7472421329776857,0.11733978206084655,-0.36458191503853143,0.50175499603759732,-0.74899712901528304,0.17665893716302447,-0.42390107014070999]
[null,null,null,null,null,null,null,null,null,null,null,null,null,null,null,954,104.94,-8.7564207711025315,-8.7564207711025315,0.23059633197039797,1.5129828969270704,0.44398277337391123,1.2995964555235577,0.49420714413385314,1.2493720847636158,-8.7564207711025315,0.11496369797410619,-0.37138446907663791,0.49159465620579856,-0.74801542730832971,0.17308166369275449,-0.42950243479528538]
[null,null,null,null,null,null,null,null,null,null,null,null,null,null,null,955,105.05,-8.7655994092273772,-8.7655994092273772,0.2258198287856133,1.5085807619870089,0.43478624751034173,1.2996143432622809,0.48397028573403389,1.2504303050385897,-8.7655994092273772,0.11258237445167291,-0.3781817836790502,0.48141191209653167,-0.74701132132390846,0.16949650207811789,-0.43509591130549552]
[null,null,null,null,null,null,null,null,null,null,null,null,null,null,null,956,105.16,-8.7747780473522212,-8.7747780473522212,0.22103281624288632,1.5041891364048929,0.4255694872664344,1.2996524653813442,0.47371090399340088,1.2515110486543772,-8.7747780473522212,0.11019581149354671,-0.38497385884576829,0.47120676370979664,-0.74598481106201753,0.16590345231911463,-0.44068149967133508]
[null,null,null,null,null,null,null,null,null,null,null,null,null,null,null,957,105.27,-8.783956685477067,-8.783956685477067,0.216235294342217,1.4998080201807156,0.41633249264218913,1.299710821880744,0.46342899891195422,1.2526143156109786,-8.783956685477067,0.10780400909972759,-0.39176069457679397,0.46097921104559347,-0.74493589652266046,0.16230251441574475,-0.44625919989281115]
[null,null,null,null,null,null,null,null,null,null,null,null,null,null,null,958,105.38,-8.7931353236019127,-8.7931353236019127,0.21142726308360535,1.4954374133144821,0.40707526363760599,1.2997894127604805,0.45312457048969385,1.2537401059083937,-8.7931353236019127,0.10540696727021553,-0.398542290872129,0.45072925410392217,-0.74386457770583547,0.15869368836800823,-0.4518290119699202]
[null,null,null,null,null,null,null,null,null,null,null,null,null,null,null,959,105.49,-8.8023139617267585,-8.8023139617267585,0.20660872246705142,1.4910773158061907,0.39779780025268496,1.2998882380205572,0.44279761872661988,1.2548884195466208,-8.8023139617267585,0.10300468600501059,-0.40531864773176984,0.44045689288478279,-0.7427708546115408,0.15507697417590507,-0.457390935902664]
[null,null,null,null,null,null,null,null,null,null,null,null,null,null,null,960,{"$f":"(Rozpeti/1000)*P963","v":105.6},{"$f":"$R$2*Q963","v":-8.8114925998516025},-8.8114925998516025,{"$f":"($Q963*(Rozpeti-$Q963))/(2*$C$11)","v":0.20177967249255513},1.4867277276558415,{"$f":"($Q963*(Rozpeti-$Q963))/(2*$M$11)","v":0.38850010248742606},1.3000072976609722,{"$f":"($Q963*(Rozpeti-$Q963))/(2*$L$11)","v":0.4324481436227321},1.2560592565256652,-8.8114925998516025,{"$f":"($Q963*(Rozpeti-$Q963))/(2*$C$32)","v":0.10059716530411268},-0.41208976515571472,{"$f":"($Q963*(Rozpeti-$Q963))/(2*$M$32)","v":0.43016212738817516},-0.74165472723977821,{"$f":"($Q963*(Rozpeti-$Q963))/(2*$L$32)","v":0.15145237183943527},-0.46294497169103721]
[null,null,null,null,null,null,null,null,null,null,null,null,null,null,null,961,105.71,-8.8206712379764483,-8.8206712379764483,0.19694011316011653,1.4823886488634344,0.37918217034182927,1.3001465916817221,0.42207614517803071,1.2572526168455216,-8.8206712379764483,9.8184405167521874E-2,-0.41885564314397072,0.41984495761409951,-0.74051619559054771,0.14781988135859886,-0.46849111933504695]
[null,null,null,null,null,null,null,null,null,null,null,null,null,null,null,962,105.82000000000001,-8.8298498761012958,{"$f":"$S$3*Q965","v":-8.8298498761012958},0.19209004446973499,{"$f":"$U$3-T965+$S965","v":1.4780600794289693},0.36984400381589333,{"$f":"$W$3-V965+$S965","v":1.3003061200828103},0.4116816233925143,{"$f":"$Y$3-X965+$S965","v":1.25846850050619},{"$f":"$Z$3*Q965","v":-8.8298498761012958},9.576640559523783E-2,{"$f":"$AB$3-AA965+$Z965","v":-0.42561628169653432},0.40950538356255434,{"$f":"$AD$3-AC965+$Z965","v":-0.7393552596638493},0.1441795027333953,{"$f":"$AF$3-AE965+$Z965","v":-0.47402937883469143}]
[null,null,null,null,null,null,null,null,null,null,null,null,null,null,null,963,105.93,-8.8390285142261398,-8.8390285142261398,0.18722946642141175,1.4737420193524482,0.36048560290962078,1.3004858828642387,0.4012645782661855,1.2597069075076739,-8.8390285142261398,9.3343166587261162E-2,-0.43237168081340016,0.39914340523354236,-0.73817191945968297,0.14053123596382561,-0.47955975018996533]
[null,null,null,null,null,null,null,null,null,null,null,null,null,null,null,964,106.04,-8.8482071523509855,-8.8482071523509855,0.18235837901514618,1.4694344686338692,0.3511069676230103,1.3006858800260037,0.39082500979904305,1.2609678378499716,-8.8482071523509855,9.091468814359159E-2,-0.43912184049457714,0.38875902262706225,-0.73696617497804695,0.13687508104988924,-0.48508223340087397]
[null,null,null,null,null,null,null,null,null,null,null,null,null,null,null,965,106.15,-8.8573857904758313,-8.8573857904758313,0.17747678225093833,1.4651374272732305,0.341708097956062,1.3009061115681071,0.38036291799108696,1.2622512915330812,-8.8573857904758313,8.8480970264229089E-2,-0.44586676074005993,0.37835223574311405,-0.7357380262189448,0.13321103799158629,-0.49059682846741737]
[null,null,null,null,null,null,null,null,null,null,null,null,null,null,null,966,106.26,-8.8665644286006771,-8.8665644286006771,0.17258467612878811,1.4608508952705357,0.33228899390877575,1.3011465774905471,0.36987830284231715,1.2635572685570065,-8.8665644286006771,8.6042012949173671E-2,-0.4526064415498503,0.36792304458169767,-0.73448747318237473,0.12953910678891667,-0.49610353538959373]
[null,null,null,null,null,null,null,null,null,null,null,null,null,null,null,967,106.37,-8.8757430667255228,-8.8757430667255228,0.16768206064869559,1.4565748726257812,0.32284965548115163,1.3014072777933254,0.35937116435273359,1.2648857689217436,-8.8757430667255228,8.3597816198425309E-2,-0.45934088292394826,0.35747144914281315,-0.73321451586833675,0.12585928744188041,-0.50160235416740306]
[null,null,null,null,null,null,null,null,null,null,null,null,null,null,null,968,106.48,-8.8849217048503668,-8.8849217048503668,0.16276893581066076,1.4523093593389724,0.31339008267318963,1.301688212476444,0.34884150252233642,1.2662367926272964,-8.8849217048503668,8.1148380011984045E-2,-0.46607008486235024,0.34699744942646055,-0.7319191542768273,0.1221715799504775,-0.50709328480084359]
[null,null,null,null,null,null,null,null,null,null,null,null,null,null,null,969,106.59,-8.8941003429752126,-8.8941003429752126,0.1578453016146836,1.448054355410104,0.30391027548488975,1.3019893815398973,0.33828931735112561,1.2676103396736611,-8.8941003429752126,7.8693704389849864E-2,-0.47279404736506159,0.33650104543263976,-0.73060138840785172,0.11847598431470799,-0.51257632728992064]
[null,null,null,null,null,null,null,null,null,null,null,null,null,null,null,970,106.7,-8.9032789811000583,-8.9032789811000583,0.15291115806076414,1.4438098608391776,0.29441023391625198,1.302310784983689,0.32771460883910103,1.2690064100608414,-8.9032789811000583,7.6233789332022739E-2,-0.47951277043208052,0.32598223716135089,-0.72926121826140999,0.11477250053457182,-0.51805148163463066]
[null,null,null,null,null,null,null,null,null,null,null,null,null,null,null,971,106.81,-8.9124576192249041,-8.9124576192249041,0.14796650514890233,1.4395758756261934,0.28488995796727629,1.3026524228078191,0.3171173769862628,1.2704250037888336,-8.9124576192249041,7.3768634838502711E-2,-0.48622625406340703,0.31544102461259382,-0.72789864383749858,0.11106112861006902,-0.52351874783497365]
[null,null,null,null,null,null,null,null,null,null,null,null,null,null,null,972,106.92,-8.9216362573497499,-8.9216362573497499,0.1430113428790982,1.4353523997711513,0.27534944763796276,1.3030142950122876,0.30649762179261086,1.2718661208576396,-8.9216362573497499,7.129824090928974E-2,-0.49293449825903934,0.30487740778636863,-0.72651366513611926,0.10734186854119956,-0.52897812589094961]
[null,null,null,null,null,null,null,null,null,null,null,null,null,null,null,973,107.03,-8.9308148954745938,-8.9308148954745938,0.13804567125135175,1.4311394332740548,0.2657887029283113,1.3033964015970945,0.29585534325814522,1.2733297612672612,-8.9308148954745938,6.8822607544383865E-2,-0.49963750301897747,0.29429138668267535,-0.72510628215726847,0.10361472032796348,-0.53442961580255677]
[null,null,null,null,null,null,null,null,null,null,null,null,null,null,null,974,107.14,-8.9399935335994396,-8.9399935335994396,0.13306949026566298,1.4269369761348969,0.25620772383832197,1.3037987425622379,0.28519054138286593,1.2748159250176947,-8.9399935335994396,6.6341734743785047E-2,-0.50633526834322495,0.28368296130151388,-0.72367649490095332,9.9879683970360761E-2,-0.53987321756980045]
[null,null,null,null,null,null,null,null,null,null,null,null,null,null,null,975,107.25,-8.9491721717242854,-8.9491721717242854,0.12808279992203192,1.4227450283536829,0.24660651036799475,1.3042213179077198,0.27450321616677298,1.276324612108942,-8.9491721717242854,6.3855622507493326E-2,-0.51302779423177824,0.27305213164288433,-0.72222430336717025,9.6136759468391411E-2,-0.54530893119267709]
[null,null,null,null,null,null,null,null,null,null,null,null,null,null,null,976,107.36,-8.9583508098491311,-8.9583508098491311,0.12308560022045852,1.418563589930411,0.23698506251732968,1.30466412763354,0.26379336760986632,1.2778558225410031,-8.9583508098491311,6.1364270835508682E-2,-0.51971508068463912,0.26239889770678659,-0.7207497075559175,9.2385946822055434E-2,-0.55073675667118671]
[null,null,null,null,null,null,null,null,null,null,null,null,null,null,null,977,107.47,-8.9675294479739751,-8.9675294479739751,0.11807789116094279,1.414392660865083,0.2273433802863267,1.3051271717396986,0.25306099571214602,1.2794095563138796,-8.9675294479739751,5.8867679727831114E-2,-0.5263971277018058,0.25172325949322077,-0.71925270746719505,8.8627246031352802E-2,-0.55615669400532752]
[null,null,null,null,null,null,null,null,null,null,null,null,null,null,null,978,107.58,-8.9767080860988209,-8.9767080860988209,0.11305967274348472,1.4102322411576935,0.21768146367498578,1.3056104502261938,0.24230610047361192,1.2809858134275665,-8.9767080860988209,5.6365849184460602E-2,-0.53307393528328184,0.24102521700218676,-0.71773330310100825,8.4860657096283529E-2,-0.56156874319510486]
[null,null,null,null,null,null,null,null,null,null,null,null,null,null,null,979,107.69,-8.9858867242236666,-8.9858867242236666,0.10803094496808437,1.4060823308082497,0.20799931268330704,1.3061139630930256,0.23152868189426426,1.2825845938820688,-8.9858867242236666,5.3858779205397195E-2,-0.53974550342906369,0.23030477023368467,-0.71619149445735175,8.1086180016847628E-2,-0.56697290424051339]
[null,null,null,null,null,null,null,null,null,null,null,null,null,null,null,980,107.8,-8.9950653623485124,-8.9950653623485124,0.10299170783474169,1.4019429298167463,0.19829692731129039,1.3066377103401976,0.22072873997410286,1.2842058976773849,-8.9950653623485124,5.1346469790640857E-2,-0.54641183213915312,0.21956191918771445,-0.71462728153622734,7.73038147930451E-2,-0.57236917714155666]
[null,null,null,null,null,null,null,null,null,null,null,null,null,null,null,981,107.91,-9.0042440004733582,-9.0042440004733582,9.7941961343456674E-2,1.3978140381831849,0.18857430755893584,1.3071816919677062,0.20990627471312778,1.2858497248135148,-9.0042440004733582,4.8828920940191589E-2,-0.55307292141355013,0.20879666386427603,-0.71304066433763502,7.3513561424875917E-2,-0.57775756189823468]
[null,null,null,null,null,null,null,null,null,null,null,null,null,null,null,982,108.02,-9.0134226385982021,-9.0134226385982021,9.2881705494229347E-2,1.3936956559075693,0.17883145342624343,1.3077459079755549,0.19906128611133903,1.2875160752904584,-9.0134226385982021,4.6306132654049405E-2,-0.55972877125225118,0.19800900426336954,-0.71143164286157123,6.9715419912340093E-2,-0.58313805851054212]
[null,null,null,null,null,null,null,null,null,null,null,null,null,null,null,983,108.13,-9.0226012767230479,-9.0226012767230479,8.7810940287059713E-2,1.3895877829898922,0.16906836491321314,1.3083303583637385,0.18819377416873659,1.2892049491082158,-9.0226012767230479,4.3778104932214297E-2,-0.56637938165526158,0.18719894038499491,-0.70980021710804309,6.5909390255437655E-2,-0.58851066697848609]
[null,null,null,null,null,null,null,null,null,null,null,null,null,null,null,984,108.24,-9.0317799148478937,-9.0317799148478937,8.2729665721947732E-2,1.3854904194301589,0.15928504201984492,1.3089350431322622,0.17730373888532044,1.2909163462667852,-9.0317799148478937,4.1244837774686266E-2,-0.57302475262257957,0.17636647222915211,-0.70814638707704525,6.2095472454168563E-2,-0.59387538730206302]
[null,null,null,null,null,null,null,null,null,null,null,null,null,null,null,985,108.35,-9.0409585529727394,-9.0409585529727394,7.7637881798893443E-2,1.3814035652283678,0.14948148474613887,1.3095599622811225,0.16639118026109065,1.2926502667661701,-9.0409585529727394,3.8706331181465319E-2,-0.57966488415420514,0.16551159979584121,-0.70647015276858127,5.8273666508532836E-2,-0.59923221948127292]
[null,null,null,null,null,null,null,null,null,null,null,null,null,null,null,986,108.46,-9.0501371910975834,-9.0501371910975834,7.2535588517896835E-2,1.3773272203845206,0.13965769309209489,1.3102051158103212,0.15545609829604715,1.2944067106063688,-9.0501371910975834,3.6162585152551441E-2,-0.58629977625013474,0.15463432308506214,-0.70477151418264583,5.4443972418530474E-2,-0.60458116351611402]
[null,null,null,null,null,null,null,null,null,null,null,null,null,null,null,987,108.57000000000001,-9.0593158292224309,-9.0593158292224309,6.7422785878957253E-2,1.3732613848986119,0.12981366705771177,1.3108705037198565,0.14449849299018855,1.2961856777873813,-9.0593158292224309,3.3613599687944314E-2,-0.59292942891037548,0.14373464209681355,-0.70305047131924425,5.0606390184160979E-2,-0.60992221940659164]
[null,null,null,null,null,null,null,null,null,null,null,null,null,null,null,988,108.68,-9.0684944673472767,-9.0684944673472767,6.2299473882076004E-2,1.3692060587706472,0.11994940664299204,1.3115561260097319,0.13351836434351771,1.2979871683092057,-9.0684944673472767,3.1059374787644596E-2,-0.59955384213492202,0.13281255683109824,-0.70130702417837476,4.6760919805425349E-2,-0.61525538715270223]
[null,null,null,null,null,null,null,null,null,null,null,null,null,null,null,989,108.79,-9.0776731054721207,-9.0776731054721207,5.7165652527252434E-2,1.3651612420006263,0.11006491184793442,1.3122619826799458,0.12251571235603316,1.2998111821718457,-9.0776731054721207,2.8499910451651955E-2,-0.6061730159237726,0.12186806728791481,-0.69954117276003558,4.2907561282323078E-2,-0.62058066675444401]
[null,null,null,null,null,null,null,null,null,null,null,null,null,null,null,990,108.9,-9.0868517435969665,-9.0868517435969665,5.2021321814486536E-2,1.3611269345885475,0.10016018267253889,1.3129880737304944,0.11149053702773491,1.3016577193752994,-9.0868517435969665,2.5935206679966388E-2,-0.61278695027693253,0.11090117346726321,-0.69775291706423026,3.9046314614854159E-2,-0.62589805821182054]
[null,null,null,null,null,null,null,null,null,null,null,null,null,null,null,991,109.01,-9.0960303817218122,-9.0960303817218122,4.6866481743778325E-2,1.3571031365344091,9.0235219116805487E-2,1.3137343991613815,0.100442838358623,1.3035267799195651,-9.0960303817218122,2.33652634725879E-2,-0.61939564519440005,9.9911875369143491E-2,-0.69594225709095525,3.5177179803018613E-2,-0.63120756152483004]
[null,null,null,null,null,null,null,null,null,null,null,null,null,null,null,992,109.12,-9.105209019846658,-9.105209019846658,4.1701132315127801E-2,1.3530898478382145,8.0290021180734208E-2,1.3145009589726087,8.9372616348697406E-2,1.3054183638046446,-9.105209019846658,2.0790080829516493E-2,-0.62599910067617515,8.8900172993555654E-2,-0.69410919284021411,3.1300156846816425E-2,-0.63650917669347429]
[null,null,null,null,null,null,null,null,null,null,null,null,null,null,null,993,109.23,-9.1143876579715037,-9.1143876579715037,3.6525273528534942E-2,1.3490870684999621,7.0324588864325036E-2,1.3152877531641707,7.827987099795812E-2,1.3073324710305378,-9.1143876579715037,1.8209658750752155E-2,-0.63259731672225605,7.7866066340499654E-2,-0.69225372431200327,2.74152457462476E-2,-0.64180290371775151]
[null,null,null,null,null,null,null,null,null,null,null,null,null,null,null,994,109.34,-9.1235662960963477,-9.1235662960963477,3.133890538399977E-2,1.3450947985196517,6.0338922167577975E-2,1.3160947817360746,6.7164602306405155E-2,1.3092691015972466,-9.1235662960963477,1.5623997236294903E-2,-0.63919029333264277,6.6809555409975532E-2,-0.69037585150632275,2.3522446501312144E-2,-0.64708874259765992]
[null,null,null,null,null,null,null,null,null,null,null,null,null,null,null,995,109.45,-9.1327449342211935,-9.1327449342211935,2.6142027881522277E-2,1.3411130378972835,5.0333021090493028E-2,1.3169220446883134,5.602681027403851E-2,1.3112282555047674,-9.1327449342211935,1.3033096286144725E-2,-0.64577803050733884,5.5730640201983282E-2,-0.68847557442317608,1.9621759112010046E-2,-0.65236669333320307]
[null,null,null,null,null,null,null,null,null,null,null,null,null,null,null,996,109.56,-9.1419235723460393,-9.1419235723460393,2.093464102110246E-2,1.3371417866328574,4.0306885633070194E-2,1.3177695420208906,4.4866494900858173E-2,1.3132099327531019,-9.1419235723460393,1.0436955900301624E-2,-0.65236052824634072,4.4629320716522897E-2,-0.68655289306256151,1.5713183578341311E-2,-0.65763675592438098]
[null,null,null,null,null,null,null,null,null,null,null,null,null,null,null,997,109.67,-9.151102210470885,-9.151102210470885,1.5716744802740327E-2,1.3331810447263752,3.0260515795309476E-2,1.3186372737338061,3.3683656186864155E-2,1.3152141333422502,-9.151102210470885,7.835576078765602E-3,-0.65893778654965018,3.3505596953594369E-2,-0.68460780742447902,1.1796719900305938E-2,-0.66289893037119008]
[null,null,null,null,null,null,null,null,null,null,null,null,null,null,null,998,109.78,-9.160280848595729,-9.160280848595729,1.0488339226435871E-2,1.3292308121778351,2.0193911577210871E-2,1.31952523982706,2.2478294132056452E-2,1.3172408572722141,-9.160280848595729,5.2289568215366572E-3,-0.66550980541726545,2.2359468913197712E-2,-0.68264031750892684,7.8723680779039292E-3,-0.66815321667363214]
[null,null,null,null,null,null,null,null,null,null,null,null,null,null,null,999,109.89,-9.1694594867205748,-9.1694594867205748,5.2494242921890958E-3,1.3252910889872354,1.0107072978774379E-2,1.3204334403006506,1.1250408736435069E-2,1.3192901045429899,-9.1694594867205748,2.6170981286147898E-3,-0.67207658484919008,1.1190936595332924E-2,-0.68065042331590853,3.9401281111352835E-3,-0.67339961483171074]
[null,null,null,null,null,null,null,null,null,null,null,null,null,null,null,1000,110,-9.1786381248454205,-9.1786381248454205,0,1.3213618751545795,0,1.3213618751545795,0,1.3213618751545795,-9.1786381248454205,0,-0.67863812484542052,0,-0.67863812484542052,0,-0.67863812484542052]

{"sheet":"Parametry-vodiče,lana,KZL,SDOK","index":4,"n_rows":40,"n_cols":17,"rows_kept":40,"cut":false,"hidden":false,"merged":[[0,0,0,7],[0,9,0,16]]}
["Fázové vodiče",null,null,null,null,null,null,null,null,"Zemníci lana, SDOK, KZL"]
["Typ lana","d           [mm]","S         [mm2]","m     [kg.km-1]","F            [N]","E           [Mpa]","α                  [K-1*10-5]","γ                [N.m-1.mm-2]",null,"Typ lana","d           [mm]","S         [mm2]","m     [kg.km-1]","F            [kN]","E           [Mpa]","α                  [K-1*10-5]","γ                [N.m-1.mm-2]"]
["-",0,0,0,0,0,0,0,null,"-",0,0,0,0,0,0,0]
["35 mm2 AlFe 3",9.41,47.29,195.2,18940,101989,1.76,{"$f":"((D4/1000)*9.80665)/C4","v":4.0479130471558468E-2},null,"35 mm2 Fe 540",7.5,34.36,268.70999999999998,18.899999999999999,180000,1.1000000000000001,{"$f":"((M4/1000)*9.80665)/L4","v":7.6692227051804424E-2}]
["35 mm2 AlFe 6",8.4,43.1,151.13,12360,88260,1.9750000000000001,3.4386984095127603E-2,null,"50 mm2 Fe 540",9,49.48,386.91,27,180000,1.1000000000000001,7.6683325616410683E-2]
["42/7 ZSNP",9,49.48,171.59,15087,80004,1.8173999999999999,3.4008146190379951E-2,null,"70 mm2 Fe 980",11.2,74.87,582.49,69.7,175000,1.1000000000000001,7.6295920375317211E-2]
["42-AL1/7ST1A",9,49.48,171.2,15270,79000,1.86,3.3930850444624086E-2,null,"95 mm2 Fe 980",12.5,93.27,766.37,85,192910,1.1000000000000001,8.0578131880561801E-2]
["50 mm2 AlFe 3",11.13,66.19,272.5,26070,101989,1.76,4.0373351337059979E-2,null,"SDOK 1 -STD7D135/48657N",13.5,146,140,25.6,12380,1,9.4036369863013704E-3]
["50 mm2 AlFe 4",11.2,74.400000000000006,282.60000000000002,25860,95712,1.85,3.7249452822580638E-2,null,"SDOK 2 -STD7D145/48657N",14.5,157,154,33.6,12380,0.5,9.6192617834394891E-3]
["50 mm2 AlFe 6",9.4499999999999993,54.55,191.27,15640,88260,1.9750000000000001,3.4385296892758939E-2,null,"SDOK 3 -STD7D155/48657N",15.5,178,175,41.6,17790,0.6,9.6413693820224713E-3]
["60/14 ZSNP",12,75.14,283.18,25976,80032,1.7946,3.6958306454618041E-2,null,"KZL 2S 2/24 (M93/R62-64)",13.2,93.15,446,62.1,104600,1.67,4.6954008588298436E-2]
["66-AL1/11-ST1A",12,77.040000000000006,266.2,23210,73900,1.89,3.3885387201453787E-2]
["70/11 ZSNP",12,82.46,285.63,23288,73080,1.9136,3.396887508488964E-2,null,"d – průměr vodiče"]
["70/11-1 ZSNP",11.7,77.05,269.75,21268,76789,1.9064000000000001,3.4332820733290068E-2,null,"S – průřez vodiče"]
["70 mm2 AlFe 3",13.23,94.12,386.6,36820,101989,1.76,4.0281033680407988E-2,null,"M – hmotnost vodiče"]
["70 mm2 AlFe 4",12.6,94.15,357.3,37320,95712,1.85,3.7216314869888474E-2,null,"F – jmenovitá pevnost"]
["70-1 mm2 AlFe 6",11.25,77.31,270.89999999999998,21570,88260,1.9750000000000001,3.4363232246798596E-2,null,"E – modul pružnosti"]
["70-2 mm2 AlFe 6",11.4,76.92,272.8,23040,88260,1.9750000000000001,3.4779694747789906E-2,null,"α – součinitel délkové roztažnosti"]
["95 mm2 AlFe 3",14.58,130.02000000000001,526.79999999999995,48420,101989,1.76,3.9733450392247342E-2,null,"γ – měrná tíha"]
["95 mm2 AlFe 4",14,116.24,442.9,39560,95712,1.85,3.7365496257742596E-2]
["95-1 mm2 AlFe 6",13.5,111.27,390.2,30200,88260,1.9750000000000001,3.4389816033072701E-2]
["95-2 mm2 AlFe 6",13.58,107.67,384.62,32200.000000000004,88260,1.9750000000000001,3.5031426794836069E-2]
["100/25 ZSNP",14.6,124.7,478.45,43542,81373,1.774,3.7626236507618281E-2]
["100-AL1/25-ST1A",14.6,124.7,469.6,46910,81800,1.77,3.6930255332798714E-2]
["110/22 ZSNP",14.96,132.33000000000001,484.9,42017,77440,1.8365,3.593474333106627E-2]
["110-AL1/22-ST1A",14.96,132.33000000000001,476.9,45590,77400,1.83,3.5341883057507739E-2]
["120 mm2 AlFe 3",16.88,170.18,704.3,68710,101989,1.76,4.0585401310377238E-2]
["120 mm2 AlFe 4",15.68,145.82,554.70000000000005,49620,95712,1.85,3.7304545021259086E-2]
["120 mm2 AlFe 6",16,149.62,535.9,44660,88260,1.9750000000000001,3.512487458227509E-2]
["143-AL1/25-ST1A",16.96,168.11,589.29999999999995,53290,74200,1.87,3.4376651270001772E-2]
["150 mm2 AlFe 3",17.96,191.4,796.8,78260,101989,1.76,4.0825176175548587E-2]
["150 mm2 AlFe 4",17.5,181.63,690.3,61810,95712,1.85,3.7270993200462475E-2]
["150 mm2 AlFe 6",16.96,168.1,601.5,48893,88260,1.9750000000000001,3.5090422218917318E-2]
["150/25 ZSNP",16.96,168.11,597.79999999999995,48890,75079,1.8771,3.4872496401165902E-2]
["184-AL1/30-ST1A",19,213.6,747,62570,74200,1.89,3.429572823033708E-2]
["185 mm2 AlFe 3",20.39,235.6,974.6,94360,101989,1.76,4.0566897665534805E-2]
["185 mm2 AlFe 4",19.600000000000001,227.83,864.7,75870,95712,1.85,3.7219901922486066E-2]
["185 mm2 AlFe 6",19.079999999999998,214.41,761.6,61460,88260,1.9750000000000001,3.4833937969311134E-2]
["180/59 ZSNP",20.39,235.61,971.26,94360,89478,1.6846000000000001,4.042615711981664E-2]
["185/31 ZSNP",19.079999999999998,214.4,756.78,61463,74567,1.8863000000000001,3.4615096021455224E-2]

{"sheet":"Data-námraza,vítr,součinitelé","index":5,"n_rows":25,"n_cols":37,"rows_kept":25,"cut":false,"hidden":false,"merged":[[0,6,0,11],[17,6,17,11],[1,6,1,11],[1,12,1,17],[9,12,9,17],[9,6,9,11],[17,12,17,17],[0,12,0,17],[2,14,2,17],[4,12,8,12],[10,14,10,17],[12,12,16,12],[10,8,10,11],[6,19,6,21],[13,19,13,21],[20,12,24,12],[20,6,24,6],[18,8,18,11],[17,19,17,21],[18,14,18,17],[0,30,0,36],[1,30,4,30],[0,0,1,0],[0,1,0,4],[10,23,12,23],[4,23,6,23],[0,23,0,28],[7,23,7,28],[1,23,1,28],[2,25,2,28],[8,25,8,28],[4,6,8,6],[12,6,16,6],[1,1,1,2],[1,3,1,4],[2,8,2,11]]}
["Námrazové oblasti","Referenční zatížení námrazou IR50 [N/m]",null,null,null,null,"Do 24m výšky",null,null,null,null,null,"Od 24 do 40m výšky",null,null,null,null,null,null,"Kategorie terénu","z0 [-]","kr [-]",null,"Hodnoty součinitele rozpětí Gc",null,null,null,null,null,null,"Dílčí součinitelé zatížení a minimální teploty"]
[null,"d ≤ 30 mm",null,"d > 30 mm",null,null,"rychlost větru Vh [m/s]",null,null,null,null,null,"rychlost větru Vh [m/s]",null,null,null,null,null,null,"I.",0.01,{"$f":"0.189*(U2/0.05)^0.07","v":0.16886276796700878},null,"referenční výška 10m ",null,null,null,null,null,null,"úroveň spolehlivosti",null,"γW [-]","ΨW [-]","γI [-]","ΨI [-]","tmin [°C]"]
["Bez námrazy",0,0,0,0,null,null,null,"kategorie terénu",null,null,null,null,null,"kategorie terénu",null,null,null,null,"II.",0.05,{"$f":"0.189*(U3/0.05)^0.07","v":0.189},null,null,null,"kategorie terénu",null,null,null,null,null," Úroveň spolehlivosti 1",1,0.25,1,0.35,-30]
["I0",1.0640000000000001,0.128,3.9630000000000001,3.1399999999999997E-2,null,null,null,"I.","II.","III.","IV.",null,null,"I.","II.","III.","IV.",null,"III.",0.3,{"$f":"0.189*(U4/0.05)^0.07","v":0.21425570350255288},null,null,null,"I.","II.","III.","IV.",null,null," Úroveň spolehlivosti 2",1.2,0.25,1.25,0.35,-35]
["I1",3.1739999999999999,0.22120000000000001,8.5150000000000006,4.3200000000000002E-2,null,"Větrné oblasti","I.",{"$f":"J5*$U$8*$U$9*$V$2*LN($U$15/$U$2)","v":26.245410229071915},22.5,{"$f":"J5*$U$8*$U$9*$V$4*LN($U$15/$U$4)","v":16.90425065616132},{"$f":"J5*$U$8*$U$9*$V$5*LN($U$15/$U$5)","v":12.076250432752824},"Větrné oblasti","I.",{"$f":"J5*$U$8*$U$9*$V$2*LN($U$16/$U$2)","v":30.419491248780929},{"$f":"J5*$U$8*$U$9*$V$3*LN($U$16/$U$3)","v":27.202943358806664},{"$f":"J5*$U$8*$U$9*$V$4*LN($U$16/$U$4)","v":22.200389503826869},{"$f":"J5*$U$8*$U$9*$V$5*LN($U$16/$U$5)","v":17.838086191536718},null,"IV.",1,{"$f":"0.189*(U5/0.05)^0.07","v":0.233095507778947},null,"Lm [m]",100,0.75,0.7,0.62,0.54,null,null," Úroveň spolehlivosti 3",1.4,0.25,1.5,0.35,-40]
["I2",8.6609999999999996,0.36530000000000001,17.53,7.0000000000000007E-2,null,null,"II.",{"$f":"J6*$U$8*$U$9*$V$2*LN($U$15/$U$2)","v":29.16156692119101},25,{"$f":"J6*$U$8*$U$9*$V$4*LN($U$15/$U$4)","v":18.782500729068133},{"$f":"J6*$U$8*$U$9*$V$5*LN($U$15/$U$5)","v":13.418056036392025},null,"II.",{"$f":"J6*$U$8*$U$9*$V$2*LN($U$16/$U$2)","v":33.799434720867694},{"$f":"J6*$U$8*$U$9*$V$3*LN($U$16/$U$3)","v":30.22549262089629},{"$f":"J6*$U$8*$U$9*$V$4*LN($U$16/$U$4)","v":24.667099448696522},{"$f":"J6*$U$8*$U$9*$V$5*LN($U$16/$U$5)","v":19.820095768374127},null,null,null,null,null,null,200,0.69,0.63,0.55000000000000004,0.47]
["I3",15,0.48099999999999998,25.46,0.13200000000000001,null,null,"III.",{"$f":"J7*$U$8*$U$9*$V$2*LN($U$15/$U$2)","v":32.077723613310113},27.5,{"$f":"J7*$U$8*$U$9*$V$4*LN($U$15/$U$4)","v":20.660750801974945},{"$f":"J7*$U$8*$U$9*$V$5*LN($U$15/$U$5)","v":14.759861640031227},null,"III.",{"$f":"J7*$U$8*$U$9*$V$2*LN($U$16/$U$2)","v":37.179378192954466},{"$f":"J7*$U$8*$U$9*$V$3*LN($U$16/$U$3)","v":33.248041882985916},{"$f":"J7*$U$8*$U$9*$V$4*LN($U$16/$U$4)","v":27.133809393566175},{"$f":"J7*$U$8*$U$9*$V$5*LN($U$16/$U$5)","v":21.80210534521154},null,"Součinitelé",null,null,null,null,300,0.66,0.6,0.51,0.43]
["I5",29,0.66800000000000004,43.84,0.17399999999999999,null,null,"IV.",{"$f":"J8*$U$8*$U$9*$V$2*LN($U$15/$U$2)","v":34.993880305429215},30,{"$f":"J8*$U$8*$U$9*$V$4*LN($U$15/$U$4)","v":22.539000874881758},{"$f":"J8*$U$8*$U$9*$V$5*LN($U$15/$U$5)","v":16.10166724367043},null,"IV.",{"$f":"J8*$U$8*$U$9*$V$2*LN($U$16/$U$2)","v":40.559321665041232},{"$f":"J8*$U$8*$U$9*$V$3*LN($U$16/$U$3)","v":36.270591145075549},{"$f":"J8*$U$8*$U$9*$V$4*LN($U$16/$U$4)","v":29.600519338435827},{"$f":"J8*$U$8*$U$9*$V$5*LN($U$16/$U$5)","v":23.784114922048953},null,"Cdir",1,"[-]",null,"referenční výška 30m "]
["I8",51.7,0.89300000000000002,73.89,0.153,null,null,"V.",{"$f":"J9*$U$8*$U$9*$V$2*LN($U$15/$U$2)","v":41.992656366515057},36,{"$f":"J9*$U$8*$U$9*$V$4*LN($U$15/$U$4)","v":27.046801049858111},{"$f":"J9*$U$8*$U$9*$V$5*LN($U$15/$U$5)","v":19.322000692404515},null,"V.",{"$f":"J9*$U$8*$U$9*$V$2*LN($U$16/$U$2)","v":48.671185998049481},{"$f":"J9*$U$8*$U$9*$V$3*LN($U$16/$U$3)","v":43.524709374090662},{"$f":"J9*$U$8*$U$9*$V$4*LN($U$16/$U$4)","v":35.520623206122991},{"$f":"J9*$U$8*$U$9*$V$5*LN($U$16/$U$5)","v":28.540937906458744},null,"CO",1,"[-]",null,null,null,"kategorie terénu"]
["I12",83.66,1.135,107.8,0.33,null,"střední tlak větru qh [Pa]",null,null,null,null,null,"střední tlak větru qh [Pa]",null,null,null,null,null,null,"Cc",1,"[-]",null,null,null,"I.","II.","III.","IV."]
["I18",133.53,1.4350000000000001,176.58,null,null,null,null,"kategorie terénu",null,null,null,null,null,"kategorie terénu",null,null,null,null,"CIc",1.1000000000000001,"[-]",null,"Lm [m]",100,0.81,0.77,0.72,0.67]
[null,null,null,null,null,null,null,null,"I.","II.","III.","IV.",null,null,"I.","II.","III.","IV.",null,"BI",0.65600000000000003,"[-]",null,null,200,0.75,0.71,0.65,0.6]
[null,null,null,null,null,null,"Větrné oblasti","I.",{"$f":"0.5*$U$19*I5^2","v":430.51347380767038},316.40625,178.59605640395654,91.147390321601733,"Větrné oblasti","I.",{"$f":"0.5*$U$19*O5^2","v":578.34090489666221},462.50007961402724,308.03580882601642,198.87332436043309,null,null,null,null,null,null,300,0.72,0.68,0.61,0.56000000000000005]
[null,null,null,null,null,null,null,"II.",531.49811581193853,390.625,220.48895852340308,112.5276423723478,null,"II.",714.00111715637297,570.9877526099101,380.29112200742765,245.52262266720123,null,"Referenční výška"]
[null,null,null,null,null,null,null,"III.",643.1127201324457,472.65625,266.79163981331772,136.15844727054082,null,"III.",863.94135175921133,690.89518065799098,460.15225762898751,297.08237342731354,null,"hdo 24m",10,"[m]"]
[null,null,null,null,null,null,null,"IV.",765.35728676919166,562.5,317.50410027370043,162.03980501618082,null,"IV.",1028.1616087051768,822.22236375827049,547.61921569069591,353.55257664076981,null,"h24 až 40m",30,"[m]"]
[null,null,null,null,null,null,null,"V.",1102.1144929476359,810,457.20590439412859,233.33731922330034,null,"V.",1480.5527165354551,1184.0002038119096,788.57167059460198,509.11571036270851]
[null,null,null,null,null,null,"max. tlak větru qp [Pa]",null,null,null,null,null,"max. tlak větru qp [Pa]",null,null,null,null,null,null,"Hustoty"]
[null,null,null,null,null,null,null,null,"kategorie terénu",null,null,null,null,null,"kategorie terénu",null,null,null,null,"ρvzduch",1.25,"[kg.m-3]"]
[null,null,null,null,null,null,null,null,"I.","II.","III.","IV.",null,null,"I.","II.","III.","IV.",null,"ρnámraza",500,"[kg.m-3]"]
[null,null,null,null,null,null,"Větrné oblasti","I.",{"$f":"(1+7*(1/($U$9*LN($U$15/$U$2))))*I13","v":866.77593461357037},{"$f":"(1+7*(1/($U$9*LN($U$15/$U$3))))*J13","v":734.4340117916679},{"$f":"(1+7*(1/($U$9*LN($U$15/$U$4))))*K13","v":535.12015537382865},{"$f":"(1+7*(1/($U$9*LN($U$15/$U$5))))*L13","v":368.24105091747617},"Větrné oblasti","I.",{"$f":"(1+7*(1/($U$9*LN($U$15/$U$2))))*O13","v":1164.4048534262877},{"$f":"(1+7*(1/($U$9*LN($U$15/$U$3))))*P13","v":1073.543234133004},{"$f":"(1+7*(1/($U$9*LN($U$15/$U$4))))*Q13","v":922.9552611556386},{"$f":"(1+7*(1/($U$9*LN($U$15/$U$5))))*R13","v":803.46043593287447}]
[null,null,null,null,null,null,null,"II.",{"$f":"(1+7*(1/($U$9*LN($U$15/$U$2))))*I14","v":1070.0937464365063},{"$f":"(1+7*(1/($U$9*LN($U$15/$U$3))))*J14","v":906.70865653292333},{"$f":"(1+7*(1/($U$9*LN($U$15/$U$4))))*K14","v":660.64216712818336},{"$f":"(1+7*(1/($U$9*LN($U$15/$U$5))))*L14","v":454.61858137960013},null,"II.",{"$f":"(1+7*(1/($U$9*LN($U$15/$U$2))))*O14","v":1437.5368560818365},{"$f":"(1+7*(1/($U$9*LN($U$15/$U$3))))*P14","v":1325.362017448153},{"$f":"(1+7*(1/($U$9*LN($U$15/$U$4))))*Q14","v":1139.4509396983192},{"$f":"(1+7*(1/($U$9*LN($U$15/$U$5))))*R14","v":991.92646411465944}]
[null,null,null,null,null,null,null,"III.",{"$f":"(1+7*(1/($U$9*LN($U$15/$U$2))))*I15","v":1294.8134331881727},{"$f":"(1+7*(1/($U$9*LN($U$15/$U$3))))*J15","v":1097.1174744048371},{"$f":"(1+7*(1/($U$9*LN($U$15/$U$4))))*K15","v":799.37702222510177},{"$f":"(1+7*(1/($U$9*LN($U$15/$U$5))))*L15","v":550.08848346931609},null,"III.",{"$f":"(1+7*(1/($U$9*LN($U$15/$U$2))))*O15","v":1739.4195958590221},{"$f":"(1+7*(1/($U$9*LN($U$15/$U$3))))*P15","v":1603.6880411122645},{"$f":"(1+7*(1/($U$9*LN($U$15/$U$4))))*Q15","v":1378.7356370349664},{"$f":"(1+7*(1/($U$9*LN($U$15/$U$5))))*R15","v":1200.2310215787381}]
[null,null,null,null,null,null,null,"IV.",{"$f":"(1+7*(1/($U$9*LN($U$15/$U$2))))*I16","v":1540.9349948685692},{"$f":"(1+7*(1/($U$9*LN($U$15/$U$3))))*J16","v":1305.6604654074097},{"$f":"(1+7*(1/($U$9*LN($U$15/$U$4))))*K16","v":951.32472066458399},{"$f":"(1+7*(1/($U$9*LN($U$15/$U$5))))*L16","v":654.65075718662422},null,"IV.",{"$f":"(1+7*(1/($U$9*LN($U$15/$U$2))))*O16","v":2070.0530727578439},{"$f":"(1+7*(1/($U$9*LN($U$15/$U$3))))*P16","v":1908.5213051253402},{"$f":"(1+7*(1/($U$9*LN($U$15/$U$4))))*Q16","v":1640.80935316558},{"$f":"(1+7*(1/($U$9*LN($U$15/$U$5))))*R16","v":1428.3741083251098}]
[null,null,null,null,null,null,null,"V.",{"$f":"(1+7*(1/($U$9*LN($U$15/$U$2))))*I17","v":2218.9463926107396},{"$f":"(1+7*(1/($U$9*LN($U$15/$U$3))))*J17","v":1880.1510701866698},{"$f":"(1+7*(1/($U$9*LN($U$15/$U$4))))*K17","v":1369.9075977570008},{"$f":"(1+7*(1/($U$9*LN($U$15/$U$5))))*L17","v":942.69709034873858},null,"V.",{"$f":"(1+7*(1/($U$9*LN($U$15/$U$2))))*O17","v":2980.8764247712966},{"$f":"(1+7*(1/($U$9*LN($U$15/$U$3))))*P17","v":2748.27067938049},{"$f":"(1+7*(1/($U$9*LN($U$15/$U$4))))*Q17","v":2362.7654685584348},{"$f":"(1+7*(1/($U$9*LN($U$15/$U$5))))*R17","v":2056.8587159881581}]